INSERT INTO `tjurnal_umum` VALUES (959, 'JRM/2505/0054', '2025-05-31', 'KAS KECIL BANGKA', 1, 'KREDIT', 0, 1094000, 'LEMBURAN SIPIL 26 - 28 MEI ', NULL, NULL, 1, '2026-05-23 08:03:48', '2026-05-23 08:03:48', NULL);
INSERT INTO `tjurnal_umum` VALUES (960, 'JRM/2505/0054', '2025-05-31', 'BEBAN BENSIN', 37, 'DEBIT', 36000, 0, 'BENSIN UNTUK ROBIN', NULL, NULL, 1, '2026-05-23 08:03:48', '2026-05-23 08:03:48', NULL);
INSERT INTO `tjurnal_umum` VALUES (961, 'JRM/2505/0054', '2025-05-31', 'KAS KECIL BANGKA', 1, 'KREDIT', 0, 36000, 'BENSIN UNTUK ROBIN', NULL, NULL, 1, '2026-05-23 08:03:48', '2026-05-23 08:03:48', NULL);
INSERT INTO `tjurnal_umum` VALUES (962, 'JRM/2505/0054', '2025-05-31', 'BEBAN PERLENGKAPAN', 23, 'DEBIT', 167000, 0, 'SIKU 5\" 2 PCS', NULL, NULL, 1, '2026-05-23 08:03:48', '2026-05-23 08:03:48', NULL);
INSERT INTO `tjurnal_umum` VALUES (963, 'JRM/2505/0054', '2025-05-31', 'KAS KECIL BANGKA', 1, 'KREDIT', 0, 167000, 'SIKU 5\" 2 PCS', NULL, NULL, 1, '2026-05-23 08:03:48', '2026-05-23 08:03:48', NULL);
INSERT INTO `tjurnal_umum` VALUES (964, 'JRM/2505/0054', '2025-05-31', 'BEBAN BELANJA DAPUR', 45, 'DEBIT', 270000, 0, 'UANG MAKAN JUNI 2025', NULL, NULL, 1, '2026-05-23 08:03:48', '2026-05-23 08:03:48', NULL);
INSERT INTO `tjurnal_umum` VALUES (965, 'JRM/2506/0046', '2025-06-29', 'KAS KECIL BANGKA', 1, 'KREDIT', 0, 200000, 'BUAT MAKANAN', NULL, NULL, 1, '2026-05-23 08:03:48', '2026-05-23 08:03:48', NULL);
INSERT INTO `tjurnal_umum` VALUES (966, 'JRM/2506/0046', '2025-06-29', 'BEBAN BELANJA DAPUR', 45, 'DEBIT', 85000, 0, 'AYAM, B MERAH', NULL, NULL, 1, '2026-05-23 08:03:48', '2026-05-23 08:03:48', NULL);
INSERT INTO `tjurnal_umum` VALUES (967, 'JRM/2506/0046', '2025-06-29', 'KAS KECIL BANGKA', 1, 'KREDIT', 0, 85000, 'AYAM, B MERAH', NULL, NULL, 1, '2026-05-23 08:03:48', '2026-05-23 08:03:48', NULL);
INSERT INTO `tjurnal_umum` VALUES (968, 'JRM/2506/0046', '2025-06-29', 'BEBAN GAJI UMUM', 49, 'DEBIT', 3000000, 0, 'KHOLIK HDPE KAS', NULL, NULL, 1, '2026-05-23 08:03:48', '2026-05-23 08:03:48', NULL);
INSERT INTO `tjurnal_umum` VALUES (969, 'JRM/2506/0046', '2025-06-29', 'KAS KECIL BANGKA', 1, 'KREDIT', 0, 3000000, 'KHOLIK HDPE KAS', NULL, NULL, 1, '2026-05-23 08:03:48', '2026-05-23 08:03:48', NULL);
INSERT INTO `tjurnal_umum` VALUES (970, 'JRM/2506/0046', '2025-06-29', 'BEBAN BELANJA DAPUR', 45, 'DEBIT', 110000, 0, 'ROKOK HELIUM, ES BATU', NULL, NULL, 1, '2026-05-23 08:03:48', '2026-05-23 08:03:48', NULL);
INSERT INTO `tjurnal_umum` VALUES (971, 'JRM/2506/0046', '2025-06-29', 'KAS KECIL BANGKA', 1, 'KREDIT', 0, 110000, 'ROKOK HELIUM, ES BATU', NULL, NULL, 1, '2026-05-23 08:03:48', '2026-05-23 08:03:48', NULL);
INSERT INTO `tjurnal_umum` VALUES (972, 'JRM/2506/0046', '2025-06-29', 'BEBAN BELANJA DAPUR', 45, 'DEBIT', 38000, 0, 'PLASTIK', NULL, NULL, 1, '2026-05-23 08:03:48', '2026-05-23 08:03:48', NULL);
INSERT INTO `tjurnal_umum` VALUES (973, 'JRM/2506/0046', '2025-06-29', 'KAS KECIL BANGKA', 1, 'KREDIT', 0, 38000, 'PLASTIK', NULL, NULL, 1, '2026-05-23 08:03:48', '2026-05-23 08:03:48', NULL);
INSERT INTO `tjurnal_umum` VALUES (974, 'JRM/2506/0047', '2025-06-30', 'BEBAN BELANJA DAPUR', 45, 'DEBIT', 1630000, 0, 'UANG MAKAN JUNI 2025', NULL, NULL, 1, '2026-05-23 08:03:48', '2026-05-23 08:03:48', NULL);
INSERT INTO `tjurnal_umum` VALUES (975, 'JRM/2506/0047', '2025-06-30', 'KAS KECIL BANGKA', 1, 'KREDIT', 0, 1630000, 'UANG MAKAN JUNI 2025', NULL, NULL, 1, '2026-05-23 08:03:48', '2026-05-23 08:03:48', NULL);
INSERT INTO `tjurnal_umum` VALUES (976, 'JRM/2506/0047', '2025-06-30', 'BEBAN BELANJA DAPUR', 45, 'DEBIT', 36000, 0, 'GULA', NULL, NULL, 1, '2026-05-23 08:03:48', '2026-05-23 08:03:48', NULL);
INSERT INTO `tjurnal_umum` VALUES (977, 'JRM/2506/0047', '2025-06-30', 'KAS KECIL BANGKA', 1, 'KREDIT', 0, 36000, 'GULA', NULL, NULL, 1, '2026-05-23 08:03:48', '2026-05-23 08:03:48', NULL);
INSERT INTO `tjurnal_umum` VALUES (978, 'JRM/2506/0047', '2025-06-30', 'BEBAN BELANJA DAPUR', 45, 'DEBIT', 30000, 0, 'KECAP MANIS, TELUR', NULL, NULL, 1, '2026-05-23 08:03:48', '2026-05-23 08:03:48', NULL);
INSERT INTO `tjurnal_umum` VALUES (979, 'JRM/2506/0047', '2025-06-30', 'KAS KECIL BANGKA', 1, 'KREDIT', 0, 30000, 'KECAP MANIS, TELUR', NULL, NULL, 1, '2026-05-23 08:03:48', '2026-05-23 08:03:48', NULL);
INSERT INTO `tjurnal_umum` VALUES (980, 'JRM/2506/0047', '2025-06-30', 'KAS KECIL BANGKA', 1, 'DEBIT', 57084000, 0, 'KAS MASUK', NULL, NULL, 1, '2026-05-23 08:03:48', '2026-05-23 08:03:48', NULL);
INSERT INTO `tjurnal_umum` VALUES (981, 'JRM/2506/0047', '2025-06-30', 'BANK BCA', 3, 'KREDIT', 0, 57084000, 'KAS MASUK', NULL, NULL, 1, '2026-05-23 08:03:48', '2026-05-23 08:03:48', NULL);
INSERT INTO `tjurnal_umum` VALUES (982, 'JRM/2506/0047', '2025-06-30', 'BEBAN GAJI BUDIDAYA', 19, 'DEBIT', 57084000, 0, 'GAJI JUNI 2025', NULL, NULL, 1, '2026-05-23 08:03:48', '2026-05-23 08:03:48', NULL);
INSERT INTO `tjurnal_umum` VALUES (983, 'JRM/2506/0047', '2025-06-30', 'KAS KECIL BANGKA', 1, 'KREDIT', 0, 57084000, 'GAJI JUNI 2025', NULL, NULL, 1, '2026-05-23 08:03:48', '2026-05-23 08:03:48', NULL);
INSERT INTO `tjurnal_umum` VALUES (984, 'JRM/2506/0047', '2025-06-30', 'KAS KECIL BANGKA', 1, 'DEBIT', 10000000, 0, 'KAS MASUK', NULL, NULL, 1, '2026-05-23 08:03:48', '2026-05-23 08:03:48', NULL);
INSERT INTO `tjurnal_umum` VALUES (985, 'JRM/2506/0047', '2025-06-30', 'BANK BCA', 3, 'KREDIT', 0, 10000000, 'KAS MASUK', NULL, NULL, 1, '2026-05-23 08:03:48', '2026-05-23 08:03:48', NULL);
INSERT INTO `tjurnal_umum` VALUES (986, 'JRM/2506/0047', '2025-06-30', 'KAS KECIL BANGKA', 1, 'KREDIT', 0, 300000, 'ONGKOS KIRIM HDPE 3 ORANG', NULL, NULL, 1, '2026-05-23 08:03:48', '2026-05-23 08:03:48', NULL);
INSERT INTO `tjurnal_umum` VALUES (987, 'JRM/2506/0047', '2025-06-30', 'BEBAN ONGKOS KIRIM', 34, 'DEBIT', 300000, 0, 'ONGKOS KIRIM HDPE 3 ORANG', NULL, NULL, 1, '2026-05-23 08:03:48', '2026-05-23 08:03:48', NULL);
INSERT INTO `tjurnal_umum` VALUES (988, 'JRM/2506/0040', '2025-06-25', 'BEBAN BELANJA DAPUR', 45, 'DEBIT', 150000, 0, 'KOPI 1 BALL', NULL, NULL, 1, '2026-05-23 08:03:48', '2026-05-23 08:03:48', NULL);
INSERT INTO `tjurnal_umum` VALUES (989, 'JRM/2506/0040', '2025-06-25', 'KAS KECIL BANGKA', 1, 'KREDIT', 0, 150000, 'KOPI 1 BALL', NULL, NULL, 1, '2026-05-23 08:03:48', '2026-05-23 08:03:48', NULL);
INSERT INTO `tjurnal_umum` VALUES (990, 'JRM/2507/0003', '2025-07-02', 'BEBAN BELANJA DAPUR', 45, 'DEBIT', 82000, 0, 'KECAP, SUSU, EXTRAJOSS', NULL, NULL, 1, '2026-05-23 08:03:48', '2026-05-23 08:03:48', NULL);
INSERT INTO `tjurnal_umum` VALUES (991, 'JRM/2507/0003', '2025-07-02', 'BEBAN PERLENGKAPAN', 23, 'DEBIT', 85000, 0, 'RILLEY 3 BUAH', NULL, NULL, 1, '2026-05-23 08:03:48', '2026-05-23 08:03:48', NULL);
INSERT INTO `tjurnal_umum` VALUES (992, 'JRM/2507/0003', '2025-07-02', 'BEBAN BELANJA DAPUR', 45, 'DEBIT', 150000, 0, 'KOPI 1 BALL', NULL, NULL, 1, '2026-05-23 08:03:48', '2026-05-23 08:03:48', NULL);
INSERT INTO `tjurnal_umum` VALUES (993, 'JRM/2507/0003', '2025-07-02', 'BEBAN BELANJA DAPUR', 45, 'DEBIT', 247000, 0, 'ROKOK SURYA 1 PRESS', NULL, NULL, 1, '2026-05-23 08:03:48', '2026-05-23 08:03:48', NULL);
INSERT INTO `tjurnal_umum` VALUES (994, 'JRM/2507/0003', '2025-07-02', 'BEBAN BELANJA DAPUR', 45, 'DEBIT', 540000, 0, 'GALON ISI ULANG JUNI 2025', NULL, NULL, 1, '2026-05-23 08:03:48', '2026-05-23 08:03:48', NULL);
INSERT INTO `tjurnal_umum` VALUES (995, 'JRM/2507/0003', '2025-07-02', 'KAS KECIL BANGKA', 1, 'KREDIT', 0, 82000, 'KECAP, SUSU, EXTRAJOSS', NULL, NULL, 1, '2026-05-23 08:03:48', '2026-05-23 08:03:48', NULL);
INSERT INTO `tjurnal_umum` VALUES (996, 'JRM/2507/0002', '2025-07-01', 'BEBAN BELANJA DAPUR', 45, 'DEBIT', 11000, 0, 'PLASTIK TOMAT', NULL, NULL, 1, '2026-05-23 08:03:48', '2026-05-23 08:03:48', NULL);
INSERT INTO `tjurnal_umum` VALUES (997, 'JRM/2507/0002', '2025-07-01', 'BEBAN BELANJA DAPUR', 45, 'DEBIT', 200000, 0, 'BUAT MAKANAN', NULL, NULL, 1, '2026-05-23 08:03:48', '2026-05-23 08:03:48', NULL);
INSERT INTO `tjurnal_umum` VALUES (998, 'JRM/2507/0002', '2025-07-01', 'BEBAN BELANJA DAPUR', 45, 'DEBIT', 238000, 0, 'GULA, KOPI, KUE, ROKOK', NULL, NULL, 1, '2026-05-23 08:03:48', '2026-05-23 08:03:48', NULL);
INSERT INTO `tjurnal_umum` VALUES (999, 'JRM/2507/0002', '2025-07-01', 'BEBAN BELANJA DAPUR', 45, 'DEBIT', 257000, 0, 'BELANJA DI PASAR', NULL, NULL, 1, '2026-05-23 08:03:48', '2026-05-23 08:03:48', NULL);
INSERT INTO `tjurnal_umum` VALUES (1000, 'JRM/2507/0002', '2025-07-01', 'KAS KECIL BANGKA', 1, 'KREDIT', 0, 11000, 'PLASTIK TOMAT', NULL, NULL, 1, '2026-05-23 08:03:48', '2026-05-23 08:03:48', NULL);
INSERT INTO `tjurnal_umum` VALUES (1001, 'JRM/2507/0002', '2025-07-01', 'KAS KECIL BANGKA', 1, 'KREDIT', 0, 200000, 'BUAT MAKANAN', NULL, NULL, 1, '2026-05-23 08:03:48', '2026-05-23 08:03:48', NULL);
INSERT INTO `tjurnal_umum` VALUES (1002, 'JRM/2507/0002', '2025-07-01', 'KAS KECIL BANGKA', 1, 'KREDIT', 0, 238000, 'GULA, KOPI, KUE, ROKOK', NULL, NULL, 1, '2026-05-23 08:03:48', '2026-05-23 08:03:48', NULL);
INSERT INTO `tjurnal_umum` VALUES (1003, 'JRM/2507/0002', '2025-07-01', 'KAS KECIL BANGKA', 1, 'KREDIT', 0, 257000, 'BELANJA DI PASAR', NULL, NULL, 1, '2026-05-23 08:03:48', '2026-05-23 08:03:48', NULL);
INSERT INTO `tjurnal_umum` VALUES (1004, 'JRM/2507/0004', '2025-07-01', 'BEBAN PERLENGKAPAN', 23, 'DEBIT', 1080000, 0, 'BELANJA DI TOKO ASUI', NULL, NULL, 1, '2026-05-23 08:03:48', '2026-05-23 08:03:48', NULL);
INSERT INTO `tjurnal_umum` VALUES (1005, 'JRM/2507/0004', '2025-07-01', 'HUTANG TOKO ASUI', 14, 'KREDIT', 0, 1080000, 'BELANJA DI TOKO ASUI', NULL, NULL, 1, '2026-05-23 08:03:48', '2026-05-23 08:03:48', NULL);
INSERT INTO `tjurnal_umum` VALUES (1006, 'JRM/2507/0005', '2025-07-01', 'BEBAN PERLENGKAPAN', 23, 'DEBIT', 5120000, 0, 'BELANJA DI TOKO ASUI', NULL, NULL, 1, '2026-05-23 08:03:48', '2026-05-23 08:03:48', NULL);
INSERT INTO `tjurnal_umum` VALUES (1007, 'JRM/2507/0005', '2025-07-01', 'HUTANG TOKO ASUI', 14, 'KREDIT', 0, 5120000, 'BELANJA DI TOKO ASUI', NULL, NULL, 1, '2026-05-23 08:03:48', '2026-05-23 08:03:48', NULL);
INSERT INTO `tjurnal_umum` VALUES (1008, 'JRM/2505/0053', '2025-05-30', 'KAS KECIL BANGKA', 1, 'KREDIT', 0, 42000, 'GULA, KARET', NULL, NULL, 1, '2026-05-23 08:03:48', '2026-05-23 08:03:48', NULL);
INSERT INTO `tjurnal_umum` VALUES (1009, 'JRM/2506/0004', '2025-06-04', 'KAS KECIL BANGKA', 1, 'KREDIT', 0, 200000, 'KOPI, GULA, LILIN', NULL, NULL, 1, '2026-05-23 08:03:48', '2026-05-23 08:03:48', NULL);
INSERT INTO `tjurnal_umum` VALUES (1010, 'JRM/2506/0004', '2025-06-04', 'KAS KECIL BANGKA', 1, 'KREDIT', 0, 220000, 'KACANG HIJAU DAN SAYUR', NULL, NULL, 1, '2026-05-23 08:03:48', '2026-05-23 08:03:48', NULL);
INSERT INTO `tjurnal_umum` VALUES (1011, 'JRM/2506/0004', '2025-06-04', 'KAS KECIL BANGKA', 1, 'KREDIT', 0, 664000, 'GALON ISI ULANG MEI 2025', NULL, NULL, 1, '2026-05-23 08:03:48', '2026-05-23 08:03:48', NULL);
INSERT INTO `tjurnal_umum` VALUES (1012, 'JRM/2506/0006', '2025-06-07', 'BEBAN GAJI UMUM', 49, 'DEBIT', 3600000, 0, 'GAJI ORANG HDPE ', NULL, NULL, 1, '2026-05-23 08:03:48', '2026-05-23 08:03:48', NULL);
INSERT INTO `tjurnal_umum` VALUES (1013, 'JRM/2506/0006', '2025-06-07', 'BEBAN GAJI UMUM', 49, 'DEBIT', 4170000, 0, 'GAJI SIPIL 1 - 7 JUNI 2025', NULL, NULL, 1, '2026-05-23 08:03:48', '2026-05-23 08:03:48', NULL);
INSERT INTO `tjurnal_umum` VALUES (1014, 'JRM/2506/0006', '2025-06-07', 'KAS KECIL BANGKA', 1, 'DEBIT', 10000000, 0, 'KAS MASUK', NULL, NULL, 1, '2026-05-23 08:03:48', '2026-05-23 08:03:48', NULL);
INSERT INTO `tjurnal_umum` VALUES (1015, 'JRM/2506/0006', '2025-06-07', 'KAS KECIL BANGKA', 1, 'KREDIT', 0, 80000, 'BEROBAT HABIB', NULL, NULL, 1, '2026-05-23 08:03:48', '2026-05-23 08:03:48', NULL);
INSERT INTO `tjurnal_umum` VALUES (1016, 'JRM/2506/0006', '2025-06-07', 'KAS KECIL BANGKA', 1, 'KREDIT', 0, 90000, 'BEROBAT TOTO', NULL, NULL, 1, '2026-05-23 08:03:48', '2026-05-23 08:03:48', NULL);
INSERT INTO `tjurnal_umum` VALUES (1017, 'JRM/2506/0006', '2025-06-07', 'KAS KECIL BANGKA', 1, 'KREDIT', 0, 3600000, 'GAJI ORANG HDPE ', NULL, NULL, 1, '2026-05-23 08:03:48', '2026-05-23 08:03:48', NULL);
INSERT INTO `tjurnal_umum` VALUES (1018, 'JRM/2506/0006', '2025-06-07', 'KAS KECIL BANGKA', 1, 'KREDIT', 0, 4170000, 'GAJI SIPIL 1 - 7 JUNI 2025', NULL, NULL, 1, '2026-05-23 08:03:48', '2026-05-23 08:03:48', NULL);
INSERT INTO `tjurnal_umum` VALUES (1019, 'JRM/2506/0006', '2025-06-07', 'BANK BCA', 3, 'KREDIT', 0, 10000000, 'KAS MASUK', NULL, NULL, 1, '2026-05-23 08:03:48', '2026-05-23 08:03:48', NULL);
INSERT INTO `tjurnal_umum` VALUES (1020, 'JRM/2506/0007', '2025-06-08', 'BEBAN PENGOBATAN KARYAWAN', 57, 'DEBIT', 38000, 0, 'COOLING 5', NULL, NULL, 1, '2026-05-23 08:03:48', '2026-05-23 08:03:48', NULL);
INSERT INTO `tjurnal_umum` VALUES (1021, 'JRM/2506/0007', '2025-06-08', 'BEBAN BELANJA DAPUR', 45, 'DEBIT', 128000, 0, 'GULA, TOLAK ANGIN', NULL, NULL, 1, '2026-05-23 08:03:48', '2026-05-23 08:03:48', NULL);
INSERT INTO `tjurnal_umum` VALUES (1022, 'JRM/2506/0007', '2025-06-08', 'KAS KECIL BANGKA', 1, 'KREDIT', 0, 38000, 'COOLING 5', NULL, NULL, 1, '2026-05-23 08:03:48', '2026-05-23 08:03:48', NULL);
INSERT INTO `tjurnal_umum` VALUES (1023, 'JRM/2506/0007', '2025-06-08', 'KAS KECIL BANGKA', 1, 'KREDIT', 0, 128000, 'GULA, TOLAK ANGIN', NULL, NULL, 1, '2026-05-23 08:03:48', '2026-05-23 08:03:48', NULL);
INSERT INTO `tjurnal_umum` VALUES (1024, 'JRM/2506/0008', '2025-06-09', 'BEBAN BELANJA DAPUR', 45, 'DEBIT', 12000, 0, 'SIKAT KAWAT', NULL, NULL, 1, '2026-05-23 08:03:48', '2026-05-23 08:03:48', NULL);
INSERT INTO `tjurnal_umum` VALUES (1025, 'JRM/2506/0008', '2025-06-09', 'BEBAN BELANJA DAPUR', 45, 'DEBIT', 33000, 0, 'KUE KERING', NULL, NULL, 1, '2026-05-23 08:03:48', '2026-05-23 08:03:48', NULL);
INSERT INTO `tjurnal_umum` VALUES (1026, 'JRM/2506/0008', '2025-06-09', 'BEBAN BELANJA DAPUR', 45, 'DEBIT', 50000, 0, 'GULA, TEH', NULL, NULL, 1, '2026-05-23 08:03:48', '2026-05-23 08:03:48', NULL);
INSERT INTO `tjurnal_umum` VALUES (1027, 'JRM/2506/0008', '2025-06-09', 'BEBAN BELANJA DAPUR', 45, 'DEBIT', 59000, 0, 'GULA, KOYO, BATERAI', NULL, NULL, 1, '2026-05-23 08:03:48', '2026-05-23 08:03:48', NULL);
INSERT INTO `tjurnal_umum` VALUES (1028, 'JRM/2506/0008', '2025-06-09', 'BEBAN BELANJA DAPUR', 45, 'DEBIT', 125000, 0, 'BIBI BELANJA', NULL, NULL, 1, '2026-05-23 08:03:48', '2026-05-23 08:03:48', NULL);
INSERT INTO `tjurnal_umum` VALUES (1029, 'JRM/2506/0008', '2025-06-09', 'BEBAN PINJAMAN KARYAWAN', 63, 'DEBIT', 500000, 0, 'BAYU KASBON', NULL, NULL, 1, '2026-05-23 08:03:48', '2026-05-23 08:03:48', NULL);
INSERT INTO `tjurnal_umum` VALUES (1030, 'JRM/2506/0008', '2025-06-09', 'KAS KECIL BANGKA', 1, 'KREDIT', 0, 12000, 'SIKAT KAWAT', NULL, NULL, 1, '2026-05-23 08:03:48', '2026-05-23 08:03:48', NULL);
INSERT INTO `tjurnal_umum` VALUES (1031, 'JRM/2506/0008', '2025-06-09', 'KAS KECIL BANGKA', 1, 'KREDIT', 0, 33000, 'KUE KERING', NULL, NULL, 1, '2026-05-23 08:03:48', '2026-05-23 08:03:48', NULL);
INSERT INTO `tjurnal_umum` VALUES (1032, 'JRM/2506/0008', '2025-06-09', 'KAS KECIL BANGKA', 1, 'KREDIT', 0, 50000, 'GULA, TEH', NULL, NULL, 1, '2026-05-23 08:03:48', '2026-05-23 08:03:48', NULL);
INSERT INTO `tjurnal_umum` VALUES (1033, 'JRM/2506/0008', '2025-06-09', 'KAS KECIL BANGKA', 1, 'KREDIT', 0, 59000, 'GULA, KOYO, BATERAI', NULL, NULL, 1, '2026-05-23 08:03:48', '2026-05-23 08:03:48', NULL);
INSERT INTO `tjurnal_umum` VALUES (1034, 'JRM/2506/0008', '2025-06-09', 'KAS KECIL BANGKA', 1, 'KREDIT', 0, 125000, 'BIBI BELANJA', NULL, NULL, 1, '2026-05-23 08:03:48', '2026-05-23 08:03:48', NULL);
INSERT INTO `tjurnal_umum` VALUES (1035, 'JRM/2506/0008', '2025-06-09', 'KAS KECIL BANGKA', 1, 'KREDIT', 0, 500000, 'BAYU KASBON', NULL, NULL, 1, '2026-05-23 08:03:48', '2026-05-23 08:03:48', NULL);
INSERT INTO `tjurnal_umum` VALUES (1036, 'JRM/2507/0003', '2025-07-02', 'KAS KECIL BANGKA', 1, 'KREDIT', 0, 85000, 'RILLEY 3 BUAH', NULL, NULL, 1, '2026-05-23 08:03:48', '2026-05-23 08:03:48', NULL);
INSERT INTO `tjurnal_umum` VALUES (1037, 'JRM/2507/0003', '2025-07-02', 'KAS KECIL BANGKA', 1, 'KREDIT', 0, 150000, 'KOPI 1 BALL', NULL, NULL, 1, '2026-05-23 08:03:48', '2026-05-23 08:03:48', NULL);
INSERT INTO `tjurnal_umum` VALUES (1038, 'JRM/2507/0003', '2025-07-02', 'KAS KECIL BANGKA', 1, 'KREDIT', 0, 247000, 'ROKOK SURYA 1 PRESS', NULL, NULL, 1, '2026-05-23 08:03:48', '2026-05-23 08:03:48', NULL);
INSERT INTO `tjurnal_umum` VALUES (1039, 'JRM/2507/0003', '2025-07-02', 'KAS KECIL BANGKA', 1, 'KREDIT', 0, 540000, 'GALON ISI ULANG JUNI 2025', NULL, NULL, 1, '2026-05-23 08:03:48', '2026-05-23 08:03:48', NULL);
INSERT INTO `tjurnal_umum` VALUES (1040, 'JRM/2506/0024', '2025-06-14', 'BEBAN GAJI UMUM', 49, 'DEBIT', 90000, 0, 'LEMBURAN ORANG HDPE 13 JUNI', NULL, NULL, 1, '2026-05-23 08:03:48', '2026-05-23 08:03:48', NULL);
INSERT INTO `tjurnal_umum` VALUES (1041, 'JRM/2506/0024', '2025-06-14', 'KAS KECIL BANGKA', 1, 'KREDIT', 0, 90000, 'LEMBURAN ORANG HDPE 13 JUNI', NULL, NULL, 1, '2026-05-23 08:03:48', '2026-05-23 08:03:48', NULL);
INSERT INTO `tjurnal_umum` VALUES (1042, 'JRM/2506/0024', '2025-06-14', 'BEBAN GAJI UMUM', 49, 'DEBIT', 3360000, 0, 'GAJI ORANG KARPET 8 - 14 JUNI 2025', NULL, NULL, 1, '2026-05-23 08:03:48', '2026-05-23 08:03:48', NULL);
INSERT INTO `tjurnal_umum` VALUES (1043, 'JRM/2506/0024', '2025-06-14', 'KAS KECIL BANGKA', 1, 'KREDIT', 0, 3360000, 'GAJI ORANG KARPET 8 - 14 JUNI 2025', NULL, NULL, 1, '2026-05-23 08:03:48', '2026-05-23 08:03:48', NULL);
INSERT INTO `tjurnal_umum` VALUES (1044, 'JRM/2506/0025', '2025-06-16', 'BEBAN BELANJA DAPUR', 45, 'DEBIT', 30000, 0, 'KUE KERING', NULL, NULL, 1, '2026-05-23 08:03:48', '2026-05-23 08:03:48', NULL);
INSERT INTO `tjurnal_umum` VALUES (1045, 'JRM/2506/0025', '2025-06-16', 'KAS KECIL BANGKA', 1, 'KREDIT', 0, 30000, 'KUE KERING', NULL, NULL, 1, '2026-05-23 08:03:48', '2026-05-23 08:03:48', NULL);
INSERT INTO `tjurnal_umum` VALUES (1046, 'JRM/2507/0006', '2025-07-05', 'BANK BCA SAHNA', 2, 'KREDIT', 0, 259838000, 'BYR NOTA APRIL - MEI', NULL, NULL, 1, '2026-05-23 08:03:48', '2026-05-23 08:03:48', NULL);
INSERT INTO `tjurnal_umum` VALUES (1047, 'JRM/2507/0006', '2025-07-05', 'HUTANG TOKO ASUI', 14, 'DEBIT', 259838000, 0, 'BYR NOTA APRIL - MEI', NULL, NULL, 1, '2026-05-23 08:03:48', '2026-05-23 08:03:48', NULL);
INSERT INTO `tjurnal_umum` VALUES (1048, 'JRM/2507/0009', '2025-07-03', 'BEBAN BELANJA DAPUR', 45, 'DEBIT', 86000, 0, 'KUE, GULA, SUSU', NULL, NULL, 1, '2026-05-23 08:03:48', '2026-05-23 08:03:48', NULL);
INSERT INTO `tjurnal_umum` VALUES (1049, 'JRM/2507/0009', '2025-07-03', 'KAS KECIL BANGKA', 1, 'KREDIT', 0, 86000, 'KUE, GULA, SUSU', NULL, NULL, 1, '2026-05-23 08:03:48', '2026-05-23 08:03:48', NULL);
INSERT INTO `tjurnal_umum` VALUES (1050, 'JRM/2507/0009', '2025-07-03', 'BEBAN BELANJA DAPUR', 45, 'DEBIT', 255000, 0, 'BUAT MAKANAN', NULL, NULL, 1, '2026-05-23 08:03:48', '2026-05-23 08:03:48', NULL);
INSERT INTO `tjurnal_umum` VALUES (1051, 'JRM/2507/0009', '2025-07-03', 'KAS KECIL BANGKA', 1, 'KREDIT', 0, 255000, 'BUAT MAKANAN', NULL, NULL, 1, '2026-05-23 08:03:48', '2026-05-23 08:03:48', NULL);
INSERT INTO `tjurnal_umum` VALUES (1052, 'JRM/2507/0010', '2025-07-04', 'BEBAN BELANJA DAPUR', 45, 'DEBIT', 45000, 0, 'PLASTIK 2 PACK', NULL, NULL, 1, '2026-05-23 08:03:48', '2026-05-23 08:03:48', NULL);
INSERT INTO `tjurnal_umum` VALUES (1053, 'JRM/2507/0010', '2025-07-04', 'BEBAN BELANJA DAPUR', 45, 'DEBIT', 60000, 0, 'KENTANG, ES BATU', NULL, NULL, 1, '2026-05-23 08:03:48', '2026-05-23 08:03:48', NULL);
INSERT INTO `tjurnal_umum` VALUES (1054, 'JRM/2507/0010', '2025-07-04', 'BEBAN BELANJA DAPUR', 45, 'DEBIT', 182000, 0, 'KUE, SUSU, GULA, EXTRAJOSS', NULL, NULL, 1, '2026-05-23 08:03:48', '2026-05-23 08:03:48', NULL);
INSERT INTO `tjurnal_umum` VALUES (1055, 'JRM/2507/0010', '2025-07-04', 'BEBAN BENSIN', 37, 'DEBIT', 250000, 0, 'BBM GRANDMAX', NULL, NULL, 1, '2026-05-23 08:03:48', '2026-05-23 08:03:48', NULL);
INSERT INTO `tjurnal_umum` VALUES (1056, 'JRM/2507/0010', '2025-07-04', 'BEBAN PINJAMAN KARYAWAN', 63, 'DEBIT', 500000, 0, 'ALFIN KASBON', NULL, NULL, 1, '2026-05-23 08:03:48', '2026-05-23 08:03:48', NULL);
INSERT INTO `tjurnal_umum` VALUES (1057, 'JRM/2507/0010', '2025-07-04', 'BEBAN PINJAMAN KARYAWAN', 63, 'DEBIT', 500000, 0, 'FAJAR KASBON', NULL, NULL, 1, '2026-05-23 08:03:48', '2026-05-23 08:03:48', NULL);
INSERT INTO `tjurnal_umum` VALUES (1058, 'JRM/2507/0010', '2025-07-04', 'KAS KECIL BANGKA', 1, 'KREDIT', 0, 45000, 'PLASTIK 2 PACK', NULL, NULL, 1, '2026-05-23 08:03:48', '2026-05-23 08:03:48', NULL);
INSERT INTO `tjurnal_umum` VALUES (1059, 'JRM/2507/0010', '2025-07-04', 'KAS KECIL BANGKA', 1, 'KREDIT', 0, 60000, 'KENTANG, ES BATU', NULL, NULL, 1, '2026-05-23 08:03:48', '2026-05-23 08:03:48', NULL);
INSERT INTO `tjurnal_umum` VALUES (1060, 'JRM/2507/0010', '2025-07-04', 'KAS KECIL BANGKA', 1, 'KREDIT', 0, 182000, 'KUE, SUSU, GULA, EXTRAJOSS', NULL, NULL, 1, '2026-05-23 08:03:48', '2026-05-23 08:03:48', NULL);
INSERT INTO `tjurnal_umum` VALUES (1061, 'JRM/2507/0013', '2025-07-07', 'BEBAN BELANJA DAPUR', 45, 'DEBIT', 32000, 0, 'TELUR & SABUN COLEK', NULL, NULL, 1, '2026-05-23 08:03:48', '2026-05-23 08:03:48', NULL);
INSERT INTO `tjurnal_umum` VALUES (1062, 'JRM/2507/0013', '2025-07-07', 'BEBAN BELANJA DAPUR', 45, 'DEBIT', 36000, 0, 'GULA', NULL, NULL, 1, '2026-05-23 08:03:48', '2026-05-23 08:03:48', NULL);
INSERT INTO `tjurnal_umum` VALUES (1063, 'JRM/2507/0013', '2025-07-07', 'BEBAN KENDARAAN', 26, 'DEBIT', 450000, 0, 'SERVIS GRANDMAX', NULL, NULL, 1, '2026-05-23 08:03:48', '2026-05-23 08:03:48', NULL);
INSERT INTO `tjurnal_umum` VALUES (1064, 'JRM/2507/0013', '2025-07-07', 'BEBAN PERBAIKAN PERALATAN', 25, 'DEBIT', 7500000, 0, 'GULUNG SPIL DINAMO 3HP 2X', NULL, NULL, 1, '2026-05-23 08:03:48', '2026-05-23 08:03:48', NULL);
INSERT INTO `tjurnal_umum` VALUES (1065, 'JRM/2507/0013', '2025-07-07', 'KAS KECIL BANGKA', 1, 'DEBIT', 10000000, 0, 'KAS MASUK', NULL, NULL, 1, '2026-05-23 08:03:48', '2026-05-23 08:03:48', NULL);
INSERT INTO `tjurnal_umum` VALUES (1066, 'JRM/2507/0013', '2025-07-07', 'KAS KECIL BANGKA', 1, 'KREDIT', 0, 32000, 'TELUR & SABUN COLEK', NULL, NULL, 1, '2026-05-23 08:03:48', '2026-05-23 08:03:48', NULL);
INSERT INTO `tjurnal_umum` VALUES (1067, 'JRM/2507/0013', '2025-07-07', 'KAS KECIL BANGKA', 1, 'KREDIT', 0, 36000, 'GULA', NULL, NULL, 1, '2026-05-23 08:03:48', '2026-05-23 08:03:48', NULL);
INSERT INTO `tjurnal_umum` VALUES (1068, 'JRM/2507/0013', '2025-07-07', 'KAS KECIL BANGKA', 1, 'KREDIT', 0, 450000, 'SERVIS GRANDMAX', NULL, NULL, 1, '2026-05-23 08:03:48', '2026-05-23 08:03:48', NULL);
INSERT INTO `tjurnal_umum` VALUES (1069, 'JRM/2507/0013', '2025-07-07', 'KAS KECIL BANGKA', 1, 'KREDIT', 0, 7500000, 'GULUNG SPIL DINAMO 3HP 2X', NULL, NULL, 1, '2026-05-23 08:03:48', '2026-05-23 08:03:48', NULL);
INSERT INTO `tjurnal_umum` VALUES (1070, 'JRM/2507/0013', '2025-07-07', 'BANK BCA', 3, 'KREDIT', 0, 10000000, 'KAS MASUK', NULL, NULL, 1, '2026-05-23 08:03:48', '2026-05-23 08:03:48', NULL);
INSERT INTO `tjurnal_umum` VALUES (1071, 'JRM/2507/0011', '2025-07-05', 'BEBAN BELANJA DAPUR', 45, 'DEBIT', 90000, 0, 'TOLAK ANGIN 2 KOTAK', NULL, NULL, 1, '2026-05-23 08:03:48', '2026-05-23 08:03:48', NULL);
INSERT INTO `tjurnal_umum` VALUES (1072, 'JRM/2507/0011', '2025-07-05', 'BEBAN BELANJA DAPUR', 45, 'DEBIT', 200000, 0, 'TIPS ORANG PANEN', NULL, NULL, 1, '2026-05-23 08:03:48', '2026-05-23 08:03:48', NULL);
INSERT INTO `tjurnal_umum` VALUES (1073, 'JRM/2507/0014', '2025-07-08', 'BEBAN ONGKOS KIRIM', 34, 'DEBIT', 50000, 0, 'UPAH SUPIR SOLAR', NULL, NULL, 1, '2026-05-23 08:03:48', '2026-05-23 08:03:48', NULL);
INSERT INTO `tjurnal_umum` VALUES (1074, 'JRM/2507/0014', '2025-07-08', 'BEBAN BELANJA DAPUR', 45, 'DEBIT', 200000, 0, 'KOPI 1 BALL, GULA, TEH', NULL, NULL, 1, '2026-05-23 08:03:48', '2026-05-23 08:03:48', NULL);
INSERT INTO `tjurnal_umum` VALUES (1075, 'JRM/2507/0010', '2025-07-04', 'KAS KECIL BANGKA', 1, 'KREDIT', 0, 250000, 'BBM GRANDMAX', NULL, NULL, 1, '2026-05-23 08:03:48', '2026-05-23 08:03:48', NULL);
INSERT INTO `tjurnal_umum` VALUES (1076, 'JRM/2507/0010', '2025-07-04', 'KAS KECIL BANGKA', 1, 'KREDIT', 0, 500000, 'ALFIN KASBON', NULL, NULL, 1, '2026-05-23 08:03:48', '2026-05-23 08:03:48', NULL);
INSERT INTO `tjurnal_umum` VALUES (1077, 'JRM/2507/0010', '2025-07-04', 'KAS KECIL BANGKA', 1, 'KREDIT', 0, 500000, 'FAJAR KASBON', NULL, NULL, 1, '2026-05-23 08:03:48', '2026-05-23 08:03:48', NULL);
INSERT INTO `tjurnal_umum` VALUES (1078, 'JRM/2507/0010', '2025-07-04', 'BEBAN BELANJA DAPUR', 45, 'DEBIT', 219000, 0, 'BUAT MAKANAN', NULL, NULL, 1, '2026-05-23 08:03:48', '2026-05-23 08:03:48', NULL);
INSERT INTO `tjurnal_umum` VALUES (1079, 'JRM/2507/0010', '2025-07-04', 'KAS KECIL BANGKA', 1, 'KREDIT', 0, 219000, 'BUAT MAKANAN', NULL, NULL, 1, '2026-05-23 08:03:48', '2026-05-23 08:03:48', NULL);
INSERT INTO `tjurnal_umum` VALUES (1080, 'JRM/2507/0012', '2025-07-06', 'BEBAN BELANJA DAPUR', 45, 'DEBIT', 25000, 0, 'SOKLIN & RINSO', NULL, NULL, 1, '2026-05-23 08:03:48', '2026-05-23 08:03:48', NULL);
INSERT INTO `tjurnal_umum` VALUES (1081, 'JRM/2507/0012', '2025-07-06', 'KAS KECIL BANGKA', 1, 'KREDIT', 0, 25000, 'SOKLIN & RINSO', NULL, NULL, 1, '2026-05-23 08:03:48', '2026-05-23 08:03:48', NULL);
INSERT INTO `tjurnal_umum` VALUES (1082, 'JRM/2507/0011', '2025-07-05', 'BEBAN BELANJA DAPUR', 45, 'DEBIT', 200000, 0, 'EXTRAJOSS, GULA, KUE, SUSU', NULL, NULL, 1, '2026-05-23 08:03:48', '2026-05-23 08:03:48', NULL);
INSERT INTO `tjurnal_umum` VALUES (1083, 'JRM/2507/0011', '2025-07-05', 'BEBAN BELANJA DAPUR', 45, 'DEBIT', 200000, 0, 'BUAT MAKANAN', NULL, NULL, 1, '2026-05-23 08:03:48', '2026-05-23 08:03:48', NULL);
INSERT INTO `tjurnal_umum` VALUES (1084, 'JRM/2507/0011', '2025-07-05', 'BEBAN BELANJA DAPUR', 45, 'DEBIT', 240000, 0, 'UPAH HARIAN 2 HARI', NULL, NULL, 1, '2026-05-23 08:03:48', '2026-05-23 08:03:48', NULL);
INSERT INTO `tjurnal_umum` VALUES (1085, 'JRM/2507/0011', '2025-07-05', 'BEBAN GAJI UMUM', 49, 'DEBIT', 294000, 0, 'LEMBURAN HDPE 2 - 4 JULI 2025', NULL, NULL, 1, '2026-05-23 08:03:48', '2026-05-23 08:03:48', NULL);
INSERT INTO `tjurnal_umum` VALUES (1086, 'JRM/2507/0011', '2025-07-05', 'BEBAN PINJAMAN KARYAWAN', 63, 'DEBIT', 500000, 0, 'SLAMET KASBON', NULL, NULL, 1, '2026-05-23 08:03:48', '2026-05-23 08:03:48', NULL);
INSERT INTO `tjurnal_umum` VALUES (1087, 'JRM/2507/0011', '2025-07-05', 'BEBAN GAJI UMUM', 49, 'DEBIT', 649000, 0, 'LEMBURAN SIPIL 29 JUNI - 4 JULI 2025', NULL, NULL, 1, '2026-05-23 08:03:48', '2026-05-23 08:03:48', NULL);
INSERT INTO `tjurnal_umum` VALUES (1088, 'JRM/2507/0011', '2025-07-05', 'BEBAN GAJI UMUM', 49, 'DEBIT', 3000000, 0, 'UPAH HARIAN 7 ORANG / 4 HARI', NULL, NULL, 1, '2026-05-23 08:03:48', '2026-05-23 08:03:48', NULL);
INSERT INTO `tjurnal_umum` VALUES (1089, 'JRM/2507/0011', '2025-07-05', 'BEBAN GAJI UMUM', 49, 'DEBIT', 3120000, 0, 'GAJI HDPE 29 JUNI - 5 JULI 2025', NULL, NULL, 1, '2026-05-23 08:03:48', '2026-05-23 08:03:48', NULL);
INSERT INTO `tjurnal_umum` VALUES (1090, 'JRM/2507/0011', '2025-07-05', 'BEBAN GAJI UMUM', 49, 'DEBIT', 4813000, 0, 'GAJI SIPIL 29 JUNI - 5 JULI 2025', NULL, NULL, 1, '2026-05-23 08:03:48', '2026-05-23 08:03:48', NULL);
INSERT INTO `tjurnal_umum` VALUES (1091, 'JRM/2507/0011', '2025-07-05', 'KAS KECIL BANGKA', 1, 'DEBIT', 10000000, 0, 'KAS MASUK', NULL, NULL, 1, '2026-05-23 08:03:48', '2026-05-23 08:03:48', NULL);
INSERT INTO `tjurnal_umum` VALUES (1092, 'JRM/2507/0011', '2025-07-05', 'KAS KECIL BANGKA', 1, 'KREDIT', 0, 90000, 'TOLAK ANGIN 2 KOTAK', NULL, NULL, 1, '2026-05-23 08:03:48', '2026-05-23 08:03:48', NULL);
INSERT INTO `tjurnal_umum` VALUES (1093, 'JRM/2507/0011', '2025-07-05', 'KAS KECIL BANGKA', 1, 'KREDIT', 0, 200000, 'TIPS ORANG PANEN', NULL, NULL, 1, '2026-05-23 08:03:48', '2026-05-23 08:03:48', NULL);
INSERT INTO `tjurnal_umum` VALUES (1094, 'JRM/2507/0011', '2025-07-05', 'KAS KECIL BANGKA', 1, 'KREDIT', 0, 200000, 'BUAT MAKANAN', NULL, NULL, 1, '2026-05-23 08:03:48', '2026-05-23 08:03:48', NULL);
INSERT INTO `tjurnal_umum` VALUES (1095, 'JRM/2507/0011', '2025-07-05', 'KAS KECIL BANGKA', 1, 'KREDIT', 0, 200000, 'EXTRAJOSS, GULA, KUE, SUSU', NULL, NULL, 1, '2026-05-23 08:03:48', '2026-05-23 08:03:48', NULL);
INSERT INTO `tjurnal_umum` VALUES (1096, 'JRM/2507/0011', '2025-07-05', 'KAS KECIL BANGKA', 1, 'KREDIT', 0, 240000, 'UPAH HARIAN 2 HARI', NULL, NULL, 1, '2026-05-23 08:03:48', '2026-05-23 08:03:48', NULL);
INSERT INTO `tjurnal_umum` VALUES (1097, 'JRM/2507/0011', '2025-07-05', 'KAS KECIL BANGKA', 1, 'KREDIT', 0, 294000, 'LEMBURAN HDPE 2 - 4 JULI 2025', NULL, NULL, 1, '2026-05-23 08:03:48', '2026-05-23 08:03:48', NULL);
INSERT INTO `tjurnal_umum` VALUES (1098, 'JRM/2507/0011', '2025-07-05', 'KAS KECIL BANGKA', 1, 'KREDIT', 0, 500000, 'SLAMET KASBON', NULL, NULL, 1, '2026-05-23 08:03:48', '2026-05-23 08:03:48', NULL);
INSERT INTO `tjurnal_umum` VALUES (1099, 'JRM/2507/0011', '2025-07-05', 'KAS KECIL BANGKA', 1, 'KREDIT', 0, 649000, 'LEMBURAN SIPIL 29 JUNI - 4 JULI 2025', NULL, NULL, 1, '2026-05-23 08:03:48', '2026-05-23 08:03:48', NULL);
INSERT INTO `tjurnal_umum` VALUES (1100, 'JRM/2507/0011', '2025-07-05', 'KAS KECIL BANGKA', 1, 'KREDIT', 0, 3000000, 'UPAH HARIAN 7 ORANG / 4 HARI', NULL, NULL, 1, '2026-05-23 08:03:48', '2026-05-23 08:03:48', NULL);
INSERT INTO `tjurnal_umum` VALUES (1101, 'JRM/2507/0011', '2025-07-05', 'KAS KECIL BANGKA', 1, 'KREDIT', 0, 3120000, 'GAJI HDPE 29 JUNI - 5 JULI 2025', NULL, NULL, 1, '2026-05-23 08:03:48', '2026-05-23 08:03:48', NULL);
INSERT INTO `tjurnal_umum` VALUES (1102, 'JRM/2507/0011', '2025-07-05', 'KAS KECIL BANGKA', 1, 'KREDIT', 0, 4813000, 'GAJI SIPIL 29 JUNI - 5 JULI 2025', NULL, NULL, 1, '2026-05-23 08:03:48', '2026-05-23 08:03:48', NULL);
INSERT INTO `tjurnal_umum` VALUES (1103, 'JRM/2507/0011', '2025-07-05', 'BANK BCA', 3, 'KREDIT', 0, 10000000, 'KAS MASUK', NULL, NULL, 1, '2026-05-23 08:03:48', '2026-05-23 08:03:48', NULL);
INSERT INTO `tjurnal_umum` VALUES (1104, 'JRM/2507/0011', '2025-07-05', 'BEBAN PENGOBATAN KARYAWAN', 57, 'DEBIT', 50000, 0, 'BEROBAT FIRMAN', NULL, NULL, 1, '2026-05-23 08:03:48', '2026-05-23 08:03:48', NULL);
INSERT INTO `tjurnal_umum` VALUES (1105, 'JRM/2507/0011', '2025-07-05', 'KAS KECIL BANGKA', 1, 'KREDIT', 0, 50000, 'BEROBAT FIRMAN', NULL, NULL, 1, '2026-05-23 08:03:48', '2026-05-23 08:03:48', NULL);
INSERT INTO `tjurnal_umum` VALUES (1106, 'JRM/2507/0014', '2025-07-08', 'BEBAN BELANJA DAPUR', 45, 'DEBIT', 295000, 0, 'BIBI BELANJA', NULL, NULL, 1, '2026-05-23 08:03:48', '2026-05-23 08:03:48', NULL);
INSERT INTO `tjurnal_umum` VALUES (1107, 'JRM/2507/0014', '2025-07-08', 'KAS KECIL BANGKA', 1, 'DEBIT', 480000, 0, 'PENJUALAN SOLAR 40 LITER', NULL, NULL, 1, '2026-05-23 08:03:48', '2026-05-23 08:03:48', NULL);
INSERT INTO `tjurnal_umum` VALUES (1108, 'JRM/2507/0014', '2025-07-08', 'KAS KECIL BANGKA', 1, 'DEBIT', 1170000, 0, 'PENJUALAN UDANG BS', NULL, NULL, 1, '2026-05-23 08:03:48', '2026-05-23 08:03:48', NULL);
INSERT INTO `tjurnal_umum` VALUES (1109, 'JRM/2507/0014', '2025-07-08', 'BEBAN GAJI UMUM', 49, 'DEBIT', 2000000, 0, 'KHOLIK HDPE KAS', NULL, NULL, 1, '2026-05-23 08:03:48', '2026-05-23 08:03:48', NULL);
INSERT INTO `tjurnal_umum` VALUES (1110, 'JRM/2507/0014', '2025-07-08', 'KAS KECIL BANGKA', 1, 'KREDIT', 0, 50000, 'UPAH SUPIR SOLAR', NULL, NULL, 1, '2026-05-23 08:03:48', '2026-05-23 08:03:48', NULL);
INSERT INTO `tjurnal_umum` VALUES (1111, 'JRM/2507/0014', '2025-07-08', 'KAS KECIL BANGKA', 1, 'KREDIT', 0, 200000, 'KOPI 1 BALL, GULA, TEH', NULL, NULL, 1, '2026-05-23 08:03:48', '2026-05-23 08:03:48', NULL);
INSERT INTO `tjurnal_umum` VALUES (1112, 'JRM/2507/0014', '2025-07-08', 'KAS KECIL BANGKA', 1, 'KREDIT', 0, 295000, 'BIBI BELANJA', NULL, NULL, 1, '2026-05-23 08:03:48', '2026-05-23 08:03:48', NULL);
INSERT INTO `tjurnal_umum` VALUES (1113, 'JRM/2507/0014', '2025-07-08', 'PENDAPATAN LAIN LAIN', 56, 'KREDIT', 0, 480000, 'PENJUALAN SOLAR 40 LITER', NULL, NULL, 1, '2026-05-23 08:03:48', '2026-05-23 08:03:48', NULL);
INSERT INTO `tjurnal_umum` VALUES (1114, 'JRM/2507/0014', '2025-07-08', 'PENJUALAN UDANG', 55, 'KREDIT', 0, 1170000, 'PENJUALAN UDANG BS', NULL, NULL, 1, '2026-05-23 08:03:48', '2026-05-23 08:03:48', NULL);
INSERT INTO `tjurnal_umum` VALUES (1115, 'JRM/2507/0014', '2025-07-08', 'KAS KECIL BANGKA', 1, 'KREDIT', 0, 2000000, 'KHOLIK HDPE KAS', NULL, NULL, 1, '2026-05-23 08:03:48', '2026-05-23 08:03:48', NULL);
INSERT INTO `tjurnal_umum` VALUES (1116, 'JRM/2507/0014', '2025-07-08', 'BEBAN BENSIN', 37, 'DEBIT', 250000, 0, 'BBM GRANDMAX', NULL, NULL, 1, '2026-05-23 08:03:48', '2026-05-23 08:03:48', NULL);
INSERT INTO `tjurnal_umum` VALUES (1117, 'JRM/2507/0014', '2025-07-08', 'KAS KECIL BANGKA', 1, 'KREDIT', 0, 250000, 'BBM GRANDMAX', NULL, NULL, 1, '2026-05-23 08:03:48', '2026-05-23 08:03:48', NULL);
INSERT INTO `tjurnal_umum` VALUES (1118, 'JRM/2507/0023', '2025-07-09', 'BEBAN ONGKOS KIRIM', 34, 'DEBIT', 50000, 0, 'UPAH SUPIR ANTAR ALDERON', NULL, NULL, 1, '2026-05-23 08:03:48', '2026-05-23 08:03:48', NULL);
INSERT INTO `tjurnal_umum` VALUES (1119, 'JRM/2507/0023', '2025-07-09', 'BEBAN ONGKOS KIRIM', 34, 'DEBIT', 1320000, 0, 'ONGKOS KIRIM BARANG DI PAK ASU', NULL, NULL, 1, '2026-05-23 08:03:48', '2026-05-23 08:03:48', NULL);
INSERT INTO `tjurnal_umum` VALUES (1120, 'JRM/2507/0023', '2025-07-09', 'BEBAN PINJAMAN KARYAWAN', 63, 'DEBIT', 3000000, 0, 'BAYU KASBON', NULL, NULL, 1, '2026-05-23 08:03:48', '2026-05-23 08:03:48', NULL);
INSERT INTO `tjurnal_umum` VALUES (1121, 'JRM/2507/0023', '2025-07-09', 'KAS KECIL BANGKA', 1, 'KREDIT', 0, 50000, 'UPAH SUPIR ANTAR ALDERON', NULL, NULL, 1, '2026-05-23 08:03:48', '2026-05-23 08:03:48', NULL);
INSERT INTO `tjurnal_umum` VALUES (1122, 'JRM/2507/0023', '2025-07-09', 'KAS KECIL BANGKA', 1, 'KREDIT', 0, 1320000, 'ONGKOS KIRIM BARANG DI PAK ASU', NULL, NULL, 1, '2026-05-23 08:03:48', '2026-05-23 08:03:48', NULL);
INSERT INTO `tjurnal_umum` VALUES (1123, 'JRM/2507/0023', '2025-07-09', 'KAS KECIL BANGKA', 1, 'KREDIT', 0, 3000000, 'BAYU KASBON', NULL, NULL, 1, '2026-05-23 08:03:48', '2026-05-23 08:03:48', NULL);
INSERT INTO `tjurnal_umum` VALUES (1124, 'JRM/2507/0024', '2025-07-10', 'BEBAN BELANJA DAPUR', 45, 'DEBIT', 69000, 0, 'GULA, PLASTIK', NULL, NULL, 1, '2026-05-23 08:03:48', '2026-05-23 08:03:48', NULL);
INSERT INTO `tjurnal_umum` VALUES (1125, 'JRM/2507/0024', '2025-07-10', 'KAS KECIL BANGKA', 1, 'DEBIT', 10000000, 0, 'KAS MASUK', NULL, NULL, 1, '2026-05-23 08:03:48', '2026-05-23 08:03:48', NULL);
INSERT INTO `tjurnal_umum` VALUES (1126, 'JRM/2507/0024', '2025-07-10', 'KAS KECIL BANGKA', 1, 'KREDIT', 0, 69000, 'GULA, PLASTIK', NULL, NULL, 1, '2026-05-23 08:03:48', '2026-05-23 08:03:48', NULL);
INSERT INTO `tjurnal_umum` VALUES (1127, 'JRM/2507/0024', '2025-07-10', 'BANK BCA', 3, 'KREDIT', 0, 10000000, 'KAS MASUK', NULL, NULL, 1, '2026-05-23 08:03:48', '2026-05-23 08:03:48', NULL);
INSERT INTO `tjurnal_umum` VALUES (1128, 'JRM/2507/0025', '2025-07-11', 'BEBAN TIKET', 22, 'DEBIT', 4000000, 0, 'ONGKOS 5 ORANG TUKANG', NULL, NULL, 1, '2026-05-23 08:03:48', '2026-05-23 08:03:48', NULL);
INSERT INTO `tjurnal_umum` VALUES (1129, 'JRM/2507/0025', '2025-07-11', 'KAS KECIL BANGKA', 1, 'KREDIT', 0, 4000000, 'ONGKOS 5 ORANG TUKANG', NULL, NULL, 1, '2026-05-23 08:03:48', '2026-05-23 08:03:48', NULL);
INSERT INTO `tjurnal_umum` VALUES (1130, 'JRM/2507/0027', '2025-07-12', 'BEBAN BELANJA DAPUR', 45, 'DEBIT', 20000, 0, 'MAMA LEMON', NULL, NULL, 1, '2026-05-23 08:03:48', '2026-05-23 08:03:48', NULL);
INSERT INTO `tjurnal_umum` VALUES (1131, 'JRM/2507/0027', '2025-07-12', 'BEBAN BELANJA DAPUR', 45, 'DEBIT', 96000, 0, 'GULA, SUSU, EXTRAJOSS', NULL, NULL, 1, '2026-05-23 08:03:48', '2026-05-23 08:03:48', NULL);
INSERT INTO `tjurnal_umum` VALUES (1132, 'JRM/2507/0027', '2025-07-12', 'BEBAN GAJI UMUM', 49, 'DEBIT', 770000, 0, 'GAJI SIPIL 4 ORANG / 1 HARI', NULL, NULL, 1, '2026-05-23 08:03:48', '2026-05-23 08:03:48', NULL);
INSERT INTO `tjurnal_umum` VALUES (1133, 'JRM/2507/0027', '2025-07-12', 'BEBAN GAJI UMUM', 49, 'DEBIT', 1436500, 0, 'LEMBURAN SIPIL 6 - 11 JULI 2025', NULL, NULL, 1, '2026-05-23 08:03:48', '2026-05-23 08:03:48', NULL);
INSERT INTO `tjurnal_umum` VALUES (1134, 'JRM/2507/0027', '2025-07-12', 'BEBAN GAJI UMUM', 49, 'DEBIT', 1800000, 0, 'GAJI ORANG PIPA 2 HARI / 6 ORANG', NULL, NULL, 1, '2026-05-23 08:03:48', '2026-05-23 08:03:48', NULL);
INSERT INTO `tjurnal_umum` VALUES (1135, 'JRM/2507/0026', '2025-07-11', 'BEBAN PERLENGKAPAN', 23, 'DEBIT', 60000, 0, 'BAN BEKAS', NULL, NULL, 1, '2026-05-23 08:03:48', '2026-05-23 08:03:48', NULL);
INSERT INTO `tjurnal_umum` VALUES (1136, 'JRM/2507/0026', '2025-07-11', 'BEBAN PERLENGKAPAN', 23, 'DEBIT', 93000, 0, 'ATK KANTOR', NULL, NULL, 1, '2026-05-23 08:03:48', '2026-05-23 08:03:48', NULL);
INSERT INTO `tjurnal_umum` VALUES (1137, 'JRM/2507/0026', '2025-07-11', 'BEBAN TIKET', 22, 'DEBIT', 600000, 0, 'ONGKOS HDPE 4 ORANG', NULL, NULL, 1, '2026-05-23 08:03:48', '2026-05-23 08:03:48', NULL);
INSERT INTO `tjurnal_umum` VALUES (1138, 'JRM/2507/0026', '2025-07-11', 'BEBAN PERLENGKAPAN', 23, 'DEBIT', 1750000, 0, 'PINTU 120 / 1SET', NULL, NULL, 1, '2026-05-23 08:03:48', '2026-05-23 08:03:48', NULL);
INSERT INTO `tjurnal_umum` VALUES (1139, 'JRM/2507/0026', '2025-07-11', 'BEBAN TIKET', 22, 'DEBIT', 7200000, 0, 'ONGKOS ORANG PIPA 8 ORANG', NULL, NULL, 1, '2026-05-23 08:03:48', '2026-05-23 08:03:48', NULL);
INSERT INTO `tjurnal_umum` VALUES (1140, 'JRM/2507/0026', '2025-07-11', 'KAS KECIL BANGKA', 1, 'DEBIT', 20000000, 0, 'KAS MASUK', NULL, NULL, 1, '2026-05-23 08:03:48', '2026-05-23 08:03:48', NULL);
INSERT INTO `tjurnal_umum` VALUES (1141, 'JRM/2507/0026', '2025-07-11', 'KAS KECIL BANGKA', 1, 'KREDIT', 0, 60000, 'BAN BEKAS', NULL, NULL, 1, '2026-05-23 08:03:48', '2026-05-23 08:03:48', NULL);
INSERT INTO `tjurnal_umum` VALUES (1142, 'JRM/2503/0057', '2025-03-12', 'BEBAN LAB.', 50, 'DEBIT', 1776120, 0, 'LAB BENUR', NULL, NULL, NULL, '2026-05-23 08:03:48', '2026-05-23 08:03:48', NULL);
INSERT INTO `tjurnal_umum` VALUES (1143, 'JRM/2503/0057', '2025-03-12', 'BANK BCA SAHNA', 2, 'KREDIT', 0, 1776120, 'LAB BENUR', NULL, NULL, NULL, '2026-05-23 08:03:48', '2026-05-23 08:03:48', NULL);
INSERT INTO `tjurnal_umum` VALUES (1144, 'JRM/2503/0058', '2025-03-14', 'BEBAN PERJALANAN DINAS', 51, 'DEBIT', 3321200, 0, 'TIKET PSWT', NULL, NULL, NULL, '2026-05-23 08:03:48', '2026-05-23 08:03:48', NULL);
INSERT INTO `tjurnal_umum` VALUES (1145, 'JRM/2503/0058', '2025-03-14', 'BANK BCA SAHNA', 2, 'KREDIT', 0, 3321200, 'TIKET PSWT', NULL, NULL, NULL, '2026-05-23 08:03:48', '2026-05-23 08:03:48', NULL);
INSERT INTO `tjurnal_umum` VALUES (1146, 'JRM/2503/0059', '2025-03-14', 'BEBAN THR', 41, 'DEBIT', 5000000, 0, 'H. EDO', NULL, NULL, NULL, '2026-05-23 08:03:48', '2026-05-23 08:03:48', NULL);
INSERT INTO `tjurnal_umum` VALUES (1147, 'JRM/2503/0059', '2025-03-14', 'BANK BCA SAHNA', 2, 'KREDIT', 0, 5000000, 'H. EDO', NULL, NULL, NULL, '2026-05-23 08:03:48', '2026-05-23 08:03:48', NULL);
INSERT INTO `tjurnal_umum` VALUES (1148, 'JRM/2503/0059', '2025-03-14', 'BEBAN PERJALANAN DINAS', 51, 'DEBIT', 2361800, 0, 'TIKET PSWT', NULL, NULL, NULL, '2026-05-23 08:03:48', '2026-05-23 08:03:48', NULL);
INSERT INTO `tjurnal_umum` VALUES (1149, 'JRM/2503/0059', '2025-03-14', 'BANK BCA SAHNA', 2, 'KREDIT', 0, 2361800, 'TIKET PSWT', NULL, NULL, NULL, '2026-05-23 08:03:48', '2026-05-23 08:03:48', NULL);
INSERT INTO `tjurnal_umum` VALUES (1150, 'JRM/2503/0060', '2025-03-15', 'BEBAN BENUR', 52, 'DEBIT', 176843520, 0, 'BENUR', NULL, NULL, NULL, '2026-05-23 08:03:48', '2026-05-23 08:03:48', NULL);
INSERT INTO `tjurnal_umum` VALUES (1151, 'JRM/2503/0060', '2025-03-15', 'BANK BCA SAHNA', 2, 'KREDIT', 0, 176843520, 'BENUR', NULL, NULL, NULL, '2026-05-23 08:03:48', '2026-05-23 08:03:48', NULL);
INSERT INTO `tjurnal_umum` VALUES (1152, 'JRM/2503/0061', '2025-03-18', 'BEBAN LISTRIK', 21, 'DEBIT', 20523044, 0, 'PLN', NULL, NULL, NULL, '2026-05-23 08:03:48', '2026-05-23 08:03:48', NULL);
INSERT INTO `tjurnal_umum` VALUES (1153, 'JRM/2503/0061', '2025-03-18', 'BANK BCA SAHNA', 2, 'KREDIT', 0, 20523044, 'PLN', NULL, NULL, NULL, '2026-05-23 08:03:48', '2026-05-23 08:03:48', NULL);
INSERT INTO `tjurnal_umum` VALUES (1154, 'JRM/2503/0062', '2025-03-21', 'BEBAN ADM BANK', 28, 'DEBIT', 15000, 0, '', NULL, NULL, NULL, '2026-05-23 08:03:48', '2026-05-23 08:03:48', NULL);
INSERT INTO `tjurnal_umum` VALUES (1155, 'JRM/2503/0062', '2025-03-21', 'BANK BCA SAHNA', 2, 'KREDIT', 0, 15000, 'ADM', NULL, NULL, NULL, '2026-05-23 08:03:48', '2026-05-23 08:03:48', NULL);
INSERT INTO `tjurnal_umum` VALUES (1156, 'JRM/2503/0063', '2025-03-27', 'BEBAN INTERNET', 53, 'DEBIT', 66000, 0, 'ORBIT', NULL, NULL, NULL, '2026-05-23 08:03:48', '2026-05-23 08:03:48', NULL);
INSERT INTO `tjurnal_umum` VALUES (1157, 'JRM/2503/0063', '2025-03-27', 'BANK BCA SAHNA', 2, 'KREDIT', 0, 66000, 'ORBIT', NULL, NULL, NULL, '2026-05-23 08:03:48', '2026-05-23 08:03:48', NULL);
INSERT INTO `tjurnal_umum` VALUES (1158, 'JRM/2504/0048', '2025-04-07', 'BEBAN GAJI BUDIDAYA', 19, 'DEBIT', 2000000, 0, 'AL', NULL, NULL, NULL, '2026-05-23 08:03:48', '2026-05-23 08:03:48', NULL);
INSERT INTO `tjurnal_umum` VALUES (1159, 'JRM/2504/0048', '2025-04-07', 'BANK BCA SAHNA', 2, 'KREDIT', 0, 2000000, 'AL', NULL, NULL, NULL, '2026-05-23 08:03:48', '2026-05-23 08:03:48', NULL);
INSERT INTO `tjurnal_umum` VALUES (1160, 'JRM/2504/0049', '2025-04-18', 'BEBAN ADM BANK', 28, 'DEBIT', 15000, 0, '', NULL, NULL, NULL, '2026-05-23 08:03:48', '2026-05-23 08:03:48', NULL);
INSERT INTO `tjurnal_umum` VALUES (1161, 'JRM/2504/0049', '2025-04-18', 'BANK BCA SAHNA', 2, 'KREDIT', 0, 15000, 'ADM', NULL, NULL, NULL, '2026-05-23 08:03:48', '2026-05-23 08:03:48', NULL);
INSERT INTO `tjurnal_umum` VALUES (1162, 'JRM/2504/0050', '2025-04-19', 'BEBAN LISTRIK', 21, 'DEBIT', 72321550, 0, '', NULL, NULL, NULL, '2026-05-23 08:03:48', '2026-05-23 08:03:48', NULL);
INSERT INTO `tjurnal_umum` VALUES (1163, 'JRM/2504/0050', '2025-04-19', 'BANK BCA SAHNA', 2, 'KREDIT', 0, 72321550, 'PLN', NULL, NULL, NULL, '2026-05-23 08:03:48', '2026-05-23 08:03:48', NULL);
INSERT INTO `tjurnal_umum` VALUES (1164, 'JRM/2504/0051', '2025-04-26', 'BEBAN INTERNET', 53, 'DEBIT', 70000, 0, 'ORBIT', NULL, NULL, NULL, '2026-05-23 08:03:48', '2026-05-23 08:03:48', NULL);
INSERT INTO `tjurnal_umum` VALUES (1165, 'JRM/2504/0051', '2025-04-26', 'BANK BCA SAHNA', 2, 'KREDIT', 0, 70000, 'ORBIT', NULL, NULL, NULL, '2026-05-23 08:03:48', '2026-05-23 08:03:48', NULL);
INSERT INTO `tjurnal_umum` VALUES (1166, 'JRM/2505/0055', '2025-05-06', 'BEBAN PERJALANAN DINAS', 51, 'DEBIT', 4044565, 0, 'TIKET PSWT', NULL, NULL, NULL, '2026-05-23 08:03:48', '2026-05-23 08:03:48', NULL);
INSERT INTO `tjurnal_umum` VALUES (1167, 'JRM/2505/0055', '2025-05-06', 'BANK BCA SAHNA', 2, 'KREDIT', 0, 4044565, 'TIKET PSWT', NULL, NULL, NULL, '2026-05-23 08:03:48', '2026-05-23 08:03:48', NULL);
INSERT INTO `tjurnal_umum` VALUES (1168, 'JRM/2505/0056', '2025-05-01', 'BEBAN GAJI BUDIDAYA', 19, 'DEBIT', 2000000, 0, 'AL', NULL, NULL, NULL, '2026-05-23 08:03:48', '2026-05-23 08:03:48', NULL);
INSERT INTO `tjurnal_umum` VALUES (1169, 'JRM/2505/0056', '2025-05-01', 'BANK BCA SAHNA', 2, 'KREDIT', 0, 2000000, 'AL', NULL, NULL, NULL, '2026-05-23 08:03:48', '2026-05-23 08:03:48', NULL);
INSERT INTO `tjurnal_umum` VALUES (1170, 'JRM/2505/0057', '2025-05-14', 'BEBAN INTERNET', 53, 'DEBIT', 85000, 0, 'ORBIT', NULL, NULL, NULL, '2026-05-23 08:03:48', '2026-05-23 08:03:48', NULL);
INSERT INTO `tjurnal_umum` VALUES (1171, 'JRM/2505/0057', '2025-05-14', 'BANK BCA SAHNA', 2, 'KREDIT', 0, 85000, 'ORBIT', NULL, NULL, NULL, '2026-05-23 08:03:48', '2026-05-23 08:03:48', NULL);
INSERT INTO `tjurnal_umum` VALUES (1172, 'JRM/2505/0058', '2025-05-19', 'BEBAN LISTRIK', 21, 'DEBIT', 86926346, 0, 'PLN', NULL, NULL, NULL, '2026-05-23 08:03:48', '2026-05-23 08:03:48', NULL);
INSERT INTO `tjurnal_umum` VALUES (1173, 'JRM/2505/0058', '2025-05-19', 'BANK BCA SAHNA', 2, 'KREDIT', 0, 86926346, 'PLN', NULL, NULL, NULL, '2026-05-23 08:03:48', '2026-05-23 08:03:48', NULL);
INSERT INTO `tjurnal_umum` VALUES (1174, 'JRM/2505/0059', '2025-05-16', 'BEBAN ADM BANK', 28, 'DEBIT', 15000, 0, '', NULL, NULL, NULL, '2026-05-23 08:03:48', '2026-05-23 08:03:48', NULL);
INSERT INTO `tjurnal_umum` VALUES (1175, 'JRM/2505/0059', '2025-05-16', 'BANK BCA SAHNA', 2, 'KREDIT', 0, 15000, 'ADM', NULL, NULL, NULL, '2026-05-23 08:03:48', '2026-05-23 08:03:48', NULL);
INSERT INTO `tjurnal_umum` VALUES (1176, 'JRM/2505/0060', '2025-05-23', 'BEBAN PERJALANAN DINAS', 51, 'DEBIT', 4079048, 0, 'TIKET PSWT', NULL, NULL, NULL, '2026-05-23 08:03:48', '2026-05-23 08:03:48', NULL);
INSERT INTO `tjurnal_umum` VALUES (1177, 'JRM/2505/0060', '2025-05-23', 'BANK BCA SAHNA', 2, 'KREDIT', 0, 4079048, 'TIKET PSWT', NULL, NULL, NULL, '2026-05-23 08:03:48', '2026-05-23 08:03:48', NULL);
INSERT INTO `tjurnal_umum` VALUES (1178, 'JRM/2505/0061', '2025-05-24', 'BEBAN INTERNET', 53, 'DEBIT', 85000, 0, '', NULL, NULL, NULL, '2026-05-23 08:03:48', '2026-05-23 08:03:48', NULL);
INSERT INTO `tjurnal_umum` VALUES (1179, 'JRM/2505/0061', '2025-05-24', 'BANK BCA SAHNA', 2, 'KREDIT', 0, 85000, 'ORBIT', NULL, NULL, NULL, '2026-05-23 08:03:48', '2026-05-23 08:03:48', NULL);
INSERT INTO `tjurnal_umum` VALUES (1180, 'JRM/2507/0027', '2025-07-12', 'BEBAN GAJI UMUM', 49, 'DEBIT', 2000000, 0, 'KASBON KHOLIK', NULL, NULL, 1, '2026-05-23 08:03:48', '2026-05-23 08:03:48', NULL);
INSERT INTO `tjurnal_umum` VALUES (1181, 'JRM/2507/0028', '2025-07-13', 'BEBAN BENSIN', 37, 'DEBIT', 232000, 0, 'KOPI, GULA, TEH, SUSU', NULL, NULL, 1, '2026-05-23 08:03:48', '2026-05-23 08:03:48', NULL);
INSERT INTO `tjurnal_umum` VALUES (1182, 'JRM/2507/0028', '2025-07-13', 'BEBAN GAJI BUDIDAYA', 19, 'DEBIT', 1049000, 0, 'GAJI SUGIONO 1 - 13 JULI 2025', NULL, NULL, 1, '2026-05-23 08:03:48', '2026-05-23 08:03:48', NULL);
INSERT INTO `tjurnal_umum` VALUES (1183, 'JRM/2507/0028', '2025-07-13', 'BEBAN TIKET', 22, 'DEBIT', 1600000, 0, 'ONGKOS MEKANIK 2 ORANG', NULL, NULL, 1, '2026-05-23 08:03:48', '2026-05-23 08:03:48', NULL);
INSERT INTO `tjurnal_umum` VALUES (1184, 'JRM/2507/0028', '2025-07-13', 'KAS KECIL BANGKA', 1, 'KREDIT', 0, 232000, 'KOPI, GULA, TEH, SUSU', NULL, NULL, 1, '2026-05-23 08:03:48', '2026-05-23 08:03:48', NULL);
INSERT INTO `tjurnal_umum` VALUES (1185, 'JRM/2507/0028', '2025-07-13', 'KAS KECIL BANGKA', 1, 'KREDIT', 0, 1049000, 'GAJI SUGIONO 1 - 13 JULI 2025', NULL, NULL, 1, '2026-05-23 08:03:48', '2026-05-23 08:03:48', NULL);
INSERT INTO `tjurnal_umum` VALUES (1186, 'JRM/2507/0028', '2025-07-13', 'KAS KECIL BANGKA', 1, 'KREDIT', 0, 1600000, 'ONGKOS MEKANIK 2 ORANG', NULL, NULL, 1, '2026-05-23 08:03:48', '2026-05-23 08:03:48', NULL);
INSERT INTO `tjurnal_umum` VALUES (1187, 'JRM/2507/0028', '2025-07-13', 'BEBAN TIKET', 22, 'DEBIT', 650000, 0, 'ONGKOS SUGIONO', NULL, NULL, 1, '2026-05-23 08:03:48', '2026-05-23 08:03:48', NULL);
INSERT INTO `tjurnal_umum` VALUES (1188, 'JRM/2507/0028', '2025-07-13', 'KAS KECIL BANGKA', 1, 'KREDIT', 0, 650000, 'ONGKOS SUGIONO', NULL, NULL, 1, '2026-05-23 08:03:48', '2026-05-23 08:03:48', NULL);
INSERT INTO `tjurnal_umum` VALUES (1189, 'JRM/2507/0029', '2025-07-14', 'BEBAN TIKET', 22, 'DEBIT', 700000, 0, 'ONGKOS HABIB', NULL, NULL, 1, '2026-05-23 08:03:48', '2026-05-23 08:03:48', NULL);
INSERT INTO `tjurnal_umum` VALUES (1190, 'JRM/2507/0029', '2025-07-14', 'KAS KECIL BANGKA', 1, 'KREDIT', 0, 700000, 'ONGKOS HABIB', NULL, NULL, 1, '2026-05-23 08:03:48', '2026-05-23 08:03:48', NULL);
INSERT INTO `tjurnal_umum` VALUES (1191, 'JRM/2507/0030', '2025-07-10', 'BEBAN PERLENGKAPAN', 23, 'DEBIT', 6832000, 0, 'BELANJA DI TOKO ASUI', NULL, NULL, 1, '2026-05-23 08:03:48', '2026-05-23 08:03:48', NULL);
INSERT INTO `tjurnal_umum` VALUES (1192, 'JRM/2507/0030', '2025-07-10', 'HUTANG TOKO ASUI', 14, 'KREDIT', 0, 6832000, 'BELANJA DI TOKO ASUI', NULL, NULL, 1, '2026-05-23 08:03:48', '2026-05-23 08:03:48', NULL);
INSERT INTO `tjurnal_umum` VALUES (1193, 'JRM/2507/0027', '2025-07-12', 'BEBAN BELANJA DAPUR', 45, 'DEBIT', 3000000, 0, 'UANG MAKAN JULI 2025', NULL, NULL, 1, '2026-05-23 08:03:48', '2026-05-23 08:03:48', NULL);
INSERT INTO `tjurnal_umum` VALUES (1194, 'JRM/2507/0027', '2025-07-12', 'BEBAN GAJI UMUM', 49, 'DEBIT', 6000000, 0, 'GAJI HDPE 6 - 12 JULI 2025', NULL, NULL, 1, '2026-05-23 08:03:48', '2026-05-23 08:03:48', NULL);
INSERT INTO `tjurnal_umum` VALUES (1195, 'JRM/2507/0027', '2025-07-12', 'BEBAN GAJI UMUM', 49, 'DEBIT', 6615000, 0, 'GAJI SIPIL 6 - 12 JULI 2025', NULL, NULL, 1, '2026-05-23 08:03:48', '2026-05-23 08:03:48', NULL);
INSERT INTO `tjurnal_umum` VALUES (1196, 'JRM/2507/0027', '2025-07-12', 'BEBAN GAJI UMUM', 49, 'DEBIT', 7260000, 0, 'UPAH CUCI KOLAM 6 - 12 JULI 2025', NULL, NULL, 1, '2026-05-23 08:03:48', '2026-05-23 08:03:48', NULL);
INSERT INTO `tjurnal_umum` VALUES (1197, 'JRM/2507/0027', '2025-07-12', 'KAS KECIL BANGKA', 1, 'DEBIT', 20000000, 0, 'KAS MASUK', NULL, NULL, 1, '2026-05-23 08:03:48', '2026-05-23 08:03:48', NULL);
INSERT INTO `tjurnal_umum` VALUES (1198, 'JRM/2507/0027', '2025-07-12', 'KAS KECIL BANGKA', 1, 'KREDIT', 0, 20000, 'MAMA LEMON', NULL, NULL, 1, '2026-05-23 08:03:48', '2026-05-23 08:03:48', NULL);
INSERT INTO `tjurnal_umum` VALUES (1199, 'JRM/2507/0027', '2025-07-12', 'KAS KECIL BANGKA', 1, 'KREDIT', 0, 96000, 'GULA, SUSU, EXTRAJOSS', NULL, NULL, 1, '2026-05-23 08:03:48', '2026-05-23 08:03:48', NULL);
INSERT INTO `tjurnal_umum` VALUES (1200, 'JRM/2507/0027', '2025-07-12', 'KAS KECIL BANGKA', 1, 'KREDIT', 0, 770000, 'GAJI SIPIL 4 ORANG / 1 HARI', NULL, NULL, 1, '2026-05-23 08:03:48', '2026-05-23 08:03:48', NULL);
INSERT INTO `tjurnal_umum` VALUES (1201, 'JRM/2507/0027', '2025-07-12', 'KAS KECIL BANGKA', 1, 'KREDIT', 0, 1436500, 'LEMBURAN SIPIL 6 - 11 JULI 2025', NULL, NULL, 1, '2026-05-23 08:03:48', '2026-05-23 08:03:48', NULL);
INSERT INTO `tjurnal_umum` VALUES (1202, 'JRM/2507/0027', '2025-07-12', 'KAS KECIL BANGKA', 1, 'KREDIT', 0, 1800000, 'GAJI ORANG PIPA 2 HARI / 6 ORANG', NULL, NULL, 1, '2026-05-23 08:03:48', '2026-05-23 08:03:48', NULL);
INSERT INTO `tjurnal_umum` VALUES (1203, 'JRM/2507/0027', '2025-07-12', 'KAS KECIL BANGKA', 1, 'KREDIT', 0, 2000000, 'KASBON KHOLIK', NULL, NULL, 1, '2026-05-23 08:03:48', '2026-05-23 08:03:48', NULL);
INSERT INTO `tjurnal_umum` VALUES (1204, 'JRM/2507/0027', '2025-07-12', 'KAS KECIL BANGKA', 1, 'KREDIT', 0, 3000000, 'UANG MAKAN JULI 2025', NULL, NULL, 1, '2026-05-23 08:03:48', '2026-05-23 08:03:48', NULL);
INSERT INTO `tjurnal_umum` VALUES (1205, 'JRM/2507/0027', '2025-07-12', 'KAS KECIL BANGKA', 1, 'KREDIT', 0, 6000000, 'GAJI HDPE 6 - 12 JULI 2025', NULL, NULL, 1, '2026-05-23 08:03:48', '2026-05-23 08:03:48', NULL);
INSERT INTO `tjurnal_umum` VALUES (1206, 'JRM/2507/0027', '2025-07-12', 'KAS KECIL BANGKA', 1, 'KREDIT', 0, 6615000, 'GAJI SIPIL 6 - 12 JULI 2025', NULL, NULL, 1, '2026-05-23 08:03:48', '2026-05-23 08:03:48', NULL);
INSERT INTO `tjurnal_umum` VALUES (1207, 'JRM/2507/0027', '2025-07-12', 'KAS KECIL BANGKA', 1, 'KREDIT', 0, 7260000, 'UPAH CUCI KOLAM 6 - 12 JULI 2025', NULL, NULL, 1, '2026-05-23 08:03:48', '2026-05-23 08:03:48', NULL);
INSERT INTO `tjurnal_umum` VALUES (1208, 'JRM/2507/0027', '2025-07-12', 'BANK BCA', 3, 'KREDIT', 0, 20000000, 'KAS MASUK', NULL, NULL, 1, '2026-05-23 08:03:48', '2026-05-23 08:03:48', NULL);
INSERT INTO `tjurnal_umum` VALUES (1209, 'JRM/2507/0026', '2025-07-11', 'KAS KECIL BANGKA', 1, 'KREDIT', 0, 93000, 'ATK KANTOR', NULL, NULL, 1, '2026-05-23 08:03:48', '2026-05-23 08:03:48', NULL);
INSERT INTO `tjurnal_umum` VALUES (1210, 'JRM/2507/0026', '2025-07-11', 'KAS KECIL BANGKA', 1, 'KREDIT', 0, 600000, 'ONGKOS HDPE 4 ORANG', NULL, NULL, 1, '2026-05-23 08:03:48', '2026-05-23 08:03:48', NULL);
INSERT INTO `tjurnal_umum` VALUES (1211, 'JRM/2507/0026', '2025-07-11', 'KAS KECIL BANGKA', 1, 'KREDIT', 0, 1750000, 'PINTU 120 / 1SET', NULL, NULL, 1, '2026-05-23 08:03:48', '2026-05-23 08:03:48', NULL);
INSERT INTO `tjurnal_umum` VALUES (1212, 'JRM/2507/0026', '2025-07-11', 'KAS KECIL BANGKA', 1, 'KREDIT', 0, 7200000, 'ONGKOS ORANG PIPA 8 ORANG', NULL, NULL, 1, '2026-05-23 08:03:48', '2026-05-23 08:03:48', NULL);
INSERT INTO `tjurnal_umum` VALUES (1213, 'JRM/2507/0026', '2025-07-11', 'BANK BCA', 3, 'KREDIT', 0, 20000000, 'KAS MASUK', NULL, NULL, 1, '2026-05-23 08:03:48', '2026-05-23 08:03:48', NULL);
INSERT INTO `tjurnal_umum` VALUES (1214, 'JRM/2507/0003', '2025-07-02', 'BEBAN BELANJA DAPUR', 45, 'DEBIT', 215000, 0, 'BUAT MAKANAN', NULL, NULL, 1, '2026-05-23 08:03:48', '2026-05-23 08:03:48', NULL);
INSERT INTO `tjurnal_umum` VALUES (1215, 'JRM/2507/0033', '2025-07-14', 'HUTANG TOKO ASUI', 14, 'KREDIT', 0, 4724000, 'BELANJA DI TOKO ASUI', NULL, NULL, 1, '2026-05-23 08:03:48', '2026-05-23 08:03:48', NULL);
INSERT INTO `tjurnal_umum` VALUES (1216, 'JRM/2507/0034', '2025-07-15', 'BEBAN PERLENGKAPAN', 23, 'DEBIT', 2515000, 0, 'BELANJA DI TOKO ASUI', NULL, NULL, 1, '2026-05-23 08:03:48', '2026-05-23 08:03:48', NULL);
INSERT INTO `tjurnal_umum` VALUES (1217, 'JRM/2507/0034', '2025-07-15', 'HUTANG TOKO ASUI', 14, 'KREDIT', 0, 2515000, 'BELANJA DI TOKO ASUI', NULL, NULL, 1, '2026-05-23 08:03:48', '2026-05-23 08:03:48', NULL);
INSERT INTO `tjurnal_umum` VALUES (1218, 'JRM/2507/0027', '2025-07-12', 'BEBAN PERLENGKAPAN', 23, 'DEBIT', 230000, 0, 'BAN BEKAS', NULL, NULL, 1, '2026-05-23 08:03:48', '2026-05-23 08:03:48', NULL);
INSERT INTO `tjurnal_umum` VALUES (1219, 'JRM/2507/0027', '2025-07-12', 'KAS KECIL BANGKA', 1, 'KREDIT', 0, 230000, 'BAN BEKAS', NULL, NULL, 1, '2026-05-23 08:03:48', '2026-05-23 08:03:48', NULL);
INSERT INTO `tjurnal_umum` VALUES (1220, 'JRM/2507/0027', '2025-07-12', 'BEBAN PERLENGKAPAN', 23, 'DEBIT', 130000, 0, 'BAN BEKAS', NULL, NULL, 1, '2026-05-23 08:03:48', '2026-05-23 08:03:48', NULL);
INSERT INTO `tjurnal_umum` VALUES (1221, 'JRM/2507/0027', '2025-07-12', 'KAS KECIL BANGKA', 1, 'KREDIT', 0, 130000, 'BAN BEKAS', NULL, NULL, 1, '2026-05-23 08:03:48', '2026-05-23 08:03:48', NULL);
INSERT INTO `tjurnal_umum` VALUES (1222, 'JRM/2507/0003', '2025-07-02', 'KAS KECIL BANGKA', 1, 'KREDIT', 0, 215000, 'BUAT MAKANAN', NULL, NULL, 1, '2026-05-23 08:03:48', '2026-05-23 08:03:48', NULL);
INSERT INTO `tjurnal_umum` VALUES (1223, 'JRM/2507/0036', '2025-07-15', 'BEBAN PERLENGKAPAN', 23, 'DEBIT', 2600000, 0, 'GORONG GORONG 10 + TUTUP 2', NULL, NULL, 1, '2026-05-23 08:03:48', '2026-05-23 08:03:48', NULL);
INSERT INTO `tjurnal_umum` VALUES (1224, 'JRM/2507/0036', '2025-07-15', 'KAS KECIL BANGKA', 1, 'KREDIT', 0, 2600000, 'GORONG GORONG 10 + TUTUP 2', NULL, NULL, 1, '2026-05-23 08:03:48', '2026-05-23 08:03:48', NULL);
INSERT INTO `tjurnal_umum` VALUES (1225, 'JRM/2507/0036', '2025-07-15', 'BEBAN BELANJA DAPUR', 45, 'DEBIT', 199000, 0, 'TOLAK ANGIN, SUSU, EXTRAJOSS', NULL, NULL, 1, '2026-05-23 08:03:48', '2026-05-23 08:03:48', NULL);
INSERT INTO `tjurnal_umum` VALUES (1226, 'JRM/2507/0036', '2025-07-15', 'KAS KECIL BANGKA', 1, 'KREDIT', 0, 199000, 'TOLAK ANGIN, SUSU, EXTRAJOSS', NULL, NULL, 1, '2026-05-23 08:03:48', '2026-05-23 08:03:48', NULL);
INSERT INTO `tjurnal_umum` VALUES (1227, 'JRM/2507/0039', '2025-07-16', 'BEBAN PERLENGKAPAN', 23, 'DEBIT', 3154000, 0, 'BELANJA DI TOKO ASUI', NULL, NULL, 1, '2026-05-23 08:03:48', '2026-05-23 08:03:48', NULL);
INSERT INTO `tjurnal_umum` VALUES (1228, 'JRM/2507/0038', '2025-07-18', 'BEBAN BELANJA DAPUR', 45, 'DEBIT', 10000, 0, 'LEM LALAT', NULL, NULL, 1, '2026-05-23 08:03:48', '2026-05-23 08:03:48', NULL);
INSERT INTO `tjurnal_umum` VALUES (1229, 'JRM/2507/0038', '2025-07-18', 'BEBAN BELANJA DAPUR', 45, 'DEBIT', 20000, 0, 'MAMA LEMON', NULL, NULL, 1, '2026-05-23 08:03:48', '2026-05-23 08:03:48', NULL);
INSERT INTO `tjurnal_umum` VALUES (1230, 'JRM/2507/0038', '2025-07-18', 'BEBAN ONGKOS KIRIM', 34, 'DEBIT', 50000, 0, 'UPAH SOPIR PIPA', NULL, NULL, 1, '2026-05-23 08:03:48', '2026-05-23 08:03:48', NULL);
INSERT INTO `tjurnal_umum` VALUES (1231, 'JRM/2507/0038', '2025-07-18', 'BEBAN BELANJA DAPUR', 45, 'DEBIT', 237000, 0, 'KOPI, GULA, SUSU', NULL, NULL, 1, '2026-05-23 08:03:48', '2026-05-23 08:03:48', NULL);
INSERT INTO `tjurnal_umum` VALUES (1232, 'JRM/2507/0038', '2025-07-18', 'BEBAN PINJAMAN KARYAWAN', 63, 'DEBIT', 300000, 0, 'IRVAN KASBON', NULL, NULL, 1, '2026-05-23 08:03:48', '2026-05-23 08:03:48', NULL);
INSERT INTO `tjurnal_umum` VALUES (1233, 'JRM/2507/0038', '2025-07-18', 'BEBAN BELANJA DAPUR', 45, 'DEBIT', 600000, 0, 'UPAH BIBI BERSIHKAN RUMAH', NULL, NULL, 1, '2026-05-23 08:03:48', '2026-05-23 08:03:48', NULL);
INSERT INTO `tjurnal_umum` VALUES (1234, 'JRM/2507/0038', '2025-07-18', 'KAS KECIL BANGKA', 1, 'DEBIT', 10000000, 0, 'KAS MASUK', NULL, NULL, 1, '2026-05-23 08:03:48', '2026-05-23 08:03:48', NULL);
INSERT INTO `tjurnal_umum` VALUES (1235, 'JRM/2507/0038', '2025-07-18', 'KAS KECIL BANGKA', 1, 'KREDIT', 0, 10000, 'LEM LALAT', NULL, NULL, 1, '2026-05-23 08:03:48', '2026-05-23 08:03:48', NULL);
INSERT INTO `tjurnal_umum` VALUES (1236, 'JRM/2507/0037', '2025-07-17', 'BEBAN BELANJA DAPUR', 45, 'DEBIT', 44000, 0, 'SUSU BERUANG 4 KALENG', NULL, NULL, 1, '2026-05-23 08:03:48', '2026-05-23 08:03:48', NULL);
INSERT INTO `tjurnal_umum` VALUES (1237, 'JRM/2507/0037', '2025-07-17', 'BEBAN ONGKOS KIRIM', 34, 'DEBIT', 50000, 0, 'UPAH SOPIR PIPA', NULL, NULL, 1, '2026-05-23 08:03:48', '2026-05-23 08:03:48', NULL);
INSERT INTO `tjurnal_umum` VALUES (1238, 'JRM/2507/0037', '2025-07-17', 'BEBAN BELANJA DAPUR', 45, 'DEBIT', 82000, 0, 'GULA, SUSU, EXTRAJOSS', NULL, NULL, 1, '2026-05-23 08:03:48', '2026-05-23 08:03:48', NULL);
INSERT INTO `tjurnal_umum` VALUES (1239, 'JRM/2507/0037', '2025-07-17', 'BEBAN BELANJA DAPUR', 45, 'DEBIT', 350000, 0, 'CUMI - CUMI', NULL, NULL, 1, '2026-05-23 08:03:48', '2026-05-23 08:03:48', NULL);
INSERT INTO `tjurnal_umum` VALUES (1240, 'JRM/2507/0037', '2025-07-17', 'KAS KECIL BANGKA', 1, 'KREDIT', 0, 44000, 'SUSU BERUANG 4 KALENG', NULL, NULL, 1, '2026-05-23 08:03:48', '2026-05-23 08:03:48', NULL);
INSERT INTO `tjurnal_umum` VALUES (1241, 'JRM/2507/0037', '2025-07-17', 'KAS KECIL BANGKA', 1, 'KREDIT', 0, 50000, 'UPAH SOPIR PIPA', NULL, NULL, 1, '2026-05-23 08:03:48', '2026-05-23 08:03:48', NULL);
INSERT INTO `tjurnal_umum` VALUES (1242, 'JRM/2507/0037', '2025-07-17', 'KAS KECIL BANGKA', 1, 'KREDIT', 0, 82000, 'GULA, SUSU, EXTRAJOSS', NULL, NULL, 1, '2026-05-23 08:03:48', '2026-05-23 08:03:48', NULL);
INSERT INTO `tjurnal_umum` VALUES (1243, 'JRM/2507/0037', '2025-07-17', 'KAS KECIL BANGKA', 1, 'KREDIT', 0, 350000, 'CUMI - CUMI', NULL, NULL, 1, '2026-05-23 08:03:48', '2026-05-23 08:03:48', NULL);
INSERT INTO `tjurnal_umum` VALUES (1244, 'JRM/2507/0035', '2025-07-16', 'BEBAN GAJI UMUM', 49, 'DEBIT', 3000000, 0, 'KHOLIK KASBON', NULL, NULL, 1, '2026-05-23 08:03:48', '2026-05-23 08:03:48', NULL);
INSERT INTO `tjurnal_umum` VALUES (1245, 'JRM/2507/0035', '2025-07-16', 'BEBAN BELANJA DAPUR', 45, 'DEBIT', 3000000, 0, 'UANG MAKAN JULI 2025', NULL, NULL, 1, '2026-05-23 08:03:48', '2026-05-23 08:03:48', NULL);
INSERT INTO `tjurnal_umum` VALUES (1246, 'JRM/2507/0035', '2025-07-16', 'KAS KECIL BANGKA', 1, 'DEBIT', 10000000, 0, 'KAS MASUK', NULL, NULL, 1, '2026-05-23 08:03:48', '2026-05-23 08:03:48', NULL);
INSERT INTO `tjurnal_umum` VALUES (1247, 'JRM/2507/0035', '2025-07-16', 'KAS KECIL BANGKA', 1, 'KREDIT', 0, 3000000, 'KHOLIK KASBON', NULL, NULL, 1, '2026-05-23 08:03:48', '2026-05-23 08:03:48', NULL);
INSERT INTO `tjurnal_umum` VALUES (1248, 'JRM/2507/0035', '2025-07-16', 'KAS KECIL BANGKA', 1, 'KREDIT', 0, 3000000, 'UANG MAKAN JULI 2025', NULL, NULL, 1, '2026-05-23 08:03:48', '2026-05-23 08:03:48', NULL);
INSERT INTO `tjurnal_umum` VALUES (1249, 'JRM/2507/0035', '2025-07-16', 'BANK BCA', 3, 'KREDIT', 0, 10000000, 'KAS MASUK', NULL, NULL, 1, '2026-05-23 08:03:48', '2026-05-23 08:03:48', NULL);
INSERT INTO `tjurnal_umum` VALUES (1250, 'JRM/2507/0040', '2025-07-17', 'BEBAN PERLENGKAPAN', 23, 'DEBIT', 3452000, 0, 'BELANJA DI TOKO ASUI', NULL, NULL, 1, '2026-05-23 08:03:48', '2026-05-23 08:03:48', NULL);
INSERT INTO `tjurnal_umum` VALUES (1251, 'JRM/2507/0040', '2025-07-17', 'HUTANG TOKO ASUI', 14, 'KREDIT', 0, 3452000, 'BELANJA DI TOKO ASUI', NULL, NULL, 1, '2026-05-23 08:03:48', '2026-05-23 08:03:48', NULL);
INSERT INTO `tjurnal_umum` VALUES (1252, 'JRM/2507/0039', '2025-07-16', 'HUTANG TOKO ASUI', 14, 'KREDIT', 0, 3154000, 'BELANJA DI TOKO ASUI', NULL, NULL, 1, '2026-05-23 08:03:48', '2026-05-23 08:03:48', NULL);
INSERT INTO `tjurnal_umum` VALUES (1253, 'JRM/2507/0038', '2025-07-18', 'KAS KECIL BANGKA', 1, 'KREDIT', 0, 20000, 'MAMA LEMON', NULL, NULL, 1, '2026-05-23 08:03:48', '2026-05-23 08:03:48', NULL);
INSERT INTO `tjurnal_umum` VALUES (1254, 'JRM/2507/0038', '2025-07-18', 'KAS KECIL BANGKA', 1, 'KREDIT', 0, 50000, 'UPAH SOPIR PIPA', NULL, NULL, 1, '2026-05-23 08:03:48', '2026-05-23 08:03:48', NULL);
INSERT INTO `tjurnal_umum` VALUES (1255, 'JRM/2507/0038', '2025-07-18', 'KAS KECIL BANGKA', 1, 'KREDIT', 0, 237000, 'KOPI, GULA, SUSU', NULL, NULL, 1, '2026-05-23 08:03:48', '2026-05-23 08:03:48', NULL);
INSERT INTO `tjurnal_umum` VALUES (1256, 'JRM/2507/0038', '2025-07-18', 'KAS KECIL BANGKA', 1, 'KREDIT', 0, 300000, 'IRVAN KASBON', NULL, NULL, 1, '2026-05-23 08:03:48', '2026-05-23 08:03:48', NULL);
INSERT INTO `tjurnal_umum` VALUES (1257, 'JRM/2507/0038', '2025-07-18', 'KAS KECIL BANGKA', 1, 'KREDIT', 0, 600000, 'UPAH BIBI BERSIHKAN RUMAH', NULL, NULL, 1, '2026-05-23 08:03:48', '2026-05-23 08:03:48', NULL);
INSERT INTO `tjurnal_umum` VALUES (1258, 'JRM/2507/0038', '2025-07-18', 'BANK BCA', 3, 'KREDIT', 0, 10000000, 'KAS MASUK', NULL, NULL, 1, '2026-05-23 08:03:48', '2026-05-23 08:03:48', NULL);
INSERT INTO `tjurnal_umum` VALUES (1259, 'JRM/2507/0037', '2025-07-17', 'BEBAN BENSIN', 37, 'DEBIT', 250000, 0, 'BBM GRANDMAX', NULL, NULL, 1, '2026-05-23 08:03:48', '2026-05-23 08:03:48', NULL);
INSERT INTO `tjurnal_umum` VALUES (1260, 'JRM/2507/0037', '2025-07-17', 'KAS KECIL BANGKA', 1, 'KREDIT', 0, 250000, 'BBM GRANDMAX', NULL, NULL, 1, '2026-05-23 08:03:48', '2026-05-23 08:03:48', NULL);
INSERT INTO `tjurnal_umum` VALUES (1261, 'JRM/2507/0042', '2025-07-20', 'BEBAN BELANJA DAPUR', 45, 'DEBIT', 36000, 0, 'GULA', NULL, NULL, 1, '2026-05-23 08:03:48', '2026-05-23 08:03:48', NULL);
INSERT INTO `tjurnal_umum` VALUES (1262, 'JRM/2507/0042', '2025-07-20', 'KAS KECIL BANGKA', 1, 'KREDIT', 0, 36000, 'GULA', NULL, NULL, 1, '2026-05-23 08:03:48', '2026-05-23 08:03:48', NULL);
INSERT INTO `tjurnal_umum` VALUES (1263, 'JRM/2507/0035', '2025-07-16', 'BEBAN TIKET', 22, 'DEBIT', 1427000, 0, 'TIKET MAFAKIR', NULL, NULL, 1, '2026-05-23 08:03:48', '2026-05-23 08:03:48', NULL);
INSERT INTO `tjurnal_umum` VALUES (1264, 'JRM/2507/0035', '2025-07-16', 'KAS KECIL BANGKA', 1, 'KREDIT', 0, 1427000, 'TIKET MAFAKIR', NULL, NULL, 1, '2026-05-23 08:03:48', '2026-05-23 08:03:48', NULL);
INSERT INTO `tjurnal_umum` VALUES (1265, 'JRM/2507/0043', '2025-07-19', 'BEBAN PERLENGKAPAN', 23, 'DEBIT', 2570000, 0, 'BELANJA DI TOKO ASUI', NULL, NULL, 1, '2026-05-23 08:03:48', '2026-05-23 08:03:48', NULL);
INSERT INTO `tjurnal_umum` VALUES (1266, 'JRM/2507/0043', '2025-07-19', 'HUTANG TOKO ASUI', 14, 'KREDIT', 0, 2570000, 'BELANJA DI TOKO ASUI', NULL, NULL, 1, '2026-05-23 08:03:48', '2026-05-23 08:03:48', NULL);
INSERT INTO `tjurnal_umum` VALUES (1267, 'JRM/2507/0044', '2025-07-21', 'BEBAN PERLENGKAPAN', 23, 'DEBIT', 1670000, 0, 'BELANJA DI TOKO ASUI', NULL, NULL, 1, '2026-05-23 08:03:48', '2026-05-23 08:03:48', NULL);
INSERT INTO `tjurnal_umum` VALUES (1268, 'JRM/2507/0044', '2025-07-21', 'HUTANG TOKO ASUI', 14, 'KREDIT', 0, 1670000, 'BELANJA DI TOKO ASUI', NULL, NULL, 1, '2026-05-23 08:03:48', '2026-05-23 08:03:48', NULL);
INSERT INTO `tjurnal_umum` VALUES (1269, 'JRM/2507/0045', '2025-07-21', 'BEBAN PERLENGKAPAN', 23, 'DEBIT', 3171000, 0, 'BELANJA DI TOKO ASUI', NULL, NULL, 1, '2026-05-23 08:03:48', '2026-05-23 08:03:48', NULL);
INSERT INTO `tjurnal_umum` VALUES (1270, 'JRM/2507/0045', '2025-07-21', 'HUTANG TOKO ASUI', 14, 'KREDIT', 0, 3171000, 'BELANJA DI TOKO ASUI', NULL, NULL, 1, '2026-05-23 08:03:48', '2026-05-23 08:03:48', NULL);
INSERT INTO `tjurnal_umum` VALUES (1271, 'JRM/2507/0047', '2025-07-21', 'BEBAN GAJI UMUM', 49, 'DEBIT', 50000, 0, 'UPAH SOPIR PIPA', NULL, NULL, 1, '2026-05-23 08:03:48', '2026-05-23 08:03:48', NULL);
INSERT INTO `tjurnal_umum` VALUES (1272, 'JRM/2507/0047', '2025-07-21', 'KAS KECIL BANGKA', 1, 'KREDIT', 0, 50000, 'UPAH SOPIR PIPA', NULL, NULL, 1, '2026-05-23 08:03:48', '2026-05-23 08:03:48', NULL);
INSERT INTO `tjurnal_umum` VALUES (1273, 'JRM/2507/0047', '2025-07-21', 'BEBAN BELANJA DAPUR', 45, 'DEBIT', 130000, 0, 'GULA, TEH, SUSU, EXTRAJOSS', NULL, NULL, 1, '2026-05-23 08:03:48', '2026-05-23 08:03:48', NULL);
INSERT INTO `tjurnal_umum` VALUES (1274, 'JRM/2507/0047', '2025-07-21', 'KAS KECIL BANGKA', 1, 'KREDIT', 0, 130000, 'GULA, TEH, SUSU, EXTRAJOSS', NULL, NULL, 1, '2026-05-23 08:03:48', '2026-05-23 08:03:48', NULL);
INSERT INTO `tjurnal_umum` VALUES (1275, 'JRM/2507/0047', '2025-07-21', 'BEBAN TIKET', 22, 'DEBIT', 650000, 0, 'ONGKOS LUHKY', NULL, NULL, 1, '2026-05-23 08:03:48', '2026-05-23 08:03:48', NULL);
INSERT INTO `tjurnal_umum` VALUES (1276, 'JRM/2507/0047', '2025-07-21', 'KAS KECIL BANGKA', 1, 'KREDIT', 0, 650000, 'ONGKOS LUHKY', NULL, NULL, 1, '2026-05-23 08:03:48', '2026-05-23 08:03:48', NULL);
INSERT INTO `tjurnal_umum` VALUES (1277, 'JRM/2507/0047', '2025-07-21', 'BEBAN BELANJA DAPUR', 45, 'DEBIT', 21000, 0, 'TEMPELAN LALAT', NULL, NULL, 1, '2026-05-23 08:03:48', '2026-05-23 08:03:48', NULL);
INSERT INTO `tjurnal_umum` VALUES (1278, 'JRM/2507/0047', '2025-07-21', 'KAS KECIL BANGKA', 1, 'KREDIT', 0, 21000, 'TEMPELAN LALAT', NULL, NULL, 1, '2026-05-23 08:03:48', '2026-05-23 08:03:48', NULL);
INSERT INTO `tjurnal_umum` VALUES (1279, 'JRM/2507/0046', '2025-07-22', 'BEBAN PERLENGKAPAN', 23, 'DEBIT', 11105000, 0, 'BELANJA DI TOKO ASUI', NULL, NULL, 1, '2026-05-23 08:03:48', '2026-05-23 08:03:48', NULL);
INSERT INTO `tjurnal_umum` VALUES (1280, 'JRM/2507/0046', '2025-07-22', 'HUTANG TOKO ASUI', 14, 'KREDIT', 0, 11105000, 'BELANJA DI TOKO ASUI', NULL, NULL, 1, '2026-05-23 08:03:48', '2026-05-23 08:03:48', NULL);
INSERT INTO `tjurnal_umum` VALUES (1281, 'JRM/2507/0048', '2025-07-22', 'BEBAN PERLENGKAPAN', 23, 'DEBIT', 273000, 0, 'TOPENG LAS & SEPATU BOAT', NULL, NULL, 1, '2026-05-23 08:03:48', '2026-05-23 08:03:48', NULL);
INSERT INTO `tjurnal_umum` VALUES (1282, 'JRM/2507/0048', '2025-07-22', 'KAS KECIL BANGKA', 1, 'DEBIT', 10000000, 0, 'KAS MASUK', NULL, NULL, 1, '2026-05-23 08:03:48', '2026-05-23 08:03:48', NULL);
INSERT INTO `tjurnal_umum` VALUES (1283, 'JRM/2507/0048', '2025-07-22', 'KAS KECIL BANGKA', 1, 'KREDIT', 0, 273000, 'TOPENG LAS & SEPATU BOAT', NULL, NULL, 1, '2026-05-23 08:03:48', '2026-05-23 08:03:48', NULL);
INSERT INTO `tjurnal_umum` VALUES (1284, 'JRM/2507/0048', '2025-07-22', 'BANK BCA', 3, 'KREDIT', 0, 10000000, 'KAS MASUK', NULL, NULL, 1, '2026-05-23 08:03:48', '2026-05-23 08:03:48', NULL);
INSERT INTO `tjurnal_umum` VALUES (1285, 'JRM/2507/0049', '2025-07-23', 'BEBAN BELANJA DAPUR', 45, 'DEBIT', 91000, 0, 'SUSU, GULA, TEH', NULL, NULL, 1, '2026-05-23 08:03:48', '2026-05-23 08:03:48', NULL);
INSERT INTO `tjurnal_umum` VALUES (1286, 'JRM/2507/0049', '2025-07-23', 'BEBAN PERLENGKAPAN', 23, 'DEBIT', 95000, 0, 'HANGER', NULL, NULL, 1, '2026-05-23 08:03:48', '2026-05-23 08:03:48', NULL);
INSERT INTO `tjurnal_umum` VALUES (1287, 'JRM/2507/0049', '2025-07-23', 'BEBAN PERLENGKAPAN', 23, 'DEBIT', 103500, 0, 'MASKER & RELAY 220 V', NULL, NULL, 1, '2026-05-23 08:03:48', '2026-05-23 08:03:48', NULL);
INSERT INTO `tjurnal_umum` VALUES (1288, 'JRM/2507/0049', '2025-07-23', 'BEBAN GAJI UMUM', 49, 'DEBIT', 3000000, 0, 'GAJI KHOLIK', NULL, NULL, 1, '2026-05-23 08:03:48', '2026-05-23 08:03:48', NULL);
INSERT INTO `tjurnal_umum` VALUES (1289, 'JRM/2507/0049', '2025-07-23', 'BEBAN BELANJA DAPUR', 45, 'DEBIT', 3000000, 0, 'UANG MAKAN JULI 2025', NULL, NULL, 1, '2026-05-23 08:03:48', '2026-05-23 08:03:48', NULL);
INSERT INTO `tjurnal_umum` VALUES (1290, 'JRM/2507/0049', '2025-07-23', 'KAS KECIL BANGKA', 1, 'KREDIT', 0, 50000, 'REHAB PINTU', NULL, NULL, 1, '2026-05-23 08:03:48', '2026-05-23 08:03:48', NULL);
INSERT INTO `tjurnal_umum` VALUES (1291, 'JRM/2507/0049', '2025-07-23', 'KAS KECIL BANGKA', 1, 'KREDIT', 0, 91000, 'SUSU, GULA, TEH', NULL, NULL, 1, '2026-05-23 08:03:48', '2026-05-23 08:03:48', NULL);
INSERT INTO `tjurnal_umum` VALUES (1292, 'JRM/2507/0049', '2025-07-23', 'KAS KECIL BANGKA', 1, 'KREDIT', 0, 95000, 'HANGER', NULL, NULL, 1, '2026-05-23 08:03:48', '2026-05-23 08:03:48', NULL);
INSERT INTO `tjurnal_umum` VALUES (1293, 'JRM/2507/0049', '2025-07-23', 'KAS KECIL BANGKA', 1, 'KREDIT', 0, 103500, 'MASKER & RELAY 220 V', NULL, NULL, 1, '2026-05-23 08:03:48', '2026-05-23 08:03:48', NULL);
INSERT INTO `tjurnal_umum` VALUES (1294, 'JRM/2507/0049', '2025-07-23', 'KAS KECIL BANGKA', 1, 'KREDIT', 0, 3000000, 'GAJI KHOLIK', NULL, NULL, 1, '2026-05-23 08:03:48', '2026-05-23 08:03:48', NULL);
INSERT INTO `tjurnal_umum` VALUES (1295, 'JRM/2507/0049', '2025-07-23', 'KAS KECIL BANGKA', 1, 'KREDIT', 0, 3000000, 'UANG MAKAN JULI 2025', NULL, NULL, 1, '2026-05-23 08:03:48', '2026-05-23 08:03:48', NULL);
INSERT INTO `tjurnal_umum` VALUES (1296, 'JRM/2507/0050', '2025-07-02', 'BEBAN PERLENGKAPAN', 23, 'DEBIT', 440000, 0, 'BELANJA DI TOKO ASUI', NULL, NULL, 1, '2026-05-23 08:03:48', '2026-05-23 08:03:48', NULL);
INSERT INTO `tjurnal_umum` VALUES (1297, 'JRM/2507/0050', '2025-07-02', 'HUTANG TOKO ASUI', 14, 'KREDIT', 0, 440000, 'BELANJA DI TOKO ASUI', NULL, NULL, 1, '2026-05-23 08:03:48', '2026-05-23 08:03:48', NULL);
INSERT INTO `tjurnal_umum` VALUES (1298, 'JRM/2507/0051', '2025-07-25', 'BEBAN PERLENGKAPAN', 23, 'DEBIT', 3364000, 0, 'BELANJA DI TOKO ASUI', NULL, NULL, 1, '2026-05-23 08:03:48', '2026-05-23 08:03:48', NULL);
INSERT INTO `tjurnal_umum` VALUES (1299, 'JRM/2507/0051', '2025-07-25', 'HUTANG TOKO ASUI', 14, 'KREDIT', 0, 3364000, 'BELANJA DI TOKO ASUI', NULL, NULL, 1, '2026-05-23 08:03:48', '2026-05-23 08:03:48', NULL);
INSERT INTO `tjurnal_umum` VALUES (1300, 'JRM/2507/0052', '2025-07-26', 'BEBAN PERLENGKAPAN', 23, 'DEBIT', 2380000, 0, 'BELANJA DI TOKO ASUI', NULL, NULL, 1, '2026-05-23 08:03:48', '2026-05-23 08:03:48', NULL);
INSERT INTO `tjurnal_umum` VALUES (1301, 'JRM/2507/0052', '2025-07-26', 'HUTANG TOKO ASUI', 14, 'KREDIT', 0, 2380000, 'BELANJA DI TOKO ASUI', NULL, NULL, 1, '2026-05-23 08:03:48', '2026-05-23 08:03:48', NULL);
INSERT INTO `tjurnal_umum` VALUES (1302, 'JRM/2507/0053', '2025-07-28', 'BEBAN PERLENGKAPAN', 23, 'DEBIT', 615000, 0, 'BELANJA DI TOKO ASUI', NULL, NULL, 1, '2026-05-23 08:03:48', '2026-05-23 08:03:48', NULL);
INSERT INTO `tjurnal_umum` VALUES (1303, 'JRM/2507/0053', '2025-07-28', 'HUTANG TOKO ASUI', 14, 'KREDIT', 0, 615000, 'BELANJA DI TOKO ASUI', NULL, NULL, 1, '2026-05-23 08:03:48', '2026-05-23 08:03:48', NULL);
INSERT INTO `tjurnal_umum` VALUES (1304, 'JRM/2507/0054', '2025-07-03', 'BEBAN PERLENGKAPAN', 23, 'DEBIT', 7200000, 0, 'BELANJA DI TOKO ASUI', NULL, NULL, 1, '2026-05-23 08:03:48', '2026-05-23 08:03:48', NULL);
INSERT INTO `tjurnal_umum` VALUES (1305, 'JRM/2507/0054', '2025-07-03', 'HUTANG TOKO ASUI', 14, 'KREDIT', 0, 7200000, 'BELANJA DI TOKO ASUI', NULL, NULL, 1, '2026-05-23 08:03:48', '2026-05-23 08:03:48', NULL);
INSERT INTO `tjurnal_umum` VALUES (1306, 'JRM/2507/0055', '2025-07-08', 'BEBAN PERLENGKAPAN', 23, 'DEBIT', 1500000, 0, 'BELANJA DI TOKO ASUI', NULL, NULL, 1, '2026-05-23 08:03:48', '2026-05-23 08:03:48', NULL);
INSERT INTO `tjurnal_umum` VALUES (1307, 'JRM/2507/0055', '2025-07-08', 'HUTANG TOKO ASUI', 14, 'KREDIT', 0, 1500000, 'BELANJA DI TOKO ASUI', NULL, NULL, 1, '2026-05-23 08:03:48', '2026-05-23 08:03:48', NULL);
INSERT INTO `tjurnal_umum` VALUES (1308, 'JRM/2507/0056', '2025-07-16', 'BEBAN PERLENGKAPAN', 23, 'DEBIT', 1230000, 0, 'BELANJA DI TOKO ASUI', NULL, NULL, 1, '2026-05-23 08:03:48', '2026-05-23 08:03:48', NULL);
INSERT INTO `tjurnal_umum` VALUES (1309, 'JRM/2507/0056', '2025-07-16', 'HUTANG TOKO ASUI', 14, 'KREDIT', 0, 1230000, 'BELANJA DI TOKO ASUI', NULL, NULL, 1, '2026-05-23 08:03:48', '2026-05-23 08:03:48', NULL);
INSERT INTO `tjurnal_umum` VALUES (1310, 'JRM/2507/0057', '2025-07-24', 'KAS KECIL BANGKA', 1, 'KREDIT', 0, 278000, 'KOPI, GULA, TEH, SUSU', NULL, NULL, 1, '2026-05-23 08:03:48', '2026-05-23 08:03:48', NULL);
INSERT INTO `tjurnal_umum` VALUES (1311, 'JRM/2507/0057', '2025-07-24', 'BEBAN BELANJA DAPUR', 45, 'DEBIT', 278000, 0, 'KOPI, GULA, TEH, SUSU', NULL, NULL, 1, '2026-05-23 08:03:48', '2026-05-23 08:03:48', NULL);
INSERT INTO `tjurnal_umum` VALUES (1312, 'JRM/2507/0058', '2025-07-25', 'BEBAN BELANJA DAPUR', 45, 'DEBIT', 123000, 0, 'GULA, SUSU, EXTRAJOSS', NULL, NULL, 1, '2026-05-23 08:03:48', '2026-05-23 08:03:48', NULL);
INSERT INTO `tjurnal_umum` VALUES (1313, 'JRM/2507/0058', '2025-07-25', 'KAS KECIL BANGKA', 1, 'KREDIT', 0, 123000, 'GULA, SUSU, EXTRAJOSS', NULL, NULL, 1, '2026-05-23 08:03:48', '2026-05-23 08:03:48', NULL);
INSERT INTO `tjurnal_umum` VALUES (1314, 'JRM/2507/0058', '2025-07-25', 'BEBAN BELANJA DAPUR', 45, 'DEBIT', 20000, 0, 'MAMA LEMON', NULL, NULL, 1, '2026-05-23 08:03:48', '2026-05-23 08:03:48', NULL);
INSERT INTO `tjurnal_umum` VALUES (1315, 'JRM/2507/0058', '2025-07-25', 'KAS KECIL BANGKA', 1, 'KREDIT', 0, 20000, 'MAMA LEMON', NULL, NULL, 1, '2026-05-23 08:03:48', '2026-05-23 08:03:48', NULL);
INSERT INTO `tjurnal_umum` VALUES (1316, 'JRM/2507/0058', '2025-07-25', 'BEBAN TIKET', 22, 'DEBIT', 1400000, 0, 'ONGKOS FEEDER 2 ORANG', NULL, NULL, 1, '2026-05-23 08:03:48', '2026-05-23 08:03:48', NULL);
INSERT INTO `tjurnal_umum` VALUES (1317, 'JRM/2507/0058', '2025-07-25', 'KAS KECIL BANGKA', 1, 'KREDIT', 0, 1400000, 'ONGKOS FEEDER 2 ORANG', NULL, NULL, 1, '2026-05-23 08:03:48', '2026-05-23 08:03:48', NULL);
INSERT INTO `tjurnal_umum` VALUES (1318, 'JRM/2507/0059', '2025-07-26', 'BEBAN BELANJA DAPUR', 45, 'DEBIT', 86000, 0, 'GULA, SUSU', NULL, NULL, 1, '2026-05-23 08:03:48', '2026-05-23 08:03:48', NULL);
INSERT INTO `tjurnal_umum` VALUES (1319, 'JRM/2507/0059', '2025-07-26', 'BEBAN GAJI UMUM', 49, 'DEBIT', 135000, 0, 'LEMBURAN ORANG HDPE 25 JULI 2025', NULL, NULL, 1, '2026-05-23 08:03:48', '2026-05-23 08:03:48', NULL);
INSERT INTO `tjurnal_umum` VALUES (1320, 'JRM/2507/0059', '2025-07-26', 'BEBAN BELANJA DAPUR', 45, 'DEBIT', 296000, 0, 'BUAT MAKANAN', NULL, NULL, 1, '2026-05-23 08:03:48', '2026-05-23 08:03:48', NULL);
INSERT INTO `tjurnal_umum` VALUES (1321, 'JRM/2507/0059', '2025-07-26', 'BEBAN TELEPON/FAX/HP', 36, 'DEBIT', 450000, 0, 'PERBAIKAN HP PAK SUMAR', NULL, NULL, 1, '2026-05-23 08:03:48', '2026-05-23 08:03:48', NULL);
INSERT INTO `tjurnal_umum` VALUES (1322, 'JRM/2507/0059', '2025-07-26', 'BEBAN GAJI UMUM', 49, 'DEBIT', 1364000, 0, 'LEMBURAN SIPIL 20 - 25 JULI 2025', NULL, NULL, 1, '2026-05-23 08:03:48', '2026-05-23 08:03:48', NULL);
INSERT INTO `tjurnal_umum` VALUES (1323, 'JRM/2507/0059', '2025-07-26', 'BEBAN TIKET', 22, 'DEBIT', 1478000, 0, 'TIKET MAFAKIR', NULL, NULL, 1, '2026-05-23 08:03:48', '2026-05-23 08:03:48', NULL);
INSERT INTO `tjurnal_umum` VALUES (1324, 'JRM/2507/0059', '2025-07-26', 'BEBAN GAJI UMUM', 49, 'DEBIT', 1799000, 0, 'LEMBURAN ORANG PIPA 20 - 25 JULI 2025', NULL, NULL, 1, '2026-05-23 08:03:48', '2026-05-23 08:03:48', NULL);
INSERT INTO `tjurnal_umum` VALUES (1325, 'JRM/2507/0059', '2025-07-26', 'BEBAN GAJI UMUM', 49, 'DEBIT', 3780000, 0, 'GAJI HDPE 20 - 26 JULI 2025', NULL, NULL, 1, '2026-05-23 08:03:48', '2026-05-23 08:03:48', NULL);
INSERT INTO `tjurnal_umum` VALUES (1326, 'JRM/2507/0059', '2025-07-26', 'BEBAN GAJI BUDIDAYA', 19, 'DEBIT', 6600000, 0, 'GAJI ORANG PIPA 20 - 26 JULI 2025', NULL, NULL, 1, '2026-05-23 08:03:48', '2026-05-23 08:03:48', NULL);
INSERT INTO `tjurnal_umum` VALUES (1327, 'JRM/2507/0059', '2025-07-26', 'BEBAN GAJI UMUM', 49, 'DEBIT', 9550000, 0, 'GAJI SIPIL 20 - 26 JULI 2025', NULL, NULL, 1, '2026-05-23 08:03:48', '2026-05-23 08:03:48', NULL);
INSERT INTO `tjurnal_umum` VALUES (1328, 'JRM/2507/0059', '2025-07-26', 'KAS KECIL BANGKA', 1, 'DEBIT', 30000000, 0, 'KAS MASUK', NULL, NULL, 1, '2026-05-23 08:03:48', '2026-05-23 08:03:48', NULL);
INSERT INTO `tjurnal_umum` VALUES (1329, 'JRM/2507/0059', '2025-07-26', 'KAS KECIL BANGKA', 1, 'KREDIT', 0, 86000, 'GULA, SUSU', NULL, NULL, 1, '2026-05-23 08:03:48', '2026-05-23 08:03:48', NULL);
INSERT INTO `tjurnal_umum` VALUES (1330, 'JRM/2507/0041', '2025-07-19', 'KAS KECIL BANGKA', 1, 'KREDIT', 0, 2200000, 'KACA MATI & JENDELA', NULL, NULL, 1, '2026-05-23 08:03:48', '2026-05-23 08:03:48', NULL);
INSERT INTO `tjurnal_umum` VALUES (1331, 'JRM/2507/0041', '2025-07-19', 'KAS KECIL BANGKA', 1, 'KREDIT', 0, 3540000, 'GAJI ORANG KARPET 13 - 19 JULI 2025', NULL, NULL, 1, '2026-05-23 08:03:48', '2026-05-23 08:03:48', NULL);
INSERT INTO `tjurnal_umum` VALUES (1332, 'JRM/2507/0041', '2025-07-19', 'KAS KECIL BANGKA', 1, 'KREDIT', 0, 5220000, 'UPAH CUCI KOLAM 13 - 19 JULI 2025', NULL, NULL, 1, '2026-05-23 08:03:48', '2026-05-23 08:03:48', NULL);
INSERT INTO `tjurnal_umum` VALUES (1333, 'JRM/2507/0041', '2025-07-19', 'KAS KECIL BANGKA', 1, 'KREDIT', 0, 6300000, 'GAJI ORANG PIPA 13 - 19 JULI 2025', NULL, NULL, 1, '2026-05-23 08:03:48', '2026-05-23 08:03:48', NULL);
INSERT INTO `tjurnal_umum` VALUES (1334, 'JRM/2507/0041', '2025-07-19', 'KAS KECIL BANGKA', 1, 'KREDIT', 0, 8490000, 'GAJI SIPIL 13 - 19 JULI 2025', NULL, NULL, 1, '2026-05-23 08:03:48', '2026-05-23 08:03:48', NULL);
INSERT INTO `tjurnal_umum` VALUES (1335, 'JRM/2507/0041', '2025-07-19', 'KAS KECIL BANGKA', 1, 'KREDIT', 0, 10000000, 'KASBON KHOLIK', NULL, NULL, 1, '2026-05-23 08:03:48', '2026-05-23 08:03:48', NULL);
INSERT INTO `tjurnal_umum` VALUES (1336, 'JRM/2507/0041', '2025-07-19', 'BANK BCA', 3, 'KREDIT', 0, 30000000, 'KAS MASUK', NULL, NULL, 1, '2026-05-23 08:03:48', '2026-05-23 08:03:48', NULL);
INSERT INTO `tjurnal_umum` VALUES (1337, 'JRM/2507/0061', '2025-07-28', 'BEBAN BELANJA DAPUR', 45, 'DEBIT', 229000, 0, 'GULA, TEH, SUSU', NULL, NULL, 1, '2026-05-23 08:03:48', '2026-05-23 08:03:48', NULL);
INSERT INTO `tjurnal_umum` VALUES (1338, 'JRM/2507/0061', '2025-07-28', 'BEBAN TIKET', 22, 'DEBIT', 700000, 0, 'TRAVEL HABIB', NULL, NULL, 1, '2026-05-23 08:03:48', '2026-05-23 08:03:48', NULL);
INSERT INTO `tjurnal_umum` VALUES (1339, 'JRM/2507/0061', '2025-07-28', 'KAS KECIL BANGKA', 1, 'KREDIT', 0, 229000, 'GULA, TEH, SUSU', NULL, NULL, 1, '2026-05-23 08:03:48', '2026-05-23 08:03:48', NULL);
INSERT INTO `tjurnal_umum` VALUES (1340, 'JRM/2507/0061', '2025-07-28', 'KAS KECIL BANGKA', 1, 'KREDIT', 0, 700000, 'TRAVEL HABIB', NULL, NULL, 1, '2026-05-23 08:03:48', '2026-05-23 08:03:48', NULL);
INSERT INTO `tjurnal_umum` VALUES (1341, 'JRM/2507/0061', '2025-07-28', 'KAS KECIL BANGKA', 1, 'DEBIT', 10000000, 0, 'KAS MASUK', NULL, NULL, 1, '2026-05-23 08:03:48', '2026-05-23 08:03:48', NULL);
INSERT INTO `tjurnal_umum` VALUES (1342, 'JRM/2507/0061', '2025-07-28', 'BANK BCA', 3, 'KREDIT', 0, 10000000, 'KAS MASUK', NULL, NULL, 1, '2026-05-23 08:03:48', '2026-05-23 08:03:48', NULL);
INSERT INTO `tjurnal_umum` VALUES (1343, 'JRM/2507/0061', '2025-07-28', 'BEBAN GAJI UMUM', 49, 'DEBIT', 5000000, 0, 'GAJI KHOLIK', NULL, NULL, 1, '2026-05-23 08:03:48', '2026-05-23 08:03:48', NULL);
INSERT INTO `tjurnal_umum` VALUES (1344, 'JRM/2507/0061', '2025-07-28', 'KAS KECIL BANGKA', 1, 'KREDIT', 0, 5000000, 'GAJI KHOLIK', NULL, NULL, 1, '2026-05-23 08:03:48', '2026-05-23 08:03:48', NULL);
INSERT INTO `tjurnal_umum` VALUES (1345, 'JRM/2507/0064', '2025-07-30', 'BEBAN BELANJA DAPUR', 45, 'DEBIT', 119000, 0, 'GULA, TEH, SUSU', NULL, NULL, 1, '2026-05-23 08:03:48', '2026-05-23 08:03:48', NULL);
INSERT INTO `tjurnal_umum` VALUES (1346, 'JRM/2507/0064', '2025-07-30', 'KAS KECIL BANGKA', 1, 'KREDIT', 0, 119000, 'GULA, TEH, SUSU', NULL, NULL, 1, '2026-05-23 08:03:48', '2026-05-23 08:03:48', NULL);
INSERT INTO `tjurnal_umum` VALUES (1347, 'JRM/2507/0064', '2025-07-30', 'BEBAN ANGKUTAN', 30, 'DEBIT', 50000, 0, 'UPAH SUPIR PIPA', NULL, NULL, 1, '2026-05-23 08:03:48', '2026-05-23 08:03:48', NULL);
INSERT INTO `tjurnal_umum` VALUES (1348, 'JRM/2507/0064', '2025-07-30', 'KAS KECIL BANGKA', 1, 'KREDIT', 0, 50000, 'UPAH SUPIR PIPA', NULL, NULL, 1, '2026-05-23 08:03:48', '2026-05-23 08:03:48', NULL);
INSERT INTO `tjurnal_umum` VALUES (1349, 'JRM/2507/0064', '2025-07-30', 'PERLENGKAPAN KANTOR', 12, 'DEBIT', 129000, 0, 'ATK KANTOR', NULL, NULL, 1, '2026-05-23 08:03:48', '2026-05-23 08:03:48', NULL);
INSERT INTO `tjurnal_umum` VALUES (1350, 'JRM/2507/0064', '2025-07-30', 'KAS KECIL BANGKA', 1, 'KREDIT', 0, 129000, 'ATK KANTOR', NULL, NULL, 1, '2026-05-23 08:03:48', '2026-05-23 08:03:48', NULL);
INSERT INTO `tjurnal_umum` VALUES (1351, 'JRM/2507/0064', '2025-07-30', 'BEBAN ANGKUTAN', 30, 'DEBIT', 500000, 0, 'UPAH ANTAR PAKAN', NULL, NULL, 1, '2026-05-23 08:03:48', '2026-05-23 08:03:48', NULL);
INSERT INTO `tjurnal_umum` VALUES (1352, 'JRM/2507/0064', '2025-07-30', 'KAS KECIL BANGKA', 1, 'KREDIT', 0, 500000, 'UPAH ANTAR PAKAN', NULL, NULL, 1, '2026-05-23 08:03:48', '2026-05-23 08:03:48', NULL);
INSERT INTO `tjurnal_umum` VALUES (1353, 'JRM/2507/0063', '2025-07-29', 'BEBAN BELANJA DAPUR', 45, 'DEBIT', 172000, 0, 'KOPI, SUSU', NULL, NULL, 1, '2026-05-23 08:03:48', '2026-05-23 08:03:48', NULL);
INSERT INTO `tjurnal_umum` VALUES (1354, 'JRM/2507/0063', '2025-07-29', 'BEBAN BENSIN', 37, 'DEBIT', 250000, 0, 'BBM GRANDMAX', NULL, NULL, 1, '2026-05-23 08:03:48', '2026-05-23 08:03:48', NULL);
INSERT INTO `tjurnal_umum` VALUES (1355, 'JRM/2507/0063', '2025-07-29', 'BEBAN TIKET', 22, 'DEBIT', 650000, 0, 'TRAVEL PAK ANDRE', NULL, NULL, 1, '2026-05-23 08:03:48', '2026-05-23 08:03:48', NULL);
INSERT INTO `tjurnal_umum` VALUES (1356, 'JRM/2507/0063', '2025-07-29', 'BEBAN PERBAIKAN PERALATAN', 25, 'DEBIT', 2000000, 0, 'SERVIS SUMUR BOR', NULL, NULL, 1, '2026-05-23 08:03:48', '2026-05-23 08:03:48', NULL);
INSERT INTO `tjurnal_umum` VALUES (1357, 'JRM/2507/0063', '2025-07-29', 'KAS KECIL BANGKA', 1, 'KREDIT', 0, 172000, 'KOPI, SUSU', NULL, NULL, 1, '2026-05-23 08:03:48', '2026-05-23 08:03:48', NULL);
INSERT INTO `tjurnal_umum` VALUES (1358, 'JRM/2507/0063', '2025-07-29', 'KAS KECIL BANGKA', 1, 'KREDIT', 0, 250000, 'BBM GRANDMAX', NULL, NULL, 1, '2026-05-23 08:03:48', '2026-05-23 08:03:48', NULL);
INSERT INTO `tjurnal_umum` VALUES (1359, 'JRM/2507/0063', '2025-07-29', 'KAS KECIL BANGKA', 1, 'KREDIT', 0, 650000, 'TRAVEL PAK ANDRE', NULL, NULL, 1, '2026-05-23 08:03:48', '2026-05-23 08:03:48', NULL);
INSERT INTO `tjurnal_umum` VALUES (1360, 'JRM/2507/0063', '2025-07-29', 'KAS KECIL BANGKA', 1, 'KREDIT', 0, 2000000, 'SERVIS SUMUR BOR', NULL, NULL, 1, '2026-05-23 08:03:48', '2026-05-23 08:03:48', NULL);
INSERT INTO `tjurnal_umum` VALUES (1361, 'JRM/2507/0065', '2025-07-31', 'BEBAN BELANJA DAPUR', 45, 'DEBIT', 58000, 0, 'GULA, SUSU, BERUANG', NULL, NULL, 1, '2026-05-23 08:03:48', '2026-05-23 08:03:48', NULL);
INSERT INTO `tjurnal_umum` VALUES (1362, 'JRM/2507/0065', '2025-07-31', 'BEBAN BELANJA DAPUR', 45, 'DEBIT', 205000, 0, 'AYAM, TELUR, KECAP', NULL, NULL, 1, '2026-05-23 08:03:48', '2026-05-23 08:03:48', NULL);
INSERT INTO `tjurnal_umum` VALUES (1363, 'JRM/2507/0065', '2025-07-31', 'BEBAN PERLENGKAPAN', 23, 'DEBIT', 300000, 0, 'KUSEN PINTU', NULL, NULL, 1, '2026-05-23 08:03:48', '2026-05-23 08:03:48', NULL);
INSERT INTO `tjurnal_umum` VALUES (1364, 'JRM/2507/0067', '2025-07-30', 'BEBAN PERLENGKAPAN', 23, 'DEBIT', 2527000, 0, 'BELANJA DI TOKO ASUI', NULL, NULL, 1, '2026-05-23 08:03:48', '2026-05-23 08:03:48', NULL);
INSERT INTO `tjurnal_umum` VALUES (1365, 'JRM/2508/0006', '2025-08-04', 'KAS KECIL BANGKA', 1, 'KREDIT', 0, 100000, 'SERVIS AC', NULL, NULL, 1, '2026-05-23 08:03:48', '2026-05-23 08:03:48', NULL);
INSERT INTO `tjurnal_umum` VALUES (1366, 'JRM/2508/0006', '2025-08-04', 'BEBAN BENSIN', 37, 'DEBIT', 250000, 0, 'BBM GRANDMAX', NULL, NULL, 1, '2026-05-23 08:03:48', '2026-05-23 08:03:48', NULL);
INSERT INTO `tjurnal_umum` VALUES (1367, 'JRM/2508/0006', '2025-08-04', 'KAS KECIL BANGKA', 1, 'KREDIT', 0, 250000, 'BBM GRANDMAX', NULL, NULL, 1, '2026-05-23 08:03:48', '2026-05-23 08:03:48', NULL);
INSERT INTO `tjurnal_umum` VALUES (1368, 'JRM/2508/0007', '2025-08-05', 'BEBAN BELANJA DAPUR', 45, 'DEBIT', 145000, 0, 'GULA, SUSU, SUSU BERUANG', NULL, NULL, 1, '2026-05-23 08:03:48', '2026-05-23 08:03:48', NULL);
INSERT INTO `tjurnal_umum` VALUES (1369, 'JRM/2508/0007', '2025-08-05', 'BEBAN BELANJA DAPUR', 45, 'DEBIT', 3000000, 0, 'UANG MAKAN AGUSTUS 2025', NULL, NULL, 1, '2026-05-23 08:03:48', '2026-05-23 08:03:48', NULL);
INSERT INTO `tjurnal_umum` VALUES (1370, 'JRM/2508/0007', '2025-08-05', 'KAS KECIL BANGKA', 1, 'KREDIT', 0, 145000, 'GULA, SUSU, SUSU BERUANG', NULL, NULL, 1, '2026-05-23 08:03:48', '2026-05-23 08:03:48', NULL);
INSERT INTO `tjurnal_umum` VALUES (1371, 'JRM/2508/0007', '2025-08-05', 'KAS KECIL BANGKA', 1, 'KREDIT', 0, 3000000, 'UANG MAKAN AGUSTUS 2025', NULL, NULL, 1, '2026-05-23 08:03:48', '2026-05-23 08:03:48', NULL);
INSERT INTO `tjurnal_umum` VALUES (1372, 'JRM/2508/0007', '2025-08-05', 'KAS KECIL BANGKA', 1, 'DEBIT', 10000000, 0, 'KAS MASUK', NULL, NULL, 1, '2026-05-23 08:03:48', '2026-05-23 08:03:48', NULL);
INSERT INTO `tjurnal_umum` VALUES (1373, 'JRM/2508/0007', '2025-08-05', 'BANK BCA', 3, 'KREDIT', 0, 10000000, 'KAS MASUK', NULL, NULL, 1, '2026-05-23 08:03:48', '2026-05-23 08:03:48', NULL);
INSERT INTO `tjurnal_umum` VALUES (1374, 'JRM/2508/0007', '2025-08-05', 'BEBAN GAJI BUDIDAYA', 19, 'DEBIT', 1888000, 0, 'GAJI TURIJO 1 -9 MEI 2025', NULL, NULL, 1, '2026-05-23 08:03:48', '2026-05-23 08:03:48', NULL);
INSERT INTO `tjurnal_umum` VALUES (1375, 'JRM/2508/0007', '2025-08-05', 'KAS KECIL BANGKA', 1, 'KREDIT', 0, 1888000, 'GAJI TURIJO 1 -9 MEI 2025', NULL, NULL, 1, '2026-05-23 08:03:48', '2026-05-23 08:03:48', NULL);
INSERT INTO `tjurnal_umum` VALUES (1376, 'JRM/2508/0007', '2025-08-05', 'BEBAN PERLENGKAPAN', 23, 'DEBIT', 1300000, 0, 'KACA MATI 154 X 43', NULL, NULL, 1, '2026-05-23 08:03:48', '2026-05-23 08:03:48', NULL);
INSERT INTO `tjurnal_umum` VALUES (1377, 'JRM/2508/0007', '2025-08-05', 'KAS KECIL BANGKA', 1, 'KREDIT', 0, 1300000, 'KACA MATI 154 X 43', NULL, NULL, 1, '2026-05-23 08:03:48', '2026-05-23 08:03:48', NULL);
INSERT INTO `tjurnal_umum` VALUES (1378, 'JRM/2508/0008', '2025-08-06', 'KAS KECIL BANGKA', 1, 'KREDIT', 0, 210000, 'TELUR, AYAM, DLL', NULL, NULL, 1, '2026-05-23 08:03:48', '2026-05-23 08:03:48', NULL);
INSERT INTO `tjurnal_umum` VALUES (1379, 'JRM/2508/0008', '2025-08-06', 'BEBAN BELANJA DAPUR', 45, 'DEBIT', 210000, 0, 'TELUR, AYAM, DLL', NULL, NULL, 1, '2026-05-23 08:03:48', '2026-05-23 08:03:48', NULL);
INSERT INTO `tjurnal_umum` VALUES (1380, 'JRM/2508/0004', '2025-08-01', 'BEBAN PERLENGKAPAN', 23, 'DEBIT', 11780000, 0, 'BELANJA DI TOKO ASUI', NULL, NULL, 1, '2026-05-23 08:03:48', '2026-05-23 08:03:48', NULL);
INSERT INTO `tjurnal_umum` VALUES (1381, 'JRM/2508/0004', '2025-08-01', 'HUTANG TOKO ASUI', 14, 'KREDIT', 0, 11780000, 'BELANJA DI TOKO ASUI', NULL, NULL, 1, '2026-05-23 08:03:48', '2026-05-23 08:03:48', NULL);
INSERT INTO `tjurnal_umum` VALUES (1382, 'JRM/2508/0011', '2025-08-05', 'BEBAN PERLENGKAPAN', 23, 'DEBIT', 1686000, 0, 'BELANJA DI TOKO ASUI', NULL, NULL, 1, '2026-05-23 08:03:48', '2026-05-23 08:03:48', NULL);
INSERT INTO `tjurnal_umum` VALUES (1383, 'JRM/2508/0011', '2025-08-05', 'HUTANG TOKO ASUI', 14, 'KREDIT', 0, 1686000, 'BELANJA DI TOKO ASUI', NULL, NULL, 1, '2026-05-23 08:03:48', '2026-05-23 08:03:48', NULL);
INSERT INTO `tjurnal_umum` VALUES (1384, 'JRM/2508/0012', '2025-08-06', 'BEBAN PERLENGKAPAN', 23, 'DEBIT', 3544000, 0, 'BELANJA DI TOKO ASUI', NULL, NULL, 1, '2026-05-23 08:03:48', '2026-05-23 08:03:48', NULL);
INSERT INTO `tjurnal_umum` VALUES (1385, 'JRM/2508/0012', '2025-08-06', 'HUTANG TOKO ASUI', 14, 'KREDIT', 0, 3544000, 'BELANJA DI TOKO ASUI', NULL, NULL, 1, '2026-05-23 08:03:48', '2026-05-23 08:03:48', NULL);
INSERT INTO `tjurnal_umum` VALUES (1386, 'JRM/2508/0010', '2025-08-08', 'BEBAN ANGKUTAN', 30, 'DEBIT', 50000, 0, 'UPAH SUPIR PIPA', NULL, NULL, 1, '2026-05-23 08:03:48', '2026-05-23 08:03:48', NULL);
INSERT INTO `tjurnal_umum` VALUES (1387, 'JRM/2508/0010', '2025-08-08', 'BEBAN PINJAMAN KARYAWAN', 63, 'DEBIT', 300000, 0, 'IRVAN KASBON', NULL, NULL, 1, '2026-05-23 08:03:48', '2026-05-23 08:03:48', NULL);
INSERT INTO `tjurnal_umum` VALUES (1388, 'JRM/2508/0010', '2025-08-08', 'BEBAN PINJAMAN KARYAWAN', 63, 'DEBIT', 500000, 0, 'ALFIN KASBON', NULL, NULL, 1, '2026-05-23 08:03:48', '2026-05-23 08:03:48', NULL);
INSERT INTO `tjurnal_umum` VALUES (1389, 'JRM/2508/0010', '2025-08-08', 'KAS KECIL BANGKA', 1, 'KREDIT', 0, 50000, 'UPAH SUPIR PIPA', NULL, NULL, 1, '2026-05-23 08:03:48', '2026-05-23 08:03:48', NULL);
INSERT INTO `tjurnal_umum` VALUES (1390, 'JRM/2508/0010', '2025-08-08', 'KAS KECIL BANGKA', 1, 'KREDIT', 0, 300000, 'IRVAN KASBON', NULL, NULL, 1, '2026-05-23 08:03:48', '2026-05-23 08:03:48', NULL);
INSERT INTO `tjurnal_umum` VALUES (1391, 'JRM/2508/0010', '2025-08-08', 'KAS KECIL BANGKA', 1, 'KREDIT', 0, 500000, 'ALFIN KASBON', NULL, NULL, 1, '2026-05-23 08:03:48', '2026-05-23 08:03:48', NULL);
INSERT INTO `tjurnal_umum` VALUES (1392, 'JRM/2508/0009', '2025-08-07', 'BEBAN PERLENGKAPAN', 23, 'DEBIT', 187000, 0, 'RAMBU UKUR 2 BUAH', NULL, NULL, 1, '2026-05-23 08:03:48', '2026-05-23 08:03:48', NULL);
INSERT INTO `tjurnal_umum` VALUES (1393, 'JRM/2508/0009', '2025-08-07', 'BEBAN BELANJA DAPUR', 45, 'DEBIT', 294000, 0, 'KOPI, GULA, TEH, SUSU', NULL, NULL, 1, '2026-05-23 08:03:48', '2026-05-23 08:03:48', NULL);
INSERT INTO `tjurnal_umum` VALUES (1394, 'JRM/2508/0009', '2025-08-07', 'BEBAN TIKET', 22, 'DEBIT', 1400000, 0, 'ONGKOS FEEDER 2 ORANG', NULL, NULL, 1, '2026-05-23 08:03:48', '2026-05-23 08:03:48', NULL);
INSERT INTO `tjurnal_umum` VALUES (1395, 'JRM/2508/0009', '2025-08-07', 'BEBAN PERLENGKAPAN', 23, 'DEBIT', 1454500, 0, 'MESIN OKSIGEN LP100', NULL, NULL, 1, '2026-05-23 08:03:48', '2026-05-23 08:03:48', NULL);
INSERT INTO `tjurnal_umum` VALUES (1396, 'JRM/2508/0009', '2025-08-07', 'KAS KECIL BANGKA', 1, 'KREDIT', 0, 187000, 'RAMBU UKUR 2 BUAH', NULL, NULL, 1, '2026-05-23 08:03:48', '2026-05-23 08:03:48', NULL);
INSERT INTO `tjurnal_umum` VALUES (1397, 'JRM/2508/0009', '2025-08-07', 'KAS KECIL BANGKA', 1, 'KREDIT', 0, 294000, 'KOPI, GULA, TEH, SUSU', NULL, NULL, 1, '2026-05-23 08:03:48', '2026-05-23 08:03:48', NULL);
INSERT INTO `tjurnal_umum` VALUES (1398, 'JRM/2508/0009', '2025-08-07', 'KAS KECIL BANGKA', 1, 'KREDIT', 0, 1400000, 'ONGKOS FEEDER 2 ORANG', NULL, NULL, 1, '2026-05-23 08:03:48', '2026-05-23 08:03:48', NULL);
INSERT INTO `tjurnal_umum` VALUES (1399, 'JRM/2508/0009', '2025-08-07', 'KAS KECIL BANGKA', 1, 'KREDIT', 0, 1454500, 'MESIN OKSIGEN LP100', NULL, NULL, 1, '2026-05-23 08:03:48', '2026-05-23 08:03:48', NULL);
INSERT INTO `tjurnal_umum` VALUES (1400, 'JRM/2506/0048', '2025-06-03', 'BEBAN GAJI BUDIDAYA', 19, 'DEBIT', 2000000, 0, 'AL', NULL, NULL, NULL, '2026-05-23 08:03:48', '2026-05-23 08:03:48', NULL);
INSERT INTO `tjurnal_umum` VALUES (1401, 'JRM/2506/0048', '2025-06-03', 'BANK BCA SAHNA', 2, 'KREDIT', 0, 2000000, 'AL', NULL, NULL, NULL, '2026-05-23 08:03:48', '2026-05-23 08:03:48', NULL);
INSERT INTO `tjurnal_umum` VALUES (1402, 'JRM/2506/0049', '2025-06-04', 'BEBAN INTERNET', 53, 'DEBIT', 85000, 0, 'ORBIT', NULL, NULL, NULL, '2026-05-23 08:03:48', '2026-05-23 08:03:48', NULL);
INSERT INTO `tjurnal_umum` VALUES (1403, 'JRM/2506/0049', '2025-06-04', 'BANK BCA SAHNA', 2, 'KREDIT', 0, 85000, 'ORBIT', NULL, NULL, NULL, '2026-05-23 08:03:48', '2026-05-23 08:03:48', NULL);
INSERT INTO `tjurnal_umum` VALUES (1404, 'JRM/2506/0050', '2025-06-10', 'BEBAN PERJALANAN DINAS', 51, 'DEBIT', 5266200, 0, 'TIKET PSWT', NULL, NULL, NULL, '2026-05-23 08:03:48', '2026-05-23 08:03:48', NULL);
INSERT INTO `tjurnal_umum` VALUES (1405, 'JRM/2506/0050', '2025-06-10', 'BANK BCA SAHNA', 2, 'KREDIT', 0, 5266200, 'TIKET PSWT', NULL, NULL, NULL, '2026-05-23 08:03:48', '2026-05-23 08:03:48', NULL);
INSERT INTO `tjurnal_umum` VALUES (1406, 'JRM/2506/0051', '2025-06-19', 'BEBAN LISTRIK', 21, 'DEBIT', 113128692, 0, 'PLN', NULL, NULL, NULL, '2026-05-23 08:03:48', '2026-05-23 08:03:48', NULL);
INSERT INTO `tjurnal_umum` VALUES (1407, 'JRM/2506/0051', '2025-06-19', 'BANK BCA SAHNA', 2, 'KREDIT', 0, 113128692, 'PLN', NULL, NULL, NULL, '2026-05-23 08:03:48', '2026-05-23 08:03:48', NULL);
INSERT INTO `tjurnal_umum` VALUES (1408, 'JRM/2506/0052', '2025-06-20', 'BEBAN ADM BANK', 28, 'DEBIT', 15000, 0, '', NULL, NULL, NULL, '2026-05-23 08:03:48', '2026-05-23 08:03:48', NULL);
INSERT INTO `tjurnal_umum` VALUES (1409, 'JRM/2506/0052', '2025-06-20', 'BANK BCA SAHNA', 2, 'KREDIT', 0, 15000, 'ADM', NULL, NULL, NULL, '2026-05-23 08:03:48', '2026-05-23 08:03:48', NULL);
INSERT INTO `tjurnal_umum` VALUES (1410, 'JRM/2506/0053', '2025-06-23', 'BEBAN INTERNET', 53, 'DEBIT', 85000, 0, 'ORBIT', NULL, NULL, NULL, '2026-05-23 08:03:48', '2026-05-23 08:03:48', NULL);
INSERT INTO `tjurnal_umum` VALUES (1411, 'JRM/2506/0053', '2025-06-23', 'BANK BCA SAHNA', 2, 'KREDIT', 0, 85000, 'ORBIT', NULL, NULL, NULL, '2026-05-23 08:03:48', '2026-05-23 08:03:48', NULL);
INSERT INTO `tjurnal_umum` VALUES (1412, 'JRM/2506/0054', '2025-06-30', 'BEBAN INTERNET', 53, 'DEBIT', 85000, 0, 'ORBIT', NULL, NULL, NULL, '2026-05-23 08:03:48', '2026-05-23 08:03:48', NULL);
INSERT INTO `tjurnal_umum` VALUES (1413, 'JRM/2506/0054', '2025-06-30', 'BANK BCA SAHNA', 2, 'KREDIT', 0, 85000, 'ORBIT', NULL, NULL, NULL, '2026-05-23 08:03:48', '2026-05-23 08:03:48', NULL);
INSERT INTO `tjurnal_umum` VALUES (1414, 'JRM/2507/0015', '2025-07-01', 'BEBAN GAJI BUDIDAYA', 19, 'DEBIT', 2000000, 0, 'AL', NULL, NULL, NULL, '2026-05-23 08:03:48', '2026-05-23 08:03:48', NULL);
INSERT INTO `tjurnal_umum` VALUES (1415, 'JRM/2507/0015', '2025-07-01', 'BANK BCA SAHNA', 2, 'KREDIT', 0, 2000000, 'AL', NULL, NULL, NULL, '2026-05-23 08:03:48', '2026-05-23 08:03:48', NULL);
INSERT INTO `tjurnal_umum` VALUES (1416, 'JRM/2507/0016', '2025-07-06', 'BEBAN BONUS / KOMISI', 48, 'DEBIT', 21750000, 0, 'BNS TEAM OPERASIONAL', NULL, NULL, NULL, '2026-05-23 08:03:48', '2026-05-23 08:03:48', NULL);
INSERT INTO `tjurnal_umum` VALUES (1417, 'JRM/2507/0016', '2025-07-06', 'BEBAN BONUS / KOMISI', 48, 'DEBIT', 42006080, 0, 'BNS TEAM BUDIDAYA', NULL, NULL, NULL, '2026-05-23 08:03:48', '2026-05-23 08:03:48', NULL);
INSERT INTO `tjurnal_umum` VALUES (1418, 'JRM/2507/0016', '2025-07-06', 'BANK BCA SAHNA', 2, 'KREDIT', 0, 42006080, 'BNS TEAM BUDIDAYA', NULL, NULL, NULL, '2026-05-23 08:03:48', '2026-05-23 08:03:48', NULL);
INSERT INTO `tjurnal_umum` VALUES (1419, 'JRM/2507/0016', '2025-07-06', 'BANK BCA SAHNA', 2, 'KREDIT', 0, 21750000, 'BNS TEAM OPERASIONAL', NULL, NULL, NULL, '2026-05-23 08:03:48', '2026-05-23 08:03:48', NULL);
INSERT INTO `tjurnal_umum` VALUES (1420, 'JRM/2507/0017', '2025-07-07', 'BEBAN BONUS / KOMISI', 48, 'DEBIT', 1000000, 0, 'AL', NULL, NULL, NULL, '2026-05-23 08:03:48', '2026-05-23 08:03:48', NULL);
INSERT INTO `tjurnal_umum` VALUES (1421, 'JRM/2507/0017', '2025-07-07', 'BANK BCA SAHNA', 2, 'KREDIT', 0, 1000000, 'AL', NULL, NULL, NULL, '2026-05-23 08:03:48', '2026-05-23 08:03:48', NULL);
INSERT INTO `tjurnal_umum` VALUES (1422, 'JRM/2507/0019', '2025-07-06', 'BEBAN PERLENGKAPAN', 23, 'DEBIT', 4985000, 0, 'HUTANG DI TOKO ASUI', NULL, NULL, 1, '2026-05-23 08:03:48', '2026-05-23 08:03:48', NULL);
INSERT INTO `tjurnal_umum` VALUES (1423, 'JRM/2507/0019', '2025-07-06', 'HUTANG TOKO ASUI', 14, 'KREDIT', 0, 4985000, 'HUTANG DI TOKO ASUI', NULL, NULL, 1, '2026-05-23 08:03:48', '2026-05-23 08:03:48', NULL);
INSERT INTO `tjurnal_umum` VALUES (1424, 'JRM/2507/0018', '2025-07-05', 'BEBAN PERLENGKAPAN', 23, 'DEBIT', 4572000, 0, 'BELANJA DI TOKO ASUI', NULL, NULL, 1, '2026-05-23 08:03:48', '2026-05-23 08:03:48', NULL);
INSERT INTO `tjurnal_umum` VALUES (1425, 'JRM/2507/0018', '2025-07-05', 'HUTANG TOKO ASUI', 14, 'KREDIT', 0, 4572000, 'BELANJA DI TOKO ASUI', NULL, NULL, 1, '2026-05-23 08:03:48', '2026-05-23 08:03:48', NULL);
INSERT INTO `tjurnal_umum` VALUES (1426, 'JRM/2507/0020', '2025-07-06', 'BEBAN PERLENGKAPAN', 23, 'DEBIT', 379000, 0, 'BELANJA DI TOKO ASUI', NULL, NULL, 1, '2026-05-23 08:03:48', '2026-05-23 08:03:48', NULL);
INSERT INTO `tjurnal_umum` VALUES (1427, 'JRM/2507/0020', '2025-07-06', 'HUTANG TOKO ASUI', 14, 'KREDIT', 0, 379000, 'BELANJA DI TOKO ASUI', NULL, NULL, 1, '2026-05-23 08:03:48', '2026-05-23 08:03:48', NULL);
INSERT INTO `tjurnal_umum` VALUES (1428, 'JRM/2507/0021', '2025-07-08', 'BEBAN PERLENGKAPAN', 23, 'DEBIT', 8580000, 0, 'BELANJA DI TOKO ASUI', NULL, NULL, 1, '2026-05-23 08:03:48', '2026-05-23 08:03:48', NULL);
INSERT INTO `tjurnal_umum` VALUES (1429, 'JRM/2507/0021', '2025-07-08', 'HUTANG TOKO ASUI', 14, 'KREDIT', 0, 8580000, 'BELANJA DI TOKO ASUI', NULL, NULL, 1, '2026-05-23 08:03:48', '2026-05-23 08:03:48', NULL);
INSERT INTO `tjurnal_umum` VALUES (1430, 'JRM/2507/0022', '2025-07-09', 'BEBAN PERLENGKAPAN', 23, 'DEBIT', 4365000, 0, 'BELANJA DI TOKO ASUI', NULL, NULL, 1, '2026-05-23 08:03:48', '2026-05-23 08:03:48', NULL);
INSERT INTO `tjurnal_umum` VALUES (1431, 'JRM/2507/0022', '2025-07-09', 'HUTANG TOKO ASUI', 14, 'KREDIT', 0, 4365000, 'BELANJA DI TOKO ASUI', NULL, NULL, 1, '2026-05-23 08:03:48', '2026-05-23 08:03:48', NULL);
INSERT INTO `tjurnal_umum` VALUES (1432, 'JRM/2507/0031', '2025-07-11', 'BEBAN PERLENGKAPAN', 23, 'DEBIT', 5436000, 0, 'BELANJA DI TOKO ASUI', NULL, NULL, 1, '2026-05-23 08:03:48', '2026-05-23 08:03:48', NULL);
INSERT INTO `tjurnal_umum` VALUES (1433, 'JRM/2507/0031', '2025-07-11', 'HUTANG TOKO ASUI', 14, 'KREDIT', 0, 5436000, 'BELANJA DI TOKO ASUI', NULL, NULL, 1, '2026-05-23 08:03:48', '2026-05-23 08:03:48', NULL);
INSERT INTO `tjurnal_umum` VALUES (1434, 'JRM/2507/0032', '2025-07-12', 'BEBAN PERLENGKAPAN', 23, 'DEBIT', 2322000, 0, 'BELANJA DI TOKO ASUI', NULL, NULL, 1, '2026-05-23 08:03:48', '2026-05-23 08:03:48', NULL);
INSERT INTO `tjurnal_umum` VALUES (1435, 'JRM/2507/0032', '2025-07-12', 'HUTANG TOKO ASUI', 14, 'KREDIT', 0, 2322000, 'BELANJA DI TOKO ASUI', NULL, NULL, 1, '2026-05-23 08:03:48', '2026-05-23 08:03:48', NULL);
INSERT INTO `tjurnal_umum` VALUES (1436, 'JRM/2507/0033', '2025-07-14', 'BEBAN PERLENGKAPAN', 23, 'DEBIT', 4724000, 0, 'BELANJA DI TOKO ASUI', NULL, NULL, 1, '2026-05-23 08:03:48', '2026-05-23 08:03:48', NULL);
INSERT INTO `tjurnal_umum` VALUES (1437, 'JRM/2507/0059', '2025-07-26', 'KAS KECIL BANGKA', 1, 'KREDIT', 0, 135000, 'LEMBURAN ORANG HDPE 25 JULI 2025', NULL, NULL, 1, '2026-05-23 08:03:48', '2026-05-23 08:03:48', NULL);
INSERT INTO `tjurnal_umum` VALUES (1438, 'JRM/2507/0059', '2025-07-26', 'KAS KECIL BANGKA', 1, 'KREDIT', 0, 296000, 'BUAT MAKANAN', NULL, NULL, 1, '2026-05-23 08:03:48', '2026-05-23 08:03:48', NULL);
INSERT INTO `tjurnal_umum` VALUES (1439, 'JRM/2507/0059', '2025-07-26', 'KAS KECIL BANGKA', 1, 'KREDIT', 0, 450000, 'PERBAIKAN HP PAK SUMAR', NULL, NULL, 1, '2026-05-23 08:03:48', '2026-05-23 08:03:48', NULL);
INSERT INTO `tjurnal_umum` VALUES (1440, 'JRM/2507/0059', '2025-07-26', 'KAS KECIL BANGKA', 1, 'KREDIT', 0, 1364000, 'LEMBURAN SIPIL 20 - 25 JULI 2025', NULL, NULL, 1, '2026-05-23 08:03:48', '2026-05-23 08:03:48', NULL);
INSERT INTO `tjurnal_umum` VALUES (1441, 'JRM/2507/0059', '2025-07-26', 'KAS KECIL BANGKA', 1, 'KREDIT', 0, 1478000, 'TIKET MAFAKIR', NULL, NULL, 1, '2026-05-23 08:03:48', '2026-05-23 08:03:48', NULL);
INSERT INTO `tjurnal_umum` VALUES (1442, 'JRM/2507/0059', '2025-07-26', 'KAS KECIL BANGKA', 1, 'KREDIT', 0, 1799000, 'LEMBURAN ORANG PIPA 20 - 25 JULI 2025', NULL, NULL, 1, '2026-05-23 08:03:48', '2026-05-23 08:03:48', NULL);
INSERT INTO `tjurnal_umum` VALUES (1443, 'JRM/2507/0059', '2025-07-26', 'KAS KECIL BANGKA', 1, 'KREDIT', 0, 3780000, 'GAJI HDPE 20 - 26 JULI 2025', NULL, NULL, 1, '2026-05-23 08:03:48', '2026-05-23 08:03:48', NULL);
INSERT INTO `tjurnal_umum` VALUES (1444, 'JRM/2507/0059', '2025-07-26', 'KAS KECIL BANGKA', 1, 'KREDIT', 0, 6600000, 'GAJI ORANG PIPA 20 - 26 JULI 2025', NULL, NULL, 1, '2026-05-23 08:03:48', '2026-05-23 08:03:48', NULL);
INSERT INTO `tjurnal_umum` VALUES (1445, 'JRM/2507/0059', '2025-07-26', 'KAS KECIL BANGKA', 1, 'KREDIT', 0, 9550000, 'GAJI SIPIL 20 - 26 JULI 2025', NULL, NULL, 1, '2026-05-23 08:03:48', '2026-05-23 08:03:48', NULL);
INSERT INTO `tjurnal_umum` VALUES (1446, 'JRM/2507/0059', '2025-07-26', 'BANK BCA', 3, 'KREDIT', 0, 30000000, 'KAS MASUK', NULL, NULL, 1, '2026-05-23 08:03:48', '2026-05-23 08:03:48', NULL);
INSERT INTO `tjurnal_umum` VALUES (1447, 'JRM/2507/0060', '2025-07-27', 'BEBAN PENGOBATAN KARYAWAN', 57, 'DEBIT', 60000, 0, 'BEROBAT TRIMONO', NULL, NULL, 1, '2026-05-23 08:03:48', '2026-05-23 08:03:48', NULL);
INSERT INTO `tjurnal_umum` VALUES (1448, 'JRM/2507/0060', '2025-07-27', 'KAS KECIL BANGKA', 1, 'KREDIT', 0, 60000, 'BEROBAT TRIMONO', NULL, NULL, 1, '2026-05-23 08:03:48', '2026-05-23 08:03:48', NULL);
INSERT INTO `tjurnal_umum` VALUES (1449, 'JRM/2507/0049', '2025-07-23', 'BEBAN PERBAIKAN BANGUNAN', 32, 'DEBIT', 50000, 0, 'REHAP PINTU', NULL, NULL, 1, '2026-05-23 08:03:48', '2026-05-23 08:03:48', NULL);
INSERT INTO `tjurnal_umum` VALUES (1450, 'JRM/2507/0002', '2025-07-01', 'BEBAN BELANJA DAPUR', 45, 'DEBIT', 3000000, 0, 'UANG MAKAN JULI 2025', NULL, NULL, 1, '2026-05-23 08:03:48', '2026-05-23 08:03:48', NULL);
INSERT INTO `tjurnal_umum` VALUES (1451, 'JRM/2507/0002', '2025-07-01', 'KAS KECIL BANGKA', 1, 'KREDIT', 0, 3000000, 'UANG MAKAN JULI 2025', NULL, NULL, 1, '2026-05-23 08:03:48', '2026-05-23 08:03:48', NULL);
INSERT INTO `tjurnal_umum` VALUES (1452, 'JRM/2507/0062', '2025-07-24', 'BEBAN PERLENGKAPAN', 23, 'DEBIT', 16015000, 0, 'BELANJA DI TOKO ASUI', NULL, NULL, 1, '2026-05-23 08:03:48', '2026-05-23 08:03:48', NULL);
INSERT INTO `tjurnal_umum` VALUES (1453, 'JRM/2507/0062', '2025-07-24', 'HUTANG TOKO ASUI', 14, 'KREDIT', 0, 16015000, 'BELANJA DI TOKO ASUI', NULL, NULL, 1, '2026-05-23 08:03:48', '2026-05-23 08:03:48', NULL);
INSERT INTO `tjurnal_umum` VALUES (1454, 'JRM/2507/0041', '2025-07-19', 'BEBAN BELANJA DAPUR', 45, 'DEBIT', 105000, 0, 'GULA, SUSU, EXTRAJOSS', NULL, NULL, 1, '2026-05-23 08:03:48', '2026-05-23 08:03:48', NULL);
INSERT INTO `tjurnal_umum` VALUES (1455, 'JRM/2507/0041', '2025-07-19', 'BEBAN BELANJA DAPUR', 45, 'DEBIT', 210000, 0, 'BUAT MAKANAN', NULL, NULL, 1, '2026-05-23 08:03:48', '2026-05-23 08:03:48', NULL);
INSERT INTO `tjurnal_umum` VALUES (1456, 'JRM/2507/0041', '2025-07-19', 'BEBAN GAJI UMUM', 49, 'DEBIT', 2136000, 0, 'LEMBURAN SIPIL 14 - 18 JULI 2025', NULL, NULL, 1, '2026-05-23 08:03:48', '2026-05-23 08:03:48', NULL);
INSERT INTO `tjurnal_umum` VALUES (1457, 'JRM/2507/0041', '2025-07-19', 'BEBAN PERLENGKAPAN', 23, 'DEBIT', 2200000, 0, 'KACA MATI & JENDELA', NULL, NULL, 1, '2026-05-23 08:03:48', '2026-05-23 08:03:48', NULL);
INSERT INTO `tjurnal_umum` VALUES (1458, 'JRM/2507/0041', '2025-07-19', 'BEBAN GAJI UMUM', 49, 'DEBIT', 3540000, 0, 'GAJI ORANG KARPET 13 - 19 JULI 2025', NULL, NULL, 1, '2026-05-23 08:03:48', '2026-05-23 08:03:48', NULL);
INSERT INTO `tjurnal_umum` VALUES (1459, 'JRM/2507/0041', '2025-07-19', 'BEBAN GAJI UMUM', 49, 'DEBIT', 5220000, 0, 'UPAH CUCI KOLAM 13 - 19 JULI 2025', NULL, NULL, 1, '2026-05-23 08:03:48', '2026-05-23 08:03:48', NULL);
INSERT INTO `tjurnal_umum` VALUES (1460, 'JRM/2507/0041', '2025-07-19', 'BEBAN GAJI UMUM', 49, 'DEBIT', 6300000, 0, 'GAJI ORANG PIPA 13 - 19 JULI 2025', NULL, NULL, 1, '2026-05-23 08:03:48', '2026-05-23 08:03:48', NULL);
INSERT INTO `tjurnal_umum` VALUES (1461, 'JRM/2507/0041', '2025-07-19', 'BEBAN GAJI UMUM', 49, 'DEBIT', 8490000, 0, 'GAJI SIPIL 13 - 19 JULI 2025', NULL, NULL, 1, '2026-05-23 08:03:48', '2026-05-23 08:03:48', NULL);
INSERT INTO `tjurnal_umum` VALUES (1462, 'JRM/2507/0041', '2025-07-19', 'BEBAN GAJI UMUM', 49, 'DEBIT', 10000000, 0, 'KASBON KHOLIK', NULL, NULL, 1, '2026-05-23 08:03:48', '2026-05-23 08:03:48', NULL);
INSERT INTO `tjurnal_umum` VALUES (1463, 'JRM/2507/0041', '2025-07-19', 'KAS KECIL BANGKA', 1, 'DEBIT', 30000000, 0, 'KAS MASUK', NULL, NULL, 1, '2026-05-23 08:03:48', '2026-05-23 08:03:48', NULL);
INSERT INTO `tjurnal_umum` VALUES (1464, 'JRM/2507/0041', '2025-07-19', 'KAS KECIL BANGKA', 1, 'KREDIT', 0, 105000, 'GULA, SUSU, EXTRAJOSS', NULL, NULL, 1, '2026-05-23 08:03:48', '2026-05-23 08:03:48', NULL);
INSERT INTO `tjurnal_umum` VALUES (1465, 'JRM/2507/0041', '2025-07-19', 'KAS KECIL BANGKA', 1, 'KREDIT', 0, 210000, 'BUAT MAKANAN', NULL, NULL, 1, '2026-05-23 08:03:48', '2026-05-23 08:03:48', NULL);
INSERT INTO `tjurnal_umum` VALUES (1466, 'JRM/2507/0041', '2025-07-19', 'KAS KECIL BANGKA', 1, 'KREDIT', 0, 2136000, 'LEMBURAN SIPIL 14 - 18 JULI 2025', NULL, NULL, 1, '2026-05-23 08:03:48', '2026-05-23 08:03:48', NULL);
INSERT INTO `tjurnal_umum` VALUES (1467, 'JRM/2507/0068', '2025-07-30', 'BEBAN PERLENGKAPAN', 23, 'DEBIT', 1246000, 0, 'BELANJA DI TOKO ASUI', NULL, NULL, 1, '2026-05-23 08:03:48', '2026-05-23 08:03:48', NULL);
INSERT INTO `tjurnal_umum` VALUES (1468, 'JRM/2507/0068', '2025-07-30', 'HUTANG TOKO ASUI', 14, 'KREDIT', 0, 1246000, 'BELANJA DI TOKO ASUI', NULL, NULL, 1, '2026-05-23 08:03:48', '2026-05-23 08:03:48', NULL);
INSERT INTO `tjurnal_umum` VALUES (1469, 'JRM/2507/0065', '2025-07-31', 'BEBAN TIKET', 22, 'DEBIT', 650000, 0, 'ONGKOS PAK SUGIONO', NULL, NULL, 1, '2026-05-23 08:03:48', '2026-05-23 08:03:48', NULL);
INSERT INTO `tjurnal_umum` VALUES (1470, 'JRM/2507/0067', '2025-07-30', 'HUTANG TOKO ASUI', 14, 'KREDIT', 0, 2527000, 'BELANJA DI TOKO ASUI', NULL, NULL, 1, '2026-05-23 08:03:48', '2026-05-23 08:03:48', NULL);
INSERT INTO `tjurnal_umum` VALUES (1471, 'JRM/2507/0065', '2025-07-31', 'BEBAN BELANJA DAPUR', 45, 'DEBIT', 2160000, 0, 'UANG MAKAN JULI 2025', NULL, NULL, 1, '2026-05-23 08:03:48', '2026-05-23 08:03:48', NULL);
INSERT INTO `tjurnal_umum` VALUES (1472, 'JRM/2507/0065', '2025-07-31', 'KAS KECIL BANGKA', 1, 'KREDIT', 0, 58000, 'GULA, SUSU, BERUANG', NULL, NULL, 1, '2026-05-23 08:03:48', '2026-05-23 08:03:48', NULL);
INSERT INTO `tjurnal_umum` VALUES (1473, 'JRM/2507/0065', '2025-07-31', 'KAS KECIL BANGKA', 1, 'KREDIT', 0, 205000, 'AYAM, TELUR, KECAP', NULL, NULL, 1, '2026-05-23 08:03:48', '2026-05-23 08:03:48', NULL);
INSERT INTO `tjurnal_umum` VALUES (1474, 'JRM/2507/0065', '2025-07-31', 'KAS KECIL BANGKA', 1, 'KREDIT', 0, 300000, 'KUSEN PINTU', NULL, NULL, 1, '2026-05-23 08:03:48', '2026-05-23 08:03:48', NULL);
INSERT INTO `tjurnal_umum` VALUES (1475, 'JRM/2507/0065', '2025-07-31', 'KAS KECIL BANGKA', 1, 'KREDIT', 0, 650000, 'ONGKOS PAK SUGIONO', NULL, NULL, 1, '2026-05-23 08:03:48', '2026-05-23 08:03:48', NULL);
INSERT INTO `tjurnal_umum` VALUES (1476, 'JRM/2507/0065', '2025-07-31', 'KAS KECIL BANGKA', 1, 'KREDIT', 0, 2160000, 'UANG MAKAN JULI 2025', NULL, NULL, 1, '2026-05-23 08:03:48', '2026-05-23 08:03:48', NULL);
INSERT INTO `tjurnal_umum` VALUES (1477, 'JRM/2508/0001', '2025-08-01', 'BEBAN ANGKUTAN', 30, 'DEBIT', 50000, 0, 'UPAH SUPIR EKPEDISI', NULL, NULL, 1, '2026-05-23 08:03:48', '2026-05-23 08:03:48', NULL);
INSERT INTO `tjurnal_umum` VALUES (1478, 'JRM/2508/0001', '2025-08-01', 'KAS KECIL BANGKA', 1, 'KREDIT', 0, 50000, 'UPAH SUPIR EKPEDISI', NULL, NULL, 1, '2026-05-23 08:03:48', '2026-05-23 08:03:48', NULL);
INSERT INTO `tjurnal_umum` VALUES (1479, 'JRM/2508/0001', '2025-08-01', 'BEBAN GAJI BUDIDAYA', 19, 'DEBIT', 70361290, 0, 'GAJI JULI 2025', NULL, NULL, 1, '2026-05-23 08:03:48', '2026-05-23 08:03:48', NULL);
INSERT INTO `tjurnal_umum` VALUES (1480, 'JRM/2508/0001', '2025-08-01', 'KAS KECIL BANGKA', 1, 'KREDIT', 0, 70361290, 'GAJI JULI 2025', NULL, NULL, 1, '2026-05-23 08:03:48', '2026-05-23 08:03:48', NULL);
INSERT INTO `tjurnal_umum` VALUES (1481, 'JRM/2508/0001', '2025-08-01', 'KAS KECIL BANGKA', 1, 'DEBIT', 70361290, 0, 'KAS MASUK', NULL, NULL, 1, '2026-05-23 08:03:48', '2026-05-23 08:03:48', NULL);
INSERT INTO `tjurnal_umum` VALUES (1482, 'JRM/2508/0001', '2025-08-01', 'BANK BCA', 3, 'KREDIT', 0, 70361290, 'KAS MASUK', NULL, NULL, 1, '2026-05-23 08:03:48', '2026-05-23 08:03:48', NULL);
INSERT INTO `tjurnal_umum` VALUES (1483, 'JRM/2508/0001', '2025-08-01', 'BEBAN BELANJA DAPUR', 45, 'DEBIT', 99000, 0, 'SUSU, EXTRAJOSS, KARET', NULL, NULL, 1, '2026-05-23 08:03:48', '2026-05-23 08:03:48', NULL);
INSERT INTO `tjurnal_umum` VALUES (1484, 'JRM/2508/0001', '2025-08-01', 'KAS KECIL BANGKA', 1, 'KREDIT', 0, 99000, 'SUSU, EXTRAJOSS, KARET', NULL, NULL, 1, '2026-05-23 08:03:48', '2026-05-23 08:03:48', NULL);
INSERT INTO `tjurnal_umum` VALUES (1485, 'JRM/2508/0001', '2025-08-01', 'BEBAN BELANJA DAPUR', 45, 'DEBIT', 876000, 0, 'GALON ISI ULANG JULI 2025', NULL, NULL, 1, '2026-05-23 08:03:48', '2026-05-23 08:03:48', NULL);
INSERT INTO `tjurnal_umum` VALUES (1486, 'JRM/2508/0001', '2025-08-01', 'KAS KECIL BANGKA', 1, 'KREDIT', 0, 876000, 'GALON ISI ULANG JULI 2025', NULL, NULL, 1, '2026-05-23 08:03:48', '2026-05-23 08:03:48', NULL);
INSERT INTO `tjurnal_umum` VALUES (1487, 'JRM/2508/0002', '2025-08-02', 'KAS KECIL BANGKA', 1, 'DEBIT', 30000000, 0, 'KAS MASUK', NULL, NULL, 1, '2026-05-23 08:03:48', '2026-05-23 08:03:48', NULL);
INSERT INTO `tjurnal_umum` VALUES (1488, 'JRM/2508/0002', '2025-08-02', 'BANK BCA', 3, 'KREDIT', 0, 30000000, 'KAS MASUK', NULL, NULL, 1, '2026-05-23 08:03:48', '2026-05-23 08:03:48', NULL);
INSERT INTO `tjurnal_umum` VALUES (1489, 'JRM/2508/0002', '2025-08-02', 'BEBAN BELANJA DAPUR', 45, 'DEBIT', 230000, 0, 'BUAT MAKANAN', NULL, NULL, 1, '2026-05-23 08:03:48', '2026-05-23 08:03:48', NULL);
INSERT INTO `tjurnal_umum` VALUES (1490, 'JRM/2508/0002', '2025-08-02', 'KAS KECIL BANGKA', 1, 'KREDIT', 0, 230000, 'BUAT MAKANAN', NULL, NULL, 1, '2026-05-23 08:03:48', '2026-05-23 08:03:48', NULL);
INSERT INTO `tjurnal_umum` VALUES (1491, 'JRM/2508/0002', '2025-08-02', 'BEBAN BELANJA DAPUR', 45, 'DEBIT', 260000, 0, 'GULA, KOPI, TEH, SUSU', NULL, NULL, 1, '2026-05-23 08:03:48', '2026-05-23 08:03:48', NULL);
INSERT INTO `tjurnal_umum` VALUES (1492, 'JRM/2508/0002', '2025-08-02', 'KAS KECIL BANGKA', 1, 'KREDIT', 0, 260000, 'GULA, KOPI, TEH, SUSU', NULL, NULL, 1, '2026-05-23 08:03:48', '2026-05-23 08:03:48', NULL);
INSERT INTO `tjurnal_umum` VALUES (1493, 'JRM/2508/0002', '2025-08-02', 'BEBAN PENGOBATAN KARYAWAN', 57, 'DEBIT', 75000, 0, 'BEROBAT II', NULL, NULL, 1, '2026-05-23 08:03:48', '2026-05-23 08:03:48', NULL);
INSERT INTO `tjurnal_umum` VALUES (1494, 'JRM/2508/0002', '2025-08-02', 'KAS KECIL BANGKA', 1, 'KREDIT', 0, 75000, 'BEROBAT II', NULL, NULL, 1, '2026-05-23 08:03:48', '2026-05-23 08:03:48', NULL);
INSERT INTO `tjurnal_umum` VALUES (1495, 'JRM/2508/0002', '2025-08-02', 'BEBAN GAJI UMUM', 49, 'DEBIT', 23862500, 0, 'GAJI & LEMBURAN 27 JULI - 2 AGUSTUS 2025', NULL, NULL, 1, '2026-05-23 08:03:48', '2026-05-23 08:03:48', NULL);
INSERT INTO `tjurnal_umum` VALUES (1496, 'JRM/2508/0002', '2025-08-02', 'KAS KECIL BANGKA', 1, 'KREDIT', 0, 23862500, 'GAJI & LEMBURAN 27 JULI - 2 AGUSTUS 2025', NULL, NULL, 1, '2026-05-23 08:03:48', '2026-05-23 08:03:48', NULL);
INSERT INTO `tjurnal_umum` VALUES (1497, 'JRM/2508/0003', '2025-08-03', 'BEBAN BELANJA DAPUR', 45, 'DEBIT', 132000, 0, 'GULA, SUSU, EXTRAJOSS', NULL, NULL, 1, '2026-05-23 08:03:48', '2026-05-23 08:03:48', NULL);
INSERT INTO `tjurnal_umum` VALUES (1498, 'JRM/2508/0003', '2025-08-03', 'KAS KECIL BANGKA', 1, 'KREDIT', 0, 132000, 'GULA, SUSU, EXTRAJOSS', NULL, NULL, 1, '2026-05-23 08:03:48', '2026-05-23 08:03:48', NULL);
INSERT INTO `tjurnal_umum` VALUES (1499, 'JRM/2508/0003', '2025-08-03', 'BEBAN GAJI UMUM', 49, 'DEBIT', 1000000, 0, 'KHOLIK KASBON', NULL, NULL, 1, '2026-05-23 08:03:48', '2026-05-23 08:03:48', NULL);
INSERT INTO `tjurnal_umum` VALUES (1500, 'JRM/2508/0003', '2025-08-03', 'KAS KECIL BANGKA', 1, 'KREDIT', 0, 1000000, 'KHOLIK KASBON', NULL, NULL, 1, '2026-05-23 08:03:48', '2026-05-23 08:03:48', NULL);
INSERT INTO `tjurnal_umum` VALUES (1501, 'JRM/2508/0005', '2025-08-04', 'BEBAN PERLENGKAPAN', 23, 'DEBIT', 8864000, 0, 'BELANJA DI TOKO ASUI', NULL, NULL, 1, '2026-05-23 08:03:48', '2026-05-23 08:03:48', NULL);
INSERT INTO `tjurnal_umum` VALUES (1502, 'JRM/2508/0005', '2025-08-04', 'HUTANG TOKO ASUI', 14, 'KREDIT', 0, 8864000, 'BELANJA DI TOKO ASUI', NULL, NULL, 1, '2026-05-23 08:03:48', '2026-05-23 08:03:48', NULL);
INSERT INTO `tjurnal_umum` VALUES (1503, 'JRM/2508/0006', '2025-08-04', 'BEBAN PERBAIKAN PERALATAN', 25, 'DEBIT', 100000, 0, 'SERVIS AC', NULL, NULL, 1, '2026-05-23 08:03:48', '2026-05-23 08:03:48', NULL);
INSERT INTO `tjurnal_umum` VALUES (1504, 'JRM/2508/0013', '2025-08-07', 'BEBAN PERLENGKAPAN', 23, 'DEBIT', 3783000, 0, 'BELANJA DI TOKO ASUI', NULL, NULL, 1, '2026-05-23 08:03:48', '2026-05-23 08:03:48', NULL);
INSERT INTO `tjurnal_umum` VALUES (1505, 'JRM/2508/0013', '2025-08-07', 'HUTANG TOKO ASUI', 14, 'KREDIT', 0, 3783000, 'BELANJA DI TOKO ASUI', NULL, NULL, 1, '2026-05-23 08:03:48', '2026-05-23 08:03:48', NULL);
INSERT INTO `tjurnal_umum` VALUES (1506, 'JRM/2508/0010', '2025-08-08', 'BEBAN BELANJA DAPUR', 45, 'DEBIT', 246000, 0, 'BUAT MAKANAN', NULL, NULL, 1, '2026-05-23 08:03:48', '2026-05-23 08:03:48', NULL);
INSERT INTO `tjurnal_umum` VALUES (1507, 'JRM/2508/0010', '2025-08-08', 'KAS KECIL BANGKA', 1, 'KREDIT', 0, 246000, 'BUAT MAKANAN', NULL, NULL, 1, '2026-05-23 08:03:48', '2026-05-23 08:03:48', NULL);
INSERT INTO `tjurnal_umum` VALUES (1508, 'JRM/2508/0015', '2025-08-08', 'BEBAN PERLENGKAPAN', 23, 'DEBIT', 5479000, 0, 'BELANJA DI TOKO ASUI', NULL, NULL, 1, '2026-05-23 08:03:48', '2026-05-23 08:03:48', NULL);
INSERT INTO `tjurnal_umum` VALUES (1509, 'JRM/2508/0015', '2025-08-08', 'HUTANG TOKO ASUI', 14, 'KREDIT', 0, 5479000, 'BELANJA DI TOKO ASUI', NULL, NULL, 1, '2026-05-23 08:03:48', '2026-05-23 08:03:48', NULL);
INSERT INTO `tjurnal_umum` VALUES (1510, 'JRM/2508/0016', '2025-08-11', 'BEBAN PERLENGKAPAN', 23, 'DEBIT', 5457000, 0, 'BELANJA DI TOKO ASUI', NULL, NULL, 1, '2026-05-23 08:03:48', '2026-05-23 08:03:48', NULL);
INSERT INTO `tjurnal_umum` VALUES (1511, 'JRM/2508/0016', '2025-08-11', 'HUTANG TOKO ASUI', 14, 'KREDIT', 0, 5457000, 'BELANJA DI TOKO ASUI', NULL, NULL, 1, '2026-05-23 08:03:48', '2026-05-23 08:03:48', NULL);
INSERT INTO `tjurnal_umum` VALUES (1512, 'JRM/2508/0014', '2025-08-09', 'BEBAN PERLENGKAPAN', 23, 'DEBIT', 45000, 0, 'BOTOL & SIKAT BOTOL', NULL, NULL, 1, '2026-05-23 08:03:48', '2026-05-23 08:03:48', NULL);
INSERT INTO `tjurnal_umum` VALUES (1513, 'JRM/2508/0014', '2025-08-09', 'BEBAN BELANJA DAPUR', 45, 'DEBIT', 180000, 0, 'GULA, TEH, SUSU, KOYO, TOLAK ANGIN', NULL, NULL, 1, '2026-05-23 08:03:48', '2026-05-23 08:03:48', NULL);
INSERT INTO `tjurnal_umum` VALUES (1514, 'JRM/2508/0014', '2025-08-09', 'BEBAN SUMBANGAN', 24, 'DEBIT', 1000000, 0, 'ACARA PHBN KECAMATAN', NULL, NULL, 1, '2026-05-23 08:03:48', '2026-05-23 08:03:48', NULL);
INSERT INTO `tjurnal_umum` VALUES (1515, 'JRM/2508/0014', '2025-08-09', 'BEBAN BELANJA DAPUR', 45, 'DEBIT', 3000000, 0, 'UANG MAKAN AGUSTUS', NULL, NULL, 1, '2026-05-23 08:03:48', '2026-05-23 08:03:48', NULL);
INSERT INTO `tjurnal_umum` VALUES (1516, 'JRM/2508/0014', '2025-08-09', 'BEBAN GAJI UMUM', 49, 'DEBIT', 5000000, 0, 'KASBON KHOLIK', NULL, NULL, 1, '2026-05-23 08:03:48', '2026-05-23 08:03:48', NULL);
INSERT INTO `tjurnal_umum` VALUES (1517, 'JRM/2508/0014', '2025-08-09', 'BEBAN GAJI UMUM', 49, 'DEBIT', 20815000, 0, 'GAJI & LEMBURAN 3 - 9 AGUSTUS 2025', NULL, NULL, 1, '2026-05-23 08:03:48', '2026-05-23 08:03:48', NULL);
INSERT INTO `tjurnal_umum` VALUES (1518, 'JRM/2508/0014', '2025-08-09', 'KAS KECIL BANGKA', 1, 'DEBIT', 35000000, 0, 'KAS MASUK', NULL, NULL, 1, '2026-05-23 08:03:48', '2026-05-23 08:03:48', NULL);
INSERT INTO `tjurnal_umum` VALUES (1519, 'JRM/2508/0014', '2025-08-09', 'KAS KECIL BANGKA', 1, 'KREDIT', 0, 45000, 'BOTOL & SIKAT BOTOL', NULL, NULL, 1, '2026-05-23 08:03:48', '2026-05-23 08:03:48', NULL);
INSERT INTO `tjurnal_umum` VALUES (1520, 'JRM/2508/0014', '2025-08-09', 'KAS KECIL BANGKA', 1, 'KREDIT', 0, 180000, 'GULA, TEH, SUSU, KOYO, TOLAK ANGIN', NULL, NULL, 1, '2026-05-23 08:03:48', '2026-05-23 08:03:48', NULL);
INSERT INTO `tjurnal_umum` VALUES (1521, 'JRM/2508/0014', '2025-08-09', 'KAS KECIL BANGKA', 1, 'KREDIT', 0, 1000000, 'ACARA PHBN KECAMATAN', NULL, NULL, 1, '2026-05-23 08:03:48', '2026-05-23 08:03:48', NULL);
INSERT INTO `tjurnal_umum` VALUES (1522, 'JRM/2508/0014', '2025-08-09', 'KAS KECIL BANGKA', 1, 'KREDIT', 0, 3000000, 'UANG MAKAN AGUSTUS', NULL, NULL, 1, '2026-05-23 08:03:48', '2026-05-23 08:03:48', NULL);
INSERT INTO `tjurnal_umum` VALUES (1523, 'JRM/2508/0014', '2025-08-09', 'KAS KECIL BANGKA', 1, 'KREDIT', 0, 5000000, 'KASBON KHOLIK', NULL, NULL, 1, '2026-05-23 08:03:48', '2026-05-23 08:03:48', NULL);
INSERT INTO `tjurnal_umum` VALUES (1524, 'JRM/2508/0014', '2025-08-09', 'KAS KECIL BANGKA', 1, 'KREDIT', 0, 20815000, 'GAJI & LEMBURAN 3 - 9 AGUSTUS 2025', NULL, NULL, 1, '2026-05-23 08:03:48', '2026-05-23 08:03:48', NULL);
INSERT INTO `tjurnal_umum` VALUES (1525, 'JRM/2508/0014', '2025-08-09', 'BANK BCA', 3, 'KREDIT', 0, 35000000, 'KAS MASUK', NULL, NULL, 1, '2026-05-23 08:03:48', '2026-05-23 08:03:48', NULL);
INSERT INTO `tjurnal_umum` VALUES (1526, 'JRM/2508/0014', '2025-08-09', 'BEBAN PINJAMAN KARYAWAN', 63, 'DEBIT', 500000, 0, 'FAJAR KASBON', NULL, NULL, 1, '2026-05-23 08:03:48', '2026-05-23 08:03:48', NULL);
INSERT INTO `tjurnal_umum` VALUES (1527, 'JRM/2508/0014', '2025-08-09', 'KAS KECIL BANGKA', 1, 'KREDIT', 0, 500000, 'FAJAR KASBON', NULL, NULL, 1, '2026-05-23 08:03:48', '2026-05-23 08:03:48', NULL);
INSERT INTO `tjurnal_umum` VALUES (1528, 'JRM/2508/0017', '2025-08-10', 'BEBAN ANGKUTAN', 30, 'DEBIT', 50000, 0, 'UPAH SUPIR PIPA', NULL, NULL, 1, '2026-05-23 08:03:48', '2026-05-23 08:03:48', NULL);
INSERT INTO `tjurnal_umum` VALUES (1529, 'JRM/2508/0017', '2025-08-10', 'KAS KECIL BANGKA', 1, 'KREDIT', 0, 50000, 'UPAH SUPIR PIPA', NULL, NULL, 1, '2026-05-23 08:03:48', '2026-05-23 08:03:48', NULL);
INSERT INTO `tjurnal_umum` VALUES (1530, 'JRM/2508/0019', '2025-08-12', 'BEBAN PERLENGKAPAN', 23, 'DEBIT', 11667000, 0, 'BELANJA DI TOKO ASUI', NULL, NULL, 1, '2026-05-23 08:03:48', '2026-05-23 08:03:48', NULL);
INSERT INTO `tjurnal_umum` VALUES (1531, 'JRM/2508/0019', '2025-08-12', 'HUTANG TOKO ASUI', 14, 'KREDIT', 0, 11667000, 'BELANJA DI TOKO ASUI', NULL, NULL, 1, '2026-05-23 08:03:48', '2026-05-23 08:03:48', NULL);
INSERT INTO `tjurnal_umum` VALUES (1532, 'JRM/2508/0020', '2025-08-12', 'BEBAN PERLENGKAPAN', 23, 'DEBIT', 1150000, 0, 'BELANJA DI TOKO ASUI', NULL, NULL, 1, '2026-05-23 08:03:48', '2026-05-23 08:03:48', NULL);
INSERT INTO `tjurnal_umum` VALUES (1533, 'JRM/2508/0018', '2025-08-11', 'BEBAN BELANJA DAPUR', 45, 'DEBIT', 329000, 0, 'SARUNG TANGAN, KOPI, TEH, SUSU', NULL, NULL, 1, '2026-05-23 08:03:48', '2026-05-23 08:03:48', NULL);
INSERT INTO `tjurnal_umum` VALUES (1534, 'JRM/2508/0018', '2025-08-11', 'BEBAN PERLENGKAPAN', 23, 'DEBIT', 389000, 0, 'PELUNASAN ALAT PH', NULL, NULL, 1, '2026-05-23 08:03:48', '2026-05-23 08:03:48', NULL);
INSERT INTO `tjurnal_umum` VALUES (1535, 'JRM/2508/0018', '2025-08-11', 'BEBAN BELANJA DAPUR', 45, 'DEBIT', 3000000, 0, 'UANG MAKAN AGUSTUS 2025', NULL, NULL, 1, '2026-05-23 08:03:48', '2026-05-23 08:03:48', NULL);
INSERT INTO `tjurnal_umum` VALUES (1536, 'JRM/2508/0018', '2025-08-11', 'KAS KECIL BANGKA', 1, 'KREDIT', 0, 329000, 'SARUNG TANGAN, KOPI, TEH, SUSU', NULL, NULL, 1, '2026-05-23 08:03:48', '2026-05-23 08:03:48', NULL);
INSERT INTO `tjurnal_umum` VALUES (1537, 'JRM/2508/0018', '2025-08-11', 'KAS KECIL BANGKA', 1, 'KREDIT', 0, 389000, 'PELUNASAN ALAT PH', NULL, NULL, 1, '2026-05-23 08:03:48', '2026-05-23 08:03:48', NULL);
INSERT INTO `tjurnal_umum` VALUES (1538, 'JRM/2508/0018', '2025-08-11', 'KAS KECIL BANGKA', 1, 'KREDIT', 0, 3000000, 'UANG MAKAN AGUSTUS 2025', NULL, NULL, 1, '2026-05-23 08:03:48', '2026-05-23 08:03:48', NULL);
INSERT INTO `tjurnal_umum` VALUES (1539, 'JRM/2508/0018', '2025-08-11', 'BEBAN PERLENGKAPAN', 23, 'DEBIT', 14000, 0, 'LEM LALAT', NULL, NULL, 1, '2026-05-23 08:03:48', '2026-05-23 08:03:48', NULL);
INSERT INTO `tjurnal_umum` VALUES (1540, 'JRM/2508/0020', '2025-08-12', 'HUTANG TOKO ASUI', 14, 'KREDIT', 0, 1150000, 'BELANJA DI TOKO ASUI', NULL, NULL, 1, '2026-05-23 08:03:48', '2026-05-23 08:03:48', NULL);
INSERT INTO `tjurnal_umum` VALUES (1541, 'JRM/2508/0021', '2025-08-12', 'BEBAN PERLENGKAPAN', 23, 'DEBIT', 102000, 0, 'TOLAK ANGIN, KOMIK', NULL, NULL, 1, '2026-05-23 08:03:48', '2026-05-23 08:03:48', NULL);
INSERT INTO `tjurnal_umum` VALUES (1542, 'JRM/2508/0021', '2025-08-12', 'KAS KECIL BANGKA', 1, 'KREDIT', 0, 102000, 'TOLAK ANGIN, KOMIK', NULL, NULL, 1, '2026-05-23 08:03:48', '2026-05-23 08:03:48', NULL);
INSERT INTO `tjurnal_umum` VALUES (1543, 'JRM/2508/0021', '2025-08-12', 'BEBAN BELANJA DAPUR', 45, 'DEBIT', 146000, 0, 'AYAM, KECAP, LADA', NULL, NULL, 1, '2026-05-23 08:03:48', '2026-05-23 08:03:48', NULL);
INSERT INTO `tjurnal_umum` VALUES (1544, 'JRM/2508/0021', '2025-08-12', 'KAS KECIL BANGKA', 1, 'KREDIT', 0, 146000, 'AYAM, KECAP, LADA', NULL, NULL, 1, '2026-05-23 08:03:48', '2026-05-23 08:03:48', NULL);
INSERT INTO `tjurnal_umum` VALUES (1545, 'JRM/2508/0021', '2025-08-12', 'BEBAN BENSIN', 37, 'DEBIT', 250000, 0, 'BBM GRANDMAX', NULL, NULL, 1, '2026-05-23 08:03:48', '2026-05-23 08:03:48', NULL);
INSERT INTO `tjurnal_umum` VALUES (1546, 'JRM/2508/0021', '2025-08-12', 'KAS KECIL BANGKA', 1, 'KREDIT', 0, 250000, 'BBM GRANDMAX', NULL, NULL, 1, '2026-05-23 08:03:48', '2026-05-23 08:03:48', NULL);
INSERT INTO `tjurnal_umum` VALUES (1547, 'JRM/2508/0021', '2025-08-12', 'BEBAN PINJAMAN KARYAWAN', 63, 'DEBIT', 600000, 0, 'LUHKY KASBON', NULL, NULL, 1, '2026-05-23 08:03:48', '2026-05-23 08:03:48', NULL);
INSERT INTO `tjurnal_umum` VALUES (1548, 'JRM/2508/0021', '2025-08-12', 'KAS KECIL BANGKA', 1, 'KREDIT', 0, 600000, 'LUHKY KASBON', NULL, NULL, 1, '2026-05-23 08:03:48', '2026-05-23 08:03:48', NULL);
INSERT INTO `tjurnal_umum` VALUES (1549, 'JRM/2508/0021', '2025-08-12', 'BEBAN BELANJA DAPUR', 45, 'DEBIT', 50000, 0, 'KUE, ES BATU', NULL, NULL, 1, '2026-05-23 08:03:48', '2026-05-23 08:03:48', NULL);
INSERT INTO `tjurnal_umum` VALUES (1550, 'JRM/2508/0021', '2025-08-12', 'KAS KECIL BANGKA', 1, 'KREDIT', 0, 50000, 'KUE, ES BATU', NULL, NULL, 1, '2026-05-23 08:03:48', '2026-05-23 08:03:48', NULL);
INSERT INTO `tjurnal_umum` VALUES (1551, 'JRM/2508/0021', '2025-08-12', 'KAS KECIL BANGKA', 1, 'DEBIT', 20000000, 0, 'KAS MASUK', NULL, NULL, 1, '2026-05-23 08:03:48', '2026-05-23 08:03:48', NULL);
INSERT INTO `tjurnal_umum` VALUES (1552, 'JRM/2508/0021', '2025-08-12', 'BANK BCA', 3, 'KREDIT', 0, 20000000, 'KAS MASUK', NULL, NULL, 1, '2026-05-23 08:03:48', '2026-05-23 08:03:48', NULL);
INSERT INTO `tjurnal_umum` VALUES (1553, 'JRM/2508/0023', '2025-08-13', 'BEBAN PERLENGKAPAN', 23, 'DEBIT', 5817000, 0, 'BELANJA DI TOKO ASUI', NULL, NULL, 1, '2026-05-23 08:03:48', '2026-05-23 08:03:48', NULL);
INSERT INTO `tjurnal_umum` VALUES (1554, 'JRM/2508/0023', '2025-08-13', 'HUTANG TOKO ASUI', 14, 'KREDIT', 0, 5817000, 'BELANJA DI TOKO ASUI', NULL, NULL, 1, '2026-05-23 08:03:48', '2026-05-23 08:03:48', NULL);
INSERT INTO `tjurnal_umum` VALUES (1555, 'JRM/2508/0025', '2025-08-13', 'BEBAN BELANJA DAPUR', 45, 'DEBIT', 110000, 0, 'GULA, SUSU, EXTRAJOSS', NULL, NULL, 1, '2026-05-23 08:03:48', '2026-05-23 08:03:48', NULL);
INSERT INTO `tjurnal_umum` VALUES (1556, 'JRM/2508/0025', '2025-08-13', 'KAS KECIL BANGKA', 1, 'KREDIT', 0, 110000, 'GULA, SUSU, EXTRAJOSS', NULL, NULL, 1, '2026-05-23 08:03:48', '2026-05-23 08:03:48', NULL);
INSERT INTO `tjurnal_umum` VALUES (1557, 'JRM/2508/0025', '2025-08-13', 'BEBAN BONUS / KOMISI', 48, 'DEBIT', 8000000, 0, 'KOMPENSASI FEDEER 4 ORANG', NULL, NULL, 1, '2026-05-23 08:03:48', '2026-05-23 08:03:48', NULL);
INSERT INTO `tjurnal_umum` VALUES (1558, 'JRM/2508/0025', '2025-08-13', 'KAS KECIL BANGKA', 1, 'KREDIT', 0, 8000000, 'KOMPENSASI FEDEER 4 ORANG', NULL, NULL, 1, '2026-05-23 08:03:48', '2026-05-23 08:03:48', NULL);
INSERT INTO `tjurnal_umum` VALUES (1559, 'JRM/2508/0025', '2025-08-13', 'BEBAN BENSIN', 37, 'DEBIT', 60000, 0, 'BENSIN UNTUK MESIN RUMPUT', NULL, NULL, 1, '2026-05-23 08:03:48', '2026-05-23 08:03:48', NULL);
INSERT INTO `tjurnal_umum` VALUES (1560, 'JRM/2508/0025', '2025-08-13', 'KAS KECIL BANGKA', 1, 'KREDIT', 0, 60000, 'BENSIN UNTUK MESIN RUMPUT', NULL, NULL, 1, '2026-05-23 08:03:48', '2026-05-23 08:03:48', NULL);
INSERT INTO `tjurnal_umum` VALUES (1561, 'JRM/2508/0026', '2025-08-14', 'BEBAN BELANJA DAPUR', 45, 'DEBIT', 60000, 0, 'GULA, TEH', NULL, NULL, 1, '2026-05-23 08:03:48', '2026-05-23 08:03:48', NULL);
INSERT INTO `tjurnal_umum` VALUES (1562, 'JRM/2508/0026', '2025-08-14', 'KAS KECIL BANGKA', 1, 'KREDIT', 0, 60000, 'GULA, TEH', NULL, NULL, 1, '2026-05-23 08:03:48', '2026-05-23 08:03:48', NULL);
INSERT INTO `tjurnal_umum` VALUES (1563, 'JRM/2508/0026', '2025-08-14', 'BEBAN BELANJA DAPUR', 45, 'DEBIT', 50000, 0, 'GORENGAN', NULL, NULL, 1, '2026-05-23 08:03:48', '2026-05-23 08:03:48', NULL);
INSERT INTO `tjurnal_umum` VALUES (1564, 'JRM/2508/0026', '2025-08-14', 'KAS KECIL BANGKA', 1, 'KREDIT', 0, 50000, 'GORENGAN', NULL, NULL, 1, '2026-05-23 08:03:48', '2026-05-23 08:03:48', NULL);
INSERT INTO `tjurnal_umum` VALUES (1565, 'JRM/2508/0026', '2025-08-14', 'BEBAN PERLENGKAPAN', 23, 'DEBIT', 2400000, 0, 'BATU GUNUNG 2 MOBIL', NULL, NULL, 1, '2026-05-23 08:03:48', '2026-05-23 08:03:48', NULL);
INSERT INTO `tjurnal_umum` VALUES (1566, 'JRM/2508/0026', '2025-08-14', 'KAS KECIL BANGKA', 1, 'KREDIT', 0, 2400000, 'BATU GUNUNG 2 MOBIL', NULL, NULL, 1, '2026-05-23 08:03:48', '2026-05-23 08:03:48', NULL);
INSERT INTO `tjurnal_umum` VALUES (1567, 'JRM/2508/0027', '2025-08-15', 'BEBAN BELANJA DAPUR', 45, 'DEBIT', 259000, 0, 'BUAT MAKANAN', NULL, NULL, 1, '2026-05-23 08:03:48', '2026-05-23 08:03:48', NULL);
INSERT INTO `tjurnal_umum` VALUES (1568, 'JRM/2508/0027', '2025-08-15', 'KAS KECIL BANGKA', 1, 'KREDIT', 0, 259000, 'BUAT MAKANAN', NULL, NULL, 1, '2026-05-23 08:03:48', '2026-05-23 08:03:48', NULL);
INSERT INTO `tjurnal_umum` VALUES (1569, 'JRM/2508/0027', '2025-08-15', 'BEBAN PINJAMAN KARYAWAN', 63, 'DEBIT', 500000, 0, 'BAGUS KASBON', NULL, NULL, 1, '2026-05-23 08:03:48', '2026-05-23 08:03:48', NULL);
INSERT INTO `tjurnal_umum` VALUES (1570, 'JRM/2508/0009', '2025-08-07', 'BEBAN PERLENGKAPAN', 23, 'DEBIT', 113000, 0, 'JERIGEN & AQUADEST', NULL, NULL, 1, '2026-05-23 08:03:48', '2026-05-23 08:03:48', NULL);
INSERT INTO `tjurnal_umum` VALUES (1571, 'JRM/2508/0009', '2025-08-07', 'KAS KECIL BANGKA', 1, 'KREDIT', 0, 113000, 'JERIGEN & AQUADEST', NULL, NULL, 1, '2026-05-23 08:03:48', '2026-05-23 08:03:48', NULL);
INSERT INTO `tjurnal_umum` VALUES (1572, 'JRM/2508/0060', '2025-08-30', 'BEBAN BELANJA DAPUR', 45, 'DEBIT', 218000, 0, 'KOPI, GULA, TEH', NULL, NULL, 1, '2026-05-23 08:03:48', '2026-05-23 08:03:48', NULL);
INSERT INTO `tjurnal_umum` VALUES (1573, 'JRM/2508/0060', '2025-08-30', 'BEBAN BELANJA DAPUR', 45, 'DEBIT', 1550000, 0, 'UANG MAKAN AGUSTUS', NULL, NULL, 1, '2026-05-23 08:03:48', '2026-05-23 08:03:48', NULL);
INSERT INTO `tjurnal_umum` VALUES (1574, 'JRM/2508/0060', '2025-08-30', 'BEBAN GAJI UMUM', 49, 'DEBIT', 3000000, 0, 'KASBON ENDANG', NULL, NULL, 1, '2026-05-23 08:03:48', '2026-05-23 08:03:48', NULL);
INSERT INTO `tjurnal_umum` VALUES (1575, 'JRM/2508/0060', '2025-08-30', 'BEBAN GAJI UMUM', 49, 'DEBIT', 20192500, 0, 'GAJI DAN LEMBURAN SIPIL 24 - 30 AGUSTUS', NULL, NULL, 1, '2026-05-23 08:03:48', '2026-05-23 08:03:48', NULL);
INSERT INTO `tjurnal_umum` VALUES (1576, 'JRM/2508/0027', '2025-08-15', 'KAS KECIL BANGKA', 1, 'KREDIT', 0, 500000, 'BAGUS KASBON', NULL, NULL, 1, '2026-05-23 08:03:48', '2026-05-23 08:03:48', NULL);
INSERT INTO `tjurnal_umum` VALUES (1577, 'JRM/2508/0027', '2025-08-15', 'BEBAN BELANJA DAPUR', 45, 'DEBIT', 204000, 0, 'KOPI, GULA', NULL, NULL, 1, '2026-05-23 08:03:48', '2026-05-23 08:03:48', NULL);
INSERT INTO `tjurnal_umum` VALUES (1578, 'JRM/2508/0027', '2025-08-15', 'KAS KECIL BANGKA', 1, 'KREDIT', 0, 204000, 'KOPI, GULA', NULL, NULL, 1, '2026-05-23 08:03:48', '2026-05-23 08:03:48', NULL);
INSERT INTO `tjurnal_umum` VALUES (1579, 'JRM/2508/0029', '2025-08-17', 'BEBAN BELANJA DAPUR', 45, 'DEBIT', 54000, 0, 'GULA', NULL, NULL, 1, '2026-05-23 08:03:48', '2026-05-23 08:03:48', NULL);
INSERT INTO `tjurnal_umum` VALUES (1580, 'JRM/2508/0029', '2025-08-17', 'KAS KECIL BANGKA', 1, 'KREDIT', 0, 54000, 'GULA', NULL, NULL, 1, '2026-05-23 08:03:48', '2026-05-23 08:03:48', NULL);
INSERT INTO `tjurnal_umum` VALUES (1581, 'JRM/2508/0029', '2025-08-17', 'BEBAN BELANJA DAPUR', 45, 'DEBIT', 143000, 0, 'BIBI BELANJA', NULL, NULL, 1, '2026-05-23 08:03:48', '2026-05-23 08:03:48', NULL);
INSERT INTO `tjurnal_umum` VALUES (1582, 'JRM/2508/0029', '2025-08-17', 'KAS KECIL BANGKA', 1, 'KREDIT', 0, 143000, 'BIBI BELANJA', NULL, NULL, 1, '2026-05-23 08:03:48', '2026-05-23 08:03:48', NULL);
INSERT INTO `tjurnal_umum` VALUES (1583, 'JRM/2508/0029', '2025-08-17', 'BEBAN BONUS / KOMISI', 48, 'DEBIT', 50000, 0, 'UPAH SUPIR PIPA', NULL, NULL, 1, '2026-05-23 08:03:48', '2026-05-23 08:03:48', NULL);
INSERT INTO `tjurnal_umum` VALUES (1584, 'JRM/2508/0029', '2025-08-17', 'KAS KECIL BANGKA', 1, 'KREDIT', 0, 50000, 'UPAH SUPIR PIPA', NULL, NULL, 1, '2026-05-23 08:03:48', '2026-05-23 08:03:48', NULL);
INSERT INTO `tjurnal_umum` VALUES (1585, 'JRM/2508/0031', '2025-08-14', 'BEBAN PERLENGKAPAN', 23, 'DEBIT', 3577000, 0, 'BELANJA DI TOKO ASUI', NULL, NULL, 1, '2026-05-23 08:03:48', '2026-05-23 08:03:48', NULL);
INSERT INTO `tjurnal_umum` VALUES (1586, 'JRM/2508/0031', '2025-08-14', 'HUTANG TOKO ASUI', 14, 'KREDIT', 0, 3577000, 'BELANJA DI TOKO ASUI', NULL, NULL, 1, '2026-05-23 08:03:48', '2026-05-23 08:03:48', NULL);
INSERT INTO `tjurnal_umum` VALUES (1587, 'JRM/2508/0032', '2025-08-15', 'BEBAN PERLENGKAPAN', 23, 'DEBIT', 1150000, 0, 'BELANJA DI TOKO ASUI', NULL, NULL, 1, '2026-05-23 08:03:48', '2026-05-23 08:03:48', NULL);
INSERT INTO `tjurnal_umum` VALUES (1588, 'JRM/2508/0032', '2025-08-15', 'HUTANG TOKO ASUI', 14, 'KREDIT', 0, 1150000, 'BELANJA DI TOKO ASUI', NULL, NULL, 1, '2026-05-23 08:03:48', '2026-05-23 08:03:48', NULL);
INSERT INTO `tjurnal_umum` VALUES (1589, 'JRM/2508/0033', '2025-08-15', 'BEBAN PERLENGKAPAN', 23, 'DEBIT', 10151000, 0, 'BELANJA DI TOKO ASUI', NULL, NULL, 1, '2026-05-23 08:03:48', '2026-05-23 08:03:48', NULL);
INSERT INTO `tjurnal_umum` VALUES (1590, 'JRM/2508/0033', '2025-08-15', 'HUTANG TOKO ASUI', 14, 'KREDIT', 0, 10151000, 'BELANJA DI TOKO ASUI', NULL, NULL, 1, '2026-05-23 08:03:48', '2026-05-23 08:03:48', NULL);
INSERT INTO `tjurnal_umum` VALUES (1591, 'JRM/2508/0034', '2025-08-17', 'BEBAN PERLENGKAPAN', 23, 'DEBIT', 8528000, 0, 'BELANJA DI TOKO ASUI', NULL, NULL, 1, '2026-05-23 08:03:48', '2026-05-23 08:03:48', NULL);
INSERT INTO `tjurnal_umum` VALUES (1592, 'JRM/2508/0034', '2025-08-17', 'HUTANG TOKO ASUI', 14, 'KREDIT', 0, 8528000, 'BELANJA DI TOKO ASUI', NULL, NULL, 1, '2026-05-23 08:03:48', '2026-05-23 08:03:48', NULL);
INSERT INTO `tjurnal_umum` VALUES (1593, 'JRM/2508/0035', '2025-08-18', 'BEBAN PERLENGKAPAN', 23, 'DEBIT', 1005000, 0, 'BELANJA DI TOKO ASUI', NULL, NULL, 1, '2026-05-23 08:03:48', '2026-05-23 08:03:48', NULL);
INSERT INTO `tjurnal_umum` VALUES (1594, 'JRM/2508/0035', '2025-08-18', 'HUTANG TOKO ASUI', 14, 'KREDIT', 0, 1005000, 'BELANJA DI TOKO ASUI', NULL, NULL, 1, '2026-05-23 08:03:48', '2026-05-23 08:03:48', NULL);
INSERT INTO `tjurnal_umum` VALUES (1595, 'JRM/2508/0036', '2025-08-18', 'BEBAN PERLENGKAPAN', 23, 'DEBIT', 9026000, 0, 'BELANJA DI TOKO ASUI', NULL, NULL, 1, '2026-05-23 08:03:48', '2026-05-23 08:03:48', NULL);
INSERT INTO `tjurnal_umum` VALUES (1596, 'JRM/2508/0036', '2025-08-18', 'HUTANG TOKO ASUI', 14, 'KREDIT', 0, 9026000, 'BELANJA DI TOKO ASUI', NULL, NULL, 1, '2026-05-23 08:03:48', '2026-05-23 08:03:48', NULL);
INSERT INTO `tjurnal_umum` VALUES (1597, 'JRM/2508/0037', '2025-08-18', 'BEBAN PERLENGKAPAN', 23, 'DEBIT', 6993000, 0, 'BELANJA DI TOKO ASUI', NULL, NULL, 1, '2026-05-23 08:03:48', '2026-05-23 08:03:48', NULL);
INSERT INTO `tjurnal_umum` VALUES (1598, 'JRM/2508/0037', '2025-08-18', 'HUTANG TOKO ASUI', 14, 'KREDIT', 0, 6993000, 'BELANJA DI TOKO ASUI', NULL, NULL, 1, '2026-05-23 08:03:48', '2026-05-23 08:03:48', NULL);
INSERT INTO `tjurnal_umum` VALUES (1599, 'JRM/2508/0038', '2025-08-19', 'KAS KECIL BANGKA', 1, 'DEBIT', 10000000, 0, 'KAS MASUK', NULL, NULL, 1, '2026-05-23 08:03:48', '2026-05-23 08:03:48', NULL);
INSERT INTO `tjurnal_umum` VALUES (1600, 'JRM/2508/0038', '2025-08-19', 'BANK BCA', 3, 'KREDIT', 0, 10000000, 'KAS MASUK', NULL, NULL, 1, '2026-05-23 08:03:48', '2026-05-23 08:03:48', NULL);
INSERT INTO `tjurnal_umum` VALUES (1601, 'JRM/2508/0038', '2025-08-19', 'BEBAN PERLENGKAPAN', 23, 'DEBIT', 7800000, 0, 'GORONG - GORONG CM 60', NULL, NULL, 1, '2026-05-23 08:03:48', '2026-05-23 08:03:48', NULL);
INSERT INTO `tjurnal_umum` VALUES (1602, 'JRM/2508/0038', '2025-08-19', 'KAS KECIL BANGKA', 1, 'KREDIT', 0, 7800000, 'GORONG - GORONG CM 60', NULL, NULL, 1, '2026-05-23 08:03:48', '2026-05-23 08:03:48', NULL);
INSERT INTO `tjurnal_umum` VALUES (1603, 'JRM/2508/0038', '2025-08-19', 'BEBAN PERLENGKAPAN', 23, 'DEBIT', 2530000, 0, 'PASANG SILEN HITAM', NULL, NULL, 1, '2026-05-23 08:03:48', '2026-05-23 08:03:48', NULL);
INSERT INTO `tjurnal_umum` VALUES (1604, 'JRM/2508/0038', '2025-08-19', 'KAS KECIL BANGKA', 1, 'KREDIT', 0, 2530000, 'PASANG SILEN HITAM', NULL, NULL, 1, '2026-05-23 08:03:48', '2026-05-23 08:03:48', NULL);
INSERT INTO `tjurnal_umum` VALUES (1605, 'JRM/2508/0009', '2025-08-07', 'BEBAN PERLENGKAPAN', 23, 'DEBIT', 389000, 0, 'DP ALAT PH', NULL, NULL, 1, '2026-05-23 08:03:48', '2026-05-23 08:03:48', NULL);
INSERT INTO `tjurnal_umum` VALUES (1606, 'JRM/2508/0009', '2025-08-07', 'KAS KECIL BANGKA', 1, 'KREDIT', 0, 389000, 'DP ALAT PH', NULL, NULL, 1, '2026-05-23 08:03:48', '2026-05-23 08:03:48', NULL);
INSERT INTO `tjurnal_umum` VALUES (1607, 'JRM/2508/0018', '2025-08-11', 'KAS KECIL BANGKA', 1, 'KREDIT', 0, 14000, 'LEM LALAT', NULL, NULL, 1, '2026-05-23 08:03:48', '2026-05-23 08:03:48', NULL);
INSERT INTO `tjurnal_umum` VALUES (1608, 'JRM/2508/0028', '2025-08-16', 'BEBAN BELANJA DAPUR', 45, 'DEBIT', 40000, 0, 'LILIN, KECAP ASIN', NULL, NULL, 1, '2026-05-23 08:03:48', '2026-05-23 08:03:48', NULL);
INSERT INTO `tjurnal_umum` VALUES (1609, 'JRM/2508/0028', '2025-08-16', 'BEBAN BELANJA DAPUR', 45, 'DEBIT', 68000, 0, 'GULA, TEH', NULL, NULL, 1, '2026-05-23 08:03:48', '2026-05-23 08:03:48', NULL);
INSERT INTO `tjurnal_umum` VALUES (1610, 'JRM/2508/0028', '2025-08-16', 'BEBAN PERLENGKAPAN', 23, 'DEBIT', 495000, 0, 'MATA BOR NACHI 12,5 MM / 3 BUAH', NULL, NULL, 1, '2026-05-23 08:03:48', '2026-05-23 08:03:48', NULL);
INSERT INTO `tjurnal_umum` VALUES (1611, 'JRM/2508/0028', '2025-08-16', 'BEBAN GAJI BUDIDAYA', 19, 'DEBIT', 12000000, 0, 'GAJI ORANG PIPA', NULL, NULL, 1, '2026-05-23 08:03:48', '2026-05-23 08:03:48', NULL);
INSERT INTO `tjurnal_umum` VALUES (1612, 'JRM/2508/0028', '2025-08-16', 'BEBAN GAJI UMUM', 49, 'DEBIT', 13380000, 0, 'GAJI & LEMBURAN 10 - 16 AGUSTUS 2025', NULL, NULL, 1, '2026-05-23 08:03:48', '2026-05-23 08:03:48', NULL);
INSERT INTO `tjurnal_umum` VALUES (1613, 'JRM/2508/0028', '2025-08-16', 'KAS KECIL BANGKA', 1, 'DEBIT', 30000000, 0, 'KAS MASUK', NULL, NULL, 1, '2026-05-23 08:03:48', '2026-05-23 08:03:48', NULL);
INSERT INTO `tjurnal_umum` VALUES (1614, 'JRM/2508/0028', '2025-08-16', 'KAS KECIL BANGKA', 1, 'KREDIT', 0, 40000, 'LILIN, KECAP ASIN', NULL, NULL, 1, '2026-05-23 08:03:48', '2026-05-23 08:03:48', NULL);
INSERT INTO `tjurnal_umum` VALUES (1615, 'JRM/2508/0028', '2025-08-16', 'KAS KECIL BANGKA', 1, 'KREDIT', 0, 68000, 'GULA, TEH', NULL, NULL, 1, '2026-05-23 08:03:48', '2026-05-23 08:03:48', NULL);
INSERT INTO `tjurnal_umum` VALUES (1616, 'JRM/2508/0028', '2025-08-16', 'KAS KECIL BANGKA', 1, 'KREDIT', 0, 495000, 'MATA BOR NACHI 12,5 MM / 3 BUAH', NULL, NULL, 1, '2026-05-23 08:03:48', '2026-05-23 08:03:48', NULL);
INSERT INTO `tjurnal_umum` VALUES (1617, 'JRM/2508/0028', '2025-08-16', 'KAS KECIL BANGKA', 1, 'KREDIT', 0, 12000000, 'GAJI ORANG PIPA', NULL, NULL, 1, '2026-05-23 08:03:48', '2026-05-23 08:03:48', NULL);
INSERT INTO `tjurnal_umum` VALUES (1618, 'JRM/2508/0028', '2025-08-16', 'KAS KECIL BANGKA', 1, 'KREDIT', 0, 13380000, 'GAJI & LEMBURAN 10 - 16 AGUSTUS 2025', NULL, NULL, 1, '2026-05-23 08:03:48', '2026-05-23 08:03:48', NULL);
INSERT INTO `tjurnal_umum` VALUES (1619, 'JRM/2508/0028', '2025-08-16', 'BANK BCA', 3, 'KREDIT', 0, 30000000, 'KAS MASUK', NULL, NULL, 1, '2026-05-23 08:03:48', '2026-05-23 08:03:48', NULL);
INSERT INTO `tjurnal_umum` VALUES (1620, 'JRM/2508/0028', '2025-08-16', 'BEBAN GAJI UMUM', 49, 'DEBIT', 6260000, 0, 'KAS KHOLIK', NULL, NULL, 1, '2026-05-23 08:03:48', '2026-05-23 08:03:48', NULL);
INSERT INTO `tjurnal_umum` VALUES (1621, 'JRM/2508/0028', '2025-08-16', 'KAS KECIL BANGKA', 1, 'KREDIT', 0, 6260000, 'KAS KHOLIK', NULL, NULL, 1, '2026-05-23 08:03:48', '2026-05-23 08:03:48', NULL);
INSERT INTO `tjurnal_umum` VALUES (1622, 'JRM/2508/0030', '2025-08-18', 'BEBAN PERLENGKAPAN', 23, 'DEBIT', 45500, 0, 'CARBON BRUSH GRINDA', NULL, NULL, 1, '2026-05-23 08:03:48', '2026-05-23 08:03:48', NULL);
INSERT INTO `tjurnal_umum` VALUES (1623, 'JRM/2508/0030', '2025-08-18', 'BEBAN PERLENGKAPAN', 23, 'DEBIT', 47500, 0, 'BEARING 6009 / 2 PCS', NULL, NULL, 1, '2026-05-23 08:03:48', '2026-05-23 08:03:48', NULL);
INSERT INTO `tjurnal_umum` VALUES (1624, 'JRM/2508/0030', '2025-08-18', 'BEBAN PERLENGKAPAN', 23, 'DEBIT', 60000, 0, 'SERBUK & CAIRAN KALIBRASI', NULL, NULL, 1, '2026-05-23 08:03:48', '2026-05-23 08:03:48', NULL);
INSERT INTO `tjurnal_umum` VALUES (1625, 'JRM/2508/0030', '2025-08-18', 'BEBAN BELANJA DAPUR', 45, 'DEBIT', 95000, 0, 'GULA, TEH, SUSU', NULL, NULL, 1, '2026-05-23 08:03:48', '2026-05-23 08:03:48', NULL);
INSERT INTO `tjurnal_umum` VALUES (1626, 'JRM/2508/0030', '2025-08-18', 'BEBAN BONUS / KOMISI', 48, 'DEBIT', 300000, 0, 'TIP TIM PANEL', NULL, NULL, 1, '2026-05-23 08:03:48', '2026-05-23 08:03:48', NULL);
INSERT INTO `tjurnal_umum` VALUES (1627, 'JRM/2508/0030', '2025-08-18', 'BEBAN PERLENGKAPAN', 23, 'DEBIT', 900000, 0, 'PERLENGKAPAN AQUARIUM', NULL, NULL, 1, '2026-05-23 08:03:48', '2026-05-23 08:03:48', NULL);
INSERT INTO `tjurnal_umum` VALUES (1628, 'JRM/2508/0030', '2025-08-18', 'KAS KECIL BANGKA', 1, 'KREDIT', 0, 45500, 'CARBON BRUSH GRINDA', NULL, NULL, 1, '2026-05-23 08:03:48', '2026-05-23 08:03:48', NULL);
INSERT INTO `tjurnal_umum` VALUES (1629, 'JRM/2508/0030', '2025-08-18', 'KAS KECIL BANGKA', 1, 'KREDIT', 0, 47500, 'BEARING 6009 / 2 PCS', NULL, NULL, 1, '2026-05-23 08:03:48', '2026-05-23 08:03:48', NULL);
INSERT INTO `tjurnal_umum` VALUES (1630, 'JRM/2508/0030', '2025-08-18', 'KAS KECIL BANGKA', 1, 'KREDIT', 0, 60000, 'SERBUK & CAIRAN KALIBRASI', NULL, NULL, 1, '2026-05-23 08:03:48', '2026-05-23 08:03:48', NULL);
INSERT INTO `tjurnal_umum` VALUES (1631, 'JRM/2508/0030', '2025-08-18', 'KAS KECIL BANGKA', 1, 'KREDIT', 0, 95000, 'GULA, TEH, SUSU', NULL, NULL, 1, '2026-05-23 08:03:48', '2026-05-23 08:03:48', NULL);
INSERT INTO `tjurnal_umum` VALUES (1632, 'JRM/2508/0030', '2025-08-18', 'KAS KECIL BANGKA', 1, 'KREDIT', 0, 300000, 'TIP TIM PANEL', NULL, NULL, 1, '2026-05-23 08:03:48', '2026-05-23 08:03:48', NULL);
INSERT INTO `tjurnal_umum` VALUES (1633, 'JRM/2508/0030', '2025-08-18', 'KAS KECIL BANGKA', 1, 'KREDIT', 0, 900000, 'PERLENGKAPAN AQUARIUM', NULL, NULL, 1, '2026-05-23 08:03:48', '2026-05-23 08:03:48', NULL);
INSERT INTO `tjurnal_umum` VALUES (1634, 'JRM/2508/0030', '2025-08-18', 'BEBAN BELANJA DAPUR', 45, 'DEBIT', 3000000, 0, 'UANG MAKAN AGUSTUS 2025', NULL, NULL, 1, '2026-05-23 08:03:48', '2026-05-23 08:03:48', NULL);
INSERT INTO `tjurnal_umum` VALUES (1635, 'JRM/2508/0030', '2025-08-18', 'KAS KECIL BANGKA', 1, 'KREDIT', 0, 3000000, 'UANG MAKAN AGUSTUS 2025', NULL, NULL, 1, '2026-05-23 08:03:48', '2026-05-23 08:03:48', NULL);
INSERT INTO `tjurnal_umum` VALUES (1636, 'JRM/2508/0039', '2025-08-20', 'BEBAN PENGOBATAN KARYAWAN', 57, 'DEBIT', 40000, 0, 'BEROBAT PONISI', NULL, NULL, 1, '2026-05-23 08:03:48', '2026-05-23 08:03:48', NULL);
INSERT INTO `tjurnal_umum` VALUES (1637, 'JRM/2508/0039', '2025-08-20', 'BEBAN BONUS / KOMISI', 48, 'DEBIT', 50000, 0, 'UPAH SUPIR PIPA', NULL, NULL, 1, '2026-05-23 08:03:48', '2026-05-23 08:03:48', NULL);
INSERT INTO `tjurnal_umum` VALUES (1638, 'JRM/2508/0039', '2025-08-20', 'BEBAN BELANJA DAPUR', 45, 'DEBIT', 218000, 0, 'KOPI, GULA, TEH', NULL, NULL, 1, '2026-05-23 08:03:48', '2026-05-23 08:03:48', NULL);
INSERT INTO `tjurnal_umum` VALUES (1639, 'JRM/2508/0039', '2025-08-20', 'KAS KECIL BANGKA', 1, 'DEBIT', 300000, 0, 'PENJUALAN SOLAR', NULL, NULL, 1, '2026-05-23 08:03:48', '2026-05-23 08:03:48', NULL);
INSERT INTO `tjurnal_umum` VALUES (1640, 'JRM/2508/0039', '2025-08-20', 'KAS KECIL BANGKA', 1, 'KREDIT', 0, 40000, 'BEROBAT PONISI', NULL, NULL, 1, '2026-05-23 08:03:48', '2026-05-23 08:03:48', NULL);
INSERT INTO `tjurnal_umum` VALUES (1641, 'JRM/2508/0039', '2025-08-20', 'KAS KECIL BANGKA', 1, 'KREDIT', 0, 50000, 'UPAH SUPIR PIPA', NULL, NULL, 1, '2026-05-23 08:03:48', '2026-05-23 08:03:48', NULL);
INSERT INTO `tjurnal_umum` VALUES (1642, 'JRM/2508/0039', '2025-08-20', 'KAS KECIL BANGKA', 1, 'KREDIT', 0, 218000, 'KOPI, GULA, TEH', NULL, NULL, 1, '2026-05-23 08:03:48', '2026-05-23 08:03:48', NULL);
INSERT INTO `tjurnal_umum` VALUES (1643, 'JRM/2508/0039', '2025-08-20', 'PENDAPATAN LAIN LAIN', 56, 'KREDIT', 0, 300000, 'PENJUALAN SOLAR', NULL, NULL, 1, '2026-05-23 08:03:48', '2026-05-23 08:03:48', NULL);
INSERT INTO `tjurnal_umum` VALUES (1644, 'JRM/2508/0040', '2025-08-18', 'BEBAN PERLENGKAPAN', 23, 'DEBIT', 4594000, 0, 'BELANJA DI TOKO ASUI', NULL, NULL, 1, '2026-05-23 08:03:48', '2026-05-23 08:03:48', NULL);
INSERT INTO `tjurnal_umum` VALUES (1645, 'JRM/2508/0040', '2025-08-18', 'HUTANG TOKO ASUI', 14, 'KREDIT', 0, 4594000, 'BELANJA DI TOKO ASUI', NULL, NULL, 1, '2026-05-23 08:03:48', '2026-05-23 08:03:48', NULL);
INSERT INTO `tjurnal_umum` VALUES (1646, 'JRM/2508/0041', '2025-08-19', 'BEBAN PERLENGKAPAN', 23, 'DEBIT', 13532000, 0, 'BELANJA DI TOKO ASUI', NULL, NULL, 1, '2026-05-23 08:03:48', '2026-05-23 08:03:48', NULL);
INSERT INTO `tjurnal_umum` VALUES (1647, 'JRM/2508/0041', '2025-08-19', 'HUTANG TOKO ASUI', 14, 'KREDIT', 0, 13532000, 'BELANJA DI TOKO ASUI', NULL, NULL, 1, '2026-05-23 08:03:48', '2026-05-23 08:03:48', NULL);
INSERT INTO `tjurnal_umum` VALUES (1648, 'JRM/2508/0042', '2025-08-20', 'BEBAN PERLENGKAPAN', 23, 'DEBIT', 6012000, 0, 'BELANJA DI TOKO ASUI', NULL, NULL, 1, '2026-05-23 08:03:48', '2026-05-23 08:03:48', NULL);
INSERT INTO `tjurnal_umum` VALUES (1649, 'JRM/2508/0042', '2025-08-20', 'HUTANG TOKO ASUI', 14, 'KREDIT', 0, 6012000, 'BELANJA DI TOKO ASUI', NULL, NULL, 1, '2026-05-23 08:03:48', '2026-05-23 08:03:48', NULL);
INSERT INTO `tjurnal_umum` VALUES (1650, 'JRM/2508/0043', '2025-08-21', 'BEBAN PERLENGKAPAN', 23, 'DEBIT', 32520000, 0, 'BELANJA DI TOKO ASUI', NULL, NULL, 1, '2026-05-23 08:03:48', '2026-05-23 08:03:48', NULL);
INSERT INTO `tjurnal_umum` VALUES (1651, 'JRM/2508/0043', '2025-08-21', 'HUTANG TOKO ASUI', 14, 'KREDIT', 0, 32520000, 'BELANJA DI TOKO ASUI', NULL, NULL, 1, '2026-05-23 08:03:48', '2026-05-23 08:03:48', NULL);
INSERT INTO `tjurnal_umum` VALUES (1652, 'JRM/2508/0044', '2025-08-22', 'BEBAN PERLENGKAPAN', 23, 'DEBIT', 8018000, 0, 'BELANJA DI TOKO ASUI', NULL, NULL, 1, '2026-05-23 08:03:48', '2026-05-23 08:03:48', NULL);
INSERT INTO `tjurnal_umum` VALUES (1653, 'JRM/2508/0044', '2025-08-22', 'HUTANG TOKO ASUI', 14, 'KREDIT', 0, 8018000, 'BELANJA DI TOKO ASUI', NULL, NULL, 1, '2026-05-23 08:03:48', '2026-05-23 08:03:48', NULL);
INSERT INTO `tjurnal_umum` VALUES (1654, 'JRM/2508/0045', '2025-08-22', 'BEBAN PERLENGKAPAN', 23, 'DEBIT', 1616000, 0, 'BELANJA DI TOKO ASUI', NULL, NULL, 1, '2026-05-23 08:03:48', '2026-05-23 08:03:48', NULL);
INSERT INTO `tjurnal_umum` VALUES (1655, 'JRM/2508/0045', '2025-08-22', 'HUTANG TOKO ASUI', 14, 'KREDIT', 0, 1616000, 'BELANJA DI TOKO ASUI', NULL, NULL, 1, '2026-05-23 08:03:48', '2026-05-23 08:03:48', NULL);
INSERT INTO `tjurnal_umum` VALUES (1656, 'JRM/2508/0046', '2025-08-23', 'BEBAN PERLENGKAPAN', 23, 'DEBIT', 3046000, 0, 'BELANJA DI TOKO ASUI', NULL, NULL, 1, '2026-05-23 08:03:48', '2026-05-23 08:03:48', NULL);
INSERT INTO `tjurnal_umum` VALUES (1657, 'JRM/2508/0046', '2025-08-23', 'HUTANG TOKO ASUI', 14, 'KREDIT', 0, 3046000, 'BELANJA DI TOKO ASUI', NULL, NULL, 1, '2026-05-23 08:03:48', '2026-05-23 08:03:48', NULL);
INSERT INTO `tjurnal_umum` VALUES (1658, 'JRM/2508/0047', '2025-08-21', 'BEBAN BELANJA DAPUR', 45, 'DEBIT', 247000, 0, 'TOLAK ANGIN, SUSU', NULL, NULL, 1, '2026-05-23 08:03:48', '2026-05-23 08:03:48', NULL);
INSERT INTO `tjurnal_umum` VALUES (1659, 'JRM/2508/0047', '2025-08-21', 'KAS KECIL BANGKA', 1, 'KREDIT', 0, 247000, 'TOLAK ANGIN, SUSU', NULL, NULL, 1, '2026-05-23 08:03:48', '2026-05-23 08:03:48', NULL);
INSERT INTO `tjurnal_umum` VALUES (1660, 'JRM/2508/0047', '2025-08-21', 'BEBAN BELANJA DAPUR', 45, 'DEBIT', 351000, 0, 'AYAM & TELUR', NULL, NULL, 1, '2026-05-23 08:03:48', '2026-05-23 08:03:48', NULL);
INSERT INTO `tjurnal_umum` VALUES (1661, 'JRM/2508/0047', '2025-08-21', 'KAS KECIL BANGKA', 1, 'KREDIT', 0, 351000, 'AYAM & TELUR', NULL, NULL, 1, '2026-05-23 08:03:48', '2026-05-23 08:03:48', NULL);
INSERT INTO `tjurnal_umum` VALUES (1662, 'JRM/2508/0047', '2025-08-21', 'BEBAN BELANJA DAPUR', 45, 'DEBIT', 125000, 0, 'PISAU, CENTONG NASI, DLL', NULL, NULL, 1, '2026-05-23 08:03:48', '2026-05-23 08:03:48', NULL);
INSERT INTO `tjurnal_umum` VALUES (1663, 'JRM/2508/0047', '2025-08-21', 'KAS KECIL BANGKA', 1, 'KREDIT', 0, 125000, 'PISAU, CENTONG NASI, DLL', NULL, NULL, 1, '2026-05-23 08:03:48', '2026-05-23 08:03:48', NULL);
INSERT INTO `tjurnal_umum` VALUES (1664, 'JRM/2508/0047', '2025-08-21', 'BEBAN PERLENGKAPAN', 23, 'DEBIT', 11000, 0, 'OBAT', NULL, NULL, 1, '2026-05-23 08:03:48', '2026-05-23 08:03:48', NULL);
INSERT INTO `tjurnal_umum` VALUES (1665, 'JRM/2508/0047', '2025-08-21', 'KAS KECIL BANGKA', 1, 'KREDIT', 0, 11000, 'OBAT', NULL, NULL, 1, '2026-05-23 08:03:48', '2026-05-23 08:03:48', NULL);
INSERT INTO `tjurnal_umum` VALUES (1666, 'JRM/2508/0047', '2025-08-21', 'BEBAN PENGOBATAN KARYAWAN', 57, 'DEBIT', 72000, 0, 'BEROBAT FANI', NULL, NULL, 1, '2026-05-23 08:03:48', '2026-05-23 08:03:48', NULL);
INSERT INTO `tjurnal_umum` VALUES (1667, 'JRM/2508/0047', '2025-08-21', 'KAS KECIL BANGKA', 1, 'KREDIT', 0, 72000, 'BEROBAT FANI', NULL, NULL, 1, '2026-05-23 08:03:48', '2026-05-23 08:03:48', NULL);
INSERT INTO `tjurnal_umum` VALUES (1668, 'JRM/2508/0048', '2025-08-26', 'BEBAN PERLENGKAPAN', 23, 'DEBIT', 12398000, 0, 'BELANJA DI TOKO ASUI', NULL, NULL, 1, '2026-05-23 08:03:48', '2026-05-23 08:03:48', NULL);
INSERT INTO `tjurnal_umum` VALUES (1669, 'JRM/2508/0048', '2025-08-26', 'HUTANG TOKO ASUI', 14, 'KREDIT', 0, 12398000, 'BELANJA DI TOKO ASUI', NULL, NULL, 1, '2026-05-23 08:03:48', '2026-05-23 08:03:48', NULL);
INSERT INTO `tjurnal_umum` VALUES (1670, 'JRM/2508/0049', '2025-08-27', 'BEBAN PERLENGKAPAN', 23, 'DEBIT', 10351000, 0, 'BELANJA DI TOKO ASUI', NULL, NULL, 1, '2026-05-23 08:03:48', '2026-05-23 08:03:48', NULL);
INSERT INTO `tjurnal_umum` VALUES (1671, 'JRM/2508/0049', '2025-08-27', 'HUTANG TOKO ASUI', 14, 'KREDIT', 0, 10351000, 'BELANJA DI TOKO ASUI', NULL, NULL, 1, '2026-05-23 08:03:48', '2026-05-23 08:03:48', NULL);
INSERT INTO `tjurnal_umum` VALUES (1672, 'JRM/2508/0050', '2025-08-27', 'BEBAN PERLENGKAPAN', 23, 'DEBIT', 1715000, 0, 'BELANJA DI TOKO ASUI', NULL, NULL, 1, '2026-05-23 08:03:48', '2026-05-23 08:03:48', NULL);
INSERT INTO `tjurnal_umum` VALUES (1673, 'JRM/2508/0050', '2025-08-27', 'HUTANG TOKO ASUI', 14, 'KREDIT', 0, 1715000, 'BELANJA DI TOKO ASUI', NULL, NULL, 1, '2026-05-23 08:03:48', '2026-05-23 08:03:48', NULL);
INSERT INTO `tjurnal_umum` VALUES (1674, 'JRM/2508/0051', '2025-08-30', 'BEBAN PERLENGKAPAN', 23, 'DEBIT', 17561000, 0, 'BELANJA DI TOKO ASUI', NULL, NULL, 1, '2026-05-23 08:03:48', '2026-05-23 08:03:48', NULL);
INSERT INTO `tjurnal_umum` VALUES (1675, 'JRM/2508/0051', '2025-08-30', 'HUTANG TOKO ASUI', 14, 'KREDIT', 0, 17561000, 'BELANJA DI TOKO ASUI', NULL, NULL, 1, '2026-05-23 08:03:48', '2026-05-23 08:03:48', NULL);
INSERT INTO `tjurnal_umum` VALUES (1676, 'JRM/2508/0052', '2025-08-29', 'BEBAN PERLENGKAPAN', 23, 'DEBIT', 4855000, 0, 'BELANJA DI TOKO ASUI', NULL, NULL, 1, '2026-05-23 08:03:48', '2026-05-23 08:03:48', NULL);
INSERT INTO `tjurnal_umum` VALUES (1677, 'JRM/2508/0052', '2025-08-29', 'HUTANG TOKO ASUI', 14, 'KREDIT', 0, 4855000, 'BELANJA DI TOKO ASUI', NULL, NULL, 1, '2026-05-23 08:03:48', '2026-05-23 08:03:48', NULL);
INSERT INTO `tjurnal_umum` VALUES (1678, 'JRM/2508/0053', '2025-08-22', 'BEBAN BELANJA DAPUR', 45, 'DEBIT', 57000, 0, 'BAYGON, SUSU BERUANG', NULL, NULL, 1, '2026-05-23 08:03:48', '2026-05-23 08:03:48', NULL);
INSERT INTO `tjurnal_umum` VALUES (1679, 'JRM/2508/0053', '2025-08-22', 'KAS KECIL BANGKA', 1, 'KREDIT', 0, 57000, 'BAYGON, SUSU BERUANG', NULL, NULL, 1, '2026-05-23 08:03:48', '2026-05-23 08:03:48', NULL);
INSERT INTO `tjurnal_umum` VALUES (1680, 'JRM/2508/0054', '2025-08-23', 'BEBAN PERLENGKAPAN', 23, 'DEBIT', 120000, 0, 'BAN BEKAS', NULL, NULL, 1, '2026-05-23 08:03:48', '2026-05-23 08:03:48', NULL);
INSERT INTO `tjurnal_umum` VALUES (1681, 'JRM/2508/0054', '2025-08-23', 'BEBAN BELANJA DAPUR', 45, 'DEBIT', 132000, 0, 'BELANJA DI TOKO', NULL, NULL, 1, '2026-05-23 08:03:48', '2026-05-23 08:03:48', NULL);
INSERT INTO `tjurnal_umum` VALUES (1682, 'JRM/2508/0054', '2025-08-23', 'BEBAN PERLENGKAPAN', 23, 'DEBIT', 200000, 0, 'BAN BEKAS', NULL, NULL, 1, '2026-05-23 08:03:48', '2026-05-23 08:03:48', NULL);
INSERT INTO `tjurnal_umum` VALUES (1683, 'JRM/2508/0054', '2025-08-23', 'BEBAN BELANJA DAPUR', 45, 'DEBIT', 204000, 0, 'KOPI DAN GULA', NULL, NULL, 1, '2026-05-23 08:03:48', '2026-05-23 08:03:48', NULL);
INSERT INTO `tjurnal_umum` VALUES (1684, 'JRM/2508/0054', '2025-08-23', 'BEBAN BELANJA DAPUR', 45, 'DEBIT', 236000, 0, 'BUAT MAKANAN', NULL, NULL, 1, '2026-05-23 08:03:48', '2026-05-23 08:03:48', NULL);
INSERT INTO `tjurnal_umum` VALUES (1685, 'JRM/2508/0054', '2025-08-23', 'BEBAN BELANJA DAPUR', 45, 'DEBIT', 240000, 0, 'CALOK DAN BUAH', NULL, NULL, 1, '2026-05-23 08:03:48', '2026-05-23 08:03:48', NULL);
INSERT INTO `tjurnal_umum` VALUES (1686, 'JRM/2508/0054', '2025-08-23', 'BEBAN BENSIN', 37, 'DEBIT', 300000, 0, 'BBM GRANDMAX', NULL, NULL, 1, '2026-05-23 08:03:48', '2026-05-23 08:03:48', NULL);
INSERT INTO `tjurnal_umum` VALUES (1687, 'JRM/2508/0054', '2025-08-23', 'BEBAN PINJAMAN KARYAWAN', 63, 'DEBIT', 500000, 0, 'SUGIONO KASBON', NULL, NULL, 1, '2026-05-23 08:03:48', '2026-05-23 08:03:48', NULL);
INSERT INTO `tjurnal_umum` VALUES (1688, 'JRM/2508/0054', '2025-08-23', 'BEBAN PINJAMAN KARYAWAN', 63, 'DEBIT', 500000, 0, 'BAYU KASBON', NULL, NULL, 1, '2026-05-23 08:03:48', '2026-05-23 08:03:48', NULL);
INSERT INTO `tjurnal_umum` VALUES (1689, 'JRM/2509/0005', '2025-09-08', 'BEBAN PERLENGKAPAN', 23, 'DEBIT', 1750000, 0, 'BELANJA DI TOKO ASUI', NULL, NULL, 1, '2026-05-23 08:03:48', '2026-05-23 08:03:48', NULL);
INSERT INTO `tjurnal_umum` VALUES (1690, 'JRM/2509/0005', '2025-09-08', 'HUTANG TOKO ASUI', 14, 'KREDIT', 0, 1750000, 'BELANJA DI TOKO ASUI', NULL, NULL, 1, '2026-05-23 08:03:48', '2026-05-23 08:03:48', NULL);
INSERT INTO `tjurnal_umum` VALUES (1691, 'JRM/2509/0006', '2025-09-10', 'BEBAN PERLENGKAPAN', 23, 'DEBIT', 2930000, 0, 'BELANJA DI TOKO ASUI', NULL, NULL, 1, '2026-05-23 08:03:48', '2026-05-23 08:03:48', NULL);
INSERT INTO `tjurnal_umum` VALUES (1692, 'JRM/2509/0006', '2025-09-10', 'HUTANG TOKO ASUI', 14, 'KREDIT', 0, 2930000, 'BELANJA DI TOKO ASUI', NULL, NULL, 1, '2026-05-23 08:03:48', '2026-05-23 08:03:48', NULL);
INSERT INTO `tjurnal_umum` VALUES (1693, 'JRM/2509/0008', '2025-09-11', 'BEBAN PERLENGKAPAN', 23, 'DEBIT', 1304000, 0, 'BELANJA DI TOKO ASUI', NULL, NULL, 1, '2026-05-23 08:03:48', '2026-05-23 08:03:48', NULL);
INSERT INTO `tjurnal_umum` VALUES (1694, 'JRM/2509/0008', '2025-09-11', 'HUTANG TOKO ASUI', 14, 'KREDIT', 0, 1304000, 'BELANJA DI TOKO ASUI', NULL, NULL, 1, '2026-05-23 08:03:48', '2026-05-23 08:03:48', NULL);
INSERT INTO `tjurnal_umum` VALUES (1695, 'JRM/2509/0009', '2025-09-12', 'BEBAN PERLENGKAPAN', 23, 'DEBIT', 3050000, 0, 'BELANJA DI TOKO ASUI', NULL, NULL, 1, '2026-05-23 08:03:48', '2026-05-23 08:03:48', NULL);
INSERT INTO `tjurnal_umum` VALUES (1696, 'JRM/2509/0009', '2025-09-12', 'HUTANG TOKO ASUI', 14, 'KREDIT', 0, 3050000, 'BELANJA DI TOKO ASUI', NULL, NULL, 1, '2026-05-23 08:03:48', '2026-05-23 08:03:48', NULL);
INSERT INTO `tjurnal_umum` VALUES (1697, 'JRM/2509/0010', '2025-09-14', 'BEBAN PERLENGKAPAN', 23, 'DEBIT', 2541000, 0, 'BELANJA DI TOKO ASUI', NULL, NULL, 1, '2026-05-23 08:03:48', '2026-05-23 08:03:48', NULL);
INSERT INTO `tjurnal_umum` VALUES (1698, 'JRM/2509/0010', '2025-09-14', 'HUTANG TOKO ASUI', 14, 'KREDIT', 0, 2541000, 'BELANJA DI TOKO ASUI', NULL, NULL, 1, '2026-05-23 08:03:48', '2026-05-23 08:03:48', NULL);
INSERT INTO `tjurnal_umum` VALUES (1699, 'JRM/2509/0011', '2025-09-15', 'HUTANG TOKO ASUI', 14, 'KREDIT', 0, 4619000, 'BELANJA DI TOKO ASUI', NULL, NULL, 1, '2026-05-23 08:03:48', '2026-05-23 08:03:48', NULL);
INSERT INTO `tjurnal_umum` VALUES (1700, 'JRM/2509/0011', '2025-09-15', 'BEBAN PERLENGKAPAN', 23, 'DEBIT', 4619000, 0, 'BELANJA DI TOKO ASUI', NULL, NULL, 1, '2026-05-23 08:03:48', '2026-05-23 08:03:48', NULL);
INSERT INTO `tjurnal_umum` VALUES (1701, 'JRM/2509/0012', '2025-09-16', 'BEBAN PERLENGKAPAN', 23, 'DEBIT', 1459000, 0, 'BELANJA DI TOKO ASUI', NULL, NULL, 1, '2026-05-23 08:03:48', '2026-05-23 08:03:48', NULL);
INSERT INTO `tjurnal_umum` VALUES (1702, 'JRM/2509/0012', '2025-09-16', 'HUTANG TOKO ASUI', 14, 'KREDIT', 0, 1459000, 'BELANJA DI TOKO ASUI', NULL, NULL, 1, '2026-05-23 08:03:48', '2026-05-23 08:03:48', NULL);
INSERT INTO `tjurnal_umum` VALUES (1703, 'JRM/2509/0013', '2025-09-18', 'BEBAN PERLENGKAPAN', 23, 'DEBIT', 2100000, 0, 'BELANJA DI TOKO ASUI', NULL, NULL, 1, '2026-05-23 08:03:48', '2026-05-23 08:03:48', NULL);
INSERT INTO `tjurnal_umum` VALUES (1704, 'JRM/2509/0013', '2025-09-18', 'HUTANG TOKO ASUI', 14, 'KREDIT', 0, 2100000, 'BELANJA DI TOKO ASUI', NULL, NULL, 1, '2026-05-23 08:03:48', '2026-05-23 08:03:48', NULL);
INSERT INTO `tjurnal_umum` VALUES (1705, 'JRM/2509/0014', '2025-09-18', 'BEBAN PERLENGKAPAN', 23, 'DEBIT', 1260000, 0, 'BELANJA DI TOKO ASUI', NULL, NULL, 1, '2026-05-23 08:03:48', '2026-05-23 08:03:48', NULL);
INSERT INTO `tjurnal_umum` VALUES (1706, 'JRM/2509/0014', '2025-09-18', 'HUTANG TOKO ASUI', 14, 'KREDIT', 0, 1260000, 'BELANJA DI TOKO ASUI', NULL, NULL, 1, '2026-05-23 08:03:48', '2026-05-23 08:03:48', NULL);
INSERT INTO `tjurnal_umum` VALUES (1707, 'JRM/2509/0015', '2025-09-19', 'BEBAN PERLENGKAPAN', 23, 'DEBIT', 6085000, 0, 'BELANJA DI TOKO ASUI', NULL, NULL, 1, '2026-05-23 08:03:48', '2026-05-23 08:03:48', NULL);
INSERT INTO `tjurnal_umum` VALUES (1708, 'JRM/2509/0015', '2025-09-19', 'HUTANG TOKO ASUI', 14, 'KREDIT', 0, 6085000, 'BELANJA DI TOKO ASUI', NULL, NULL, 1, '2026-05-23 08:03:48', '2026-05-23 08:03:48', NULL);
INSERT INTO `tjurnal_umum` VALUES (1709, 'JRM/2509/0016', '2025-09-20', 'BEBAN PERLENGKAPAN', 23, 'DEBIT', 5230000, 0, 'BELANJA DI TOKO ASUI', NULL, NULL, 1, '2026-05-23 08:03:48', '2026-05-23 08:03:48', NULL);
INSERT INTO `tjurnal_umum` VALUES (1710, 'JRM/2509/0016', '2025-09-20', 'HUTANG TOKO ASUI', 14, 'KREDIT', 0, 5230000, 'BELANJA DI TOKO ASUI', NULL, NULL, 1, '2026-05-23 08:03:48', '2026-05-23 08:03:48', NULL);
INSERT INTO `tjurnal_umum` VALUES (1711, 'JRM/2509/0017', '2025-09-21', 'BEBAN PERLENGKAPAN', 23, 'DEBIT', 4541000, 0, 'BELANJA DI TOKO ASUI', NULL, NULL, 1, '2026-05-23 08:03:48', '2026-05-23 08:03:48', NULL);
INSERT INTO `tjurnal_umum` VALUES (1712, 'JRM/2509/0017', '2025-09-21', 'HUTANG TOKO ASUI', 14, 'KREDIT', 0, 4541000, 'BELANJA DI TOKO ASUI', NULL, NULL, 1, '2026-05-23 08:03:48', '2026-05-23 08:03:48', NULL);
INSERT INTO `tjurnal_umum` VALUES (1713, 'JRM/2509/0018', '2025-09-22', 'BEBAN PERLENGKAPAN', 23, 'DEBIT', 7320000, 0, 'BELANJA DI TOKO ASUI', NULL, NULL, 1, '2026-05-23 08:03:48', '2026-05-23 08:03:48', NULL);
INSERT INTO `tjurnal_umum` VALUES (1714, 'JRM/2509/0018', '2025-09-22', 'HUTANG TOKO ASUI', 14, 'KREDIT', 0, 7320000, 'BELANJA DI TOKO ASUI', NULL, NULL, 1, '2026-05-23 08:03:48', '2026-05-23 08:03:48', NULL);
INSERT INTO `tjurnal_umum` VALUES (1715, 'JRM/2509/0019', '2025-09-23', 'BEBAN PERLENGKAPAN', 23, 'DEBIT', 1700000, 0, 'BELANJA DI TOKO ASUI', NULL, NULL, 1, '2026-05-23 08:03:48', '2026-05-23 08:03:48', NULL);
INSERT INTO `tjurnal_umum` VALUES (1716, 'JRM/2509/0019', '2025-09-23', 'HUTANG TOKO ASUI', 14, 'KREDIT', 0, 1700000, 'BELANJA DI TOKO ASUI', NULL, NULL, 1, '2026-05-23 08:03:48', '2026-05-23 08:03:48', NULL);
INSERT INTO `tjurnal_umum` VALUES (1717, 'JRM/2509/0020', '2025-09-23', 'BEBAN PERLENGKAPAN', 23, 'DEBIT', 14483000, 0, 'BELANJA DI TOKO ASUI', NULL, NULL, 1, '2026-05-23 08:03:48', '2026-05-23 08:03:48', NULL);
INSERT INTO `tjurnal_umum` VALUES (1718, 'JRM/2509/0020', '2025-09-23', 'HUTANG TOKO ASUI', 14, 'KREDIT', 0, 14483000, 'BELANJA DI TOKO ASUI', NULL, NULL, 1, '2026-05-23 08:03:48', '2026-05-23 08:03:48', NULL);
INSERT INTO `tjurnal_umum` VALUES (1719, 'JRM/2509/0021', '2025-09-24', 'BEBAN PERLENGKAPAN', 23, 'DEBIT', 8195000, 0, 'BELANJA DI TOKO ASUI', NULL, NULL, 1, '2026-05-23 08:03:48', '2026-05-23 08:03:48', NULL);
INSERT INTO `tjurnal_umum` VALUES (1720, 'JRM/2509/0021', '2025-09-24', 'HUTANG TOKO ASUI', 14, 'KREDIT', 0, 8195000, 'BELANJA DI TOKO ASUI', NULL, NULL, 1, '2026-05-23 08:03:48', '2026-05-23 08:03:48', NULL);
INSERT INTO `tjurnal_umum` VALUES (1721, 'JRM/2509/0022', '2025-09-26', 'BEBAN PERLENGKAPAN', 23, 'DEBIT', 9845000, 0, 'BELANJA DI TOKO ASUI', NULL, NULL, 1, '2026-05-23 08:03:48', '2026-05-23 08:03:48', NULL);
INSERT INTO `tjurnal_umum` VALUES (1722, 'JRM/2509/0007', '2025-09-11', 'BEBAN PERLENGKAPAN', 23, 'DEBIT', 3575000, 0, 'BELANJA DI TOKO ASUI', NULL, NULL, 1, '2026-05-23 08:03:48', '2026-05-23 08:03:48', NULL);
INSERT INTO `tjurnal_umum` VALUES (1723, 'JRM/2509/0007', '2025-09-11', 'HUTANG TOKO ASUI', 14, 'KREDIT', 0, 3575000, 'BELANJA DI TOKO ASUI', NULL, NULL, 1, '2026-05-23 08:03:48', '2026-05-23 08:03:48', NULL);
INSERT INTO `tjurnal_umum` VALUES (1724, 'JRM/2509/0022', '2025-09-26', 'HUTANG TOKO ASUI', 14, 'KREDIT', 0, 9845000, 'BELANJA DI TOKO ASUI', NULL, NULL, 1, '2026-05-23 08:03:48', '2026-05-23 08:03:48', NULL);
INSERT INTO `tjurnal_umum` VALUES (1725, 'JRM/2509/0023', '2025-09-27', 'BEBAN PERLENGKAPAN', 23, 'DEBIT', 3624000, 0, 'BELANJA DI TOKO ASUI', NULL, NULL, 1, '2026-05-23 08:03:48', '2026-05-23 08:03:48', NULL);
INSERT INTO `tjurnal_umum` VALUES (1726, 'JRM/2509/0023', '2025-09-27', 'HUTANG TOKO ASUI', 14, 'KREDIT', 0, 3624000, 'BELANJA DI TOKO ASUI', NULL, NULL, 1, '2026-05-23 08:03:48', '2026-05-23 08:03:48', NULL);
INSERT INTO `tjurnal_umum` VALUES (1727, 'JRM/2509/0024', '2025-09-28', 'BEBAN PERLENGKAPAN', 23, 'DEBIT', 8501000, 0, 'BELANJA DI TOKO ASUI', NULL, NULL, 1, '2026-05-23 08:03:48', '2026-05-23 08:03:48', NULL);
INSERT INTO `tjurnal_umum` VALUES (1728, 'JRM/2509/0024', '2025-09-28', 'HUTANG TOKO ASUI', 14, 'KREDIT', 0, 8501000, 'BELANJA DI TOKO ASUI', NULL, NULL, 1, '2026-05-23 08:03:48', '2026-05-23 08:03:48', NULL);
INSERT INTO `tjurnal_umum` VALUES (1729, 'JRM/2509/0025', '2025-09-29', 'BEBAN PERLENGKAPAN', 23, 'DEBIT', 1378000, 0, 'BELANJA DI TOKO ASUI', NULL, NULL, 1, '2026-05-23 08:03:48', '2026-05-23 08:03:48', NULL);
INSERT INTO `tjurnal_umum` VALUES (1730, 'JRM/2509/0025', '2025-09-29', 'HUTANG TOKO ASUI', 14, 'KREDIT', 0, 1378000, 'BELANJA DI TOKO ASUI', NULL, NULL, 1, '2026-05-23 08:03:48', '2026-05-23 08:03:48', NULL);
INSERT INTO `tjurnal_umum` VALUES (1731, 'JRM/2510/0001', '2025-10-01', 'BEBAN PERLENGKAPAN', 23, 'DEBIT', 10874000, 0, 'BELANJA DI TOKO ASUI', NULL, NULL, 1, '2026-05-23 08:03:48', '2026-05-23 08:03:48', NULL);
INSERT INTO `tjurnal_umum` VALUES (1732, 'JRM/2510/0001', '2025-10-01', 'HUTANG TOKO ASUI', 14, 'KREDIT', 0, 10874000, 'BELANJA DI TOKO ASUI', NULL, NULL, 1, '2026-05-23 08:03:48', '2026-05-23 08:03:48', NULL);
INSERT INTO `tjurnal_umum` VALUES (1733, 'JRM/2510/0002', '2025-10-02', 'BEBAN PERLENGKAPAN', 23, 'DEBIT', 5383000, 0, 'BELANJA DI TOKO ASUI', NULL, NULL, 1, '2026-05-23 08:03:48', '2026-05-23 08:03:48', NULL);
INSERT INTO `tjurnal_umum` VALUES (1734, 'JRM/2510/0002', '2025-10-02', 'HUTANG TOKO ASUI', 14, 'KREDIT', 0, 5383000, 'BELANJA DI TOKO ASUI', NULL, NULL, 1, '2026-05-23 08:03:48', '2026-05-23 08:03:48', NULL);
INSERT INTO `tjurnal_umum` VALUES (1735, 'JRM/2510/0003', '2025-10-03', 'BEBAN PERLENGKAPAN', 23, 'DEBIT', 3657000, 0, 'BELANJA DI TOKO ASUI', NULL, NULL, 1, '2026-05-23 08:03:48', '2026-05-23 08:03:48', NULL);
INSERT INTO `tjurnal_umum` VALUES (1736, 'JRM/2510/0003', '2025-10-03', 'HUTANG TOKO ASUI', 14, 'KREDIT', 0, 3657000, 'BELANJA DI TOKO ASUI', NULL, NULL, 1, '2026-05-23 08:03:48', '2026-05-23 08:03:48', NULL);
INSERT INTO `tjurnal_umum` VALUES (1737, 'JRM/2510/0004', '2025-10-06', 'BEBAN PERLENGKAPAN', 23, 'DEBIT', 1405000, 0, 'BELANJA DI TOKO ASUI', NULL, NULL, 1, '2026-05-23 08:03:48', '2026-05-23 08:03:48', NULL);
INSERT INTO `tjurnal_umum` VALUES (1738, 'JRM/2510/0004', '2025-10-06', 'HUTANG TOKO ASUI', 14, 'KREDIT', 0, 1405000, 'BELANJA DI TOKO ASUI', NULL, NULL, 1, '2026-05-23 08:03:48', '2026-05-23 08:03:48', NULL);
INSERT INTO `tjurnal_umum` VALUES (1739, 'JRM/2510/0005', '2025-10-06', 'BEBAN PERLENGKAPAN', 23, 'DEBIT', 4415000, 0, 'BELANJA DI TOKO ASUI', NULL, NULL, 1, '2026-05-23 08:03:48', '2026-05-23 08:03:48', NULL);
INSERT INTO `tjurnal_umum` VALUES (1740, 'JRM/2510/0005', '2025-10-06', 'HUTANG TOKO ASUI', 14, 'KREDIT', 0, 4415000, 'BELANJA DI TOKO ASUI', NULL, NULL, 1, '2026-05-23 08:03:48', '2026-05-23 08:03:48', NULL);
INSERT INTO `tjurnal_umum` VALUES (1741, 'JRM/2510/0006', '2025-10-07', 'BEBAN PERLENGKAPAN', 23, 'DEBIT', 2947000, 0, 'BELANJA DI TOKO ASUI', NULL, NULL, 1, '2026-05-23 08:03:48', '2026-05-23 08:03:48', NULL);
INSERT INTO `tjurnal_umum` VALUES (1742, 'JRM/2510/0006', '2025-10-07', 'HUTANG TOKO ASUI', 14, 'KREDIT', 0, 2947000, 'BELANJA DI TOKO ASUI', NULL, NULL, 1, '2026-05-23 08:03:48', '2026-05-23 08:03:48', NULL);
INSERT INTO `tjurnal_umum` VALUES (1743, 'JRM/2510/0007', '2025-10-08', 'BEBAN PERLENGKAPAN', 23, 'DEBIT', 5560000, 0, 'BELANJA DI TOKO ASUI', NULL, NULL, 1, '2026-05-23 08:03:48', '2026-05-23 08:03:48', NULL);
INSERT INTO `tjurnal_umum` VALUES (1744, 'JRM/2510/0007', '2025-10-08', 'HUTANG TOKO ASUI', 14, 'KREDIT', 0, 5560000, 'BELANJA DI TOKO ASUI', NULL, NULL, 1, '2026-05-23 08:03:48', '2026-05-23 08:03:48', NULL);
INSERT INTO `tjurnal_umum` VALUES (1745, 'JRM/2510/0008', '2025-10-10', 'BEBAN PERLENGKAPAN', 23, 'DEBIT', 1741000, 0, 'BELANJA DI TOKO ASUI', NULL, NULL, 1, '2026-05-23 08:03:48', '2026-05-23 08:03:48', NULL);
INSERT INTO `tjurnal_umum` VALUES (1746, 'JRM/2510/0008', '2025-10-10', 'HUTANG TOKO ASUI', 14, 'KREDIT', 0, 1741000, 'BELANJA DI TOKO ASUI', NULL, NULL, 1, '2026-05-23 08:03:48', '2026-05-23 08:03:48', NULL);
INSERT INTO `tjurnal_umum` VALUES (1747, 'JRM/2510/0009', '2025-10-10', 'BEBAN PERLENGKAPAN', 23, 'DEBIT', 3203000, 0, 'BELANJA DI TOKO ASUI', NULL, NULL, 1, '2026-05-23 08:03:48', '2026-05-23 08:03:48', NULL);
INSERT INTO `tjurnal_umum` VALUES (1748, 'JRM/2510/0009', '2025-10-10', 'HUTANG TOKO ASUI', 14, 'KREDIT', 0, 3203000, 'BELANJA DI TOKO ASUI', NULL, NULL, 1, '2026-05-23 08:03:48', '2026-05-23 08:03:48', NULL);
INSERT INTO `tjurnal_umum` VALUES (1749, 'JRM/2510/0010', '2025-10-13', 'BEBAN PERLENGKAPAN', 23, 'DEBIT', 5018000, 0, 'BELANJA DI TOKO ASUI', NULL, NULL, 1, '2026-05-23 08:03:48', '2026-05-23 08:03:48', NULL);
INSERT INTO `tjurnal_umum` VALUES (1750, 'JRM/2510/0010', '2025-10-13', 'HUTANG TOKO ASUI', 14, 'KREDIT', 0, 5018000, 'BELANJA DI TOKO ASUI', NULL, NULL, 1, '2026-05-23 08:03:48', '2026-05-23 08:03:48', NULL);
INSERT INTO `tjurnal_umum` VALUES (1751, 'JRM/2510/0011', '2025-10-14', 'BEBAN PERLENGKAPAN', 23, 'DEBIT', 4174000, 0, 'BELANJA DI TOKO ASUI', NULL, NULL, 1, '2026-05-23 08:03:48', '2026-05-23 08:03:48', NULL);
INSERT INTO `tjurnal_umum` VALUES (1752, 'JRM/2510/0011', '2025-10-14', 'HUTANG TOKO ASUI', 14, 'KREDIT', 0, 4174000, 'BELANJA DI TOKO ASUI', NULL, NULL, 1, '2026-05-23 08:03:48', '2026-05-23 08:03:48', NULL);
INSERT INTO `tjurnal_umum` VALUES (1753, 'JRM/2510/0012', '2025-10-15', 'BEBAN PERLENGKAPAN', 23, 'DEBIT', 12385000, 0, 'BELANJA DI TOKO ASUI', NULL, NULL, 1, '2026-05-23 08:03:48', '2026-05-23 08:03:48', NULL);
INSERT INTO `tjurnal_umum` VALUES (1754, 'JRM/2510/0012', '2025-10-15', 'HUTANG TOKO ASUI', 14, 'KREDIT', 0, 12385000, 'BELANJA DI TOKO ASUI', NULL, NULL, 1, '2026-05-23 08:03:48', '2026-05-23 08:03:48', NULL);
INSERT INTO `tjurnal_umum` VALUES (1755, 'JRM/2510/0013', '2025-10-16', 'BEBAN PERLENGKAPAN', 23, 'DEBIT', 5157000, 0, 'BELANJA DI TOKO ASUI', NULL, NULL, 1, '2026-05-23 08:03:48', '2026-05-23 08:03:48', NULL);
INSERT INTO `tjurnal_umum` VALUES (1756, 'JRM/2510/0013', '2025-10-16', 'HUTANG TOKO ASUI', 14, 'KREDIT', 0, 5157000, 'BELANJA DI TOKO ASUI', NULL, NULL, 1, '2026-05-23 08:03:48', '2026-05-23 08:03:48', NULL);
INSERT INTO `tjurnal_umum` VALUES (1757, 'JRM/2510/0014', '2025-10-17', 'BEBAN PERLENGKAPAN', 23, 'DEBIT', 1260000, 0, 'BELANJA DI TOKO ASUI', NULL, NULL, 1, '2026-05-23 08:03:48', '2026-05-23 08:03:48', NULL);
INSERT INTO `tjurnal_umum` VALUES (1758, 'JRM/2510/0014', '2025-10-17', 'HUTANG TOKO ASUI', 14, 'KREDIT', 0, 1260000, 'BELANJA DI TOKO ASUI', NULL, NULL, 1, '2026-05-23 08:03:48', '2026-05-23 08:03:48', NULL);
INSERT INTO `tjurnal_umum` VALUES (1759, 'JRM/2508/0054', '2025-08-23', 'BEBAN GAJI UMUM', 49, 'DEBIT', 2500000, 0, 'KASBON KHOLIK', NULL, NULL, 1, '2026-05-23 08:03:48', '2026-05-23 08:03:48', NULL);
INSERT INTO `tjurnal_umum` VALUES (1760, 'JRM/2508/0054', '2025-08-23', 'BEBAN BELANJA DAPUR', 45, 'DEBIT', 3000000, 0, 'UANG MAKAN AGUSTUS 2025', NULL, NULL, 1, '2026-05-23 08:03:48', '2026-05-23 08:03:48', NULL);
INSERT INTO `tjurnal_umum` VALUES (1761, 'JRM/2508/0054', '2025-08-23', 'BEBAN PERLENGKAPAN', 23, 'DEBIT', 3000000, 0, 'BIBIT SALAK', NULL, NULL, 1, '2026-05-23 08:03:48', '2026-05-23 08:03:48', NULL);
INSERT INTO `tjurnal_umum` VALUES (1762, 'JRM/2508/0054', '2025-08-23', 'BEBAN GAJI UMUM', 49, 'DEBIT', 10000000, 0, 'KASBON KHOLIK', NULL, NULL, 1, '2026-05-23 08:03:48', '2026-05-23 08:03:48', NULL);
INSERT INTO `tjurnal_umum` VALUES (1763, 'JRM/2508/0054', '2025-08-23', 'BEBAN GAJI UMUM', 49, 'DEBIT', 21011000, 0, 'GAJI DAN LEMBURAN 17 - 23 AGUSTUS 2025', NULL, NULL, 1, '2026-05-23 08:03:48', '2026-05-23 08:03:48', NULL);
INSERT INTO `tjurnal_umum` VALUES (1764, 'JRM/2508/0054', '2025-08-23', 'KAS KECIL BANGKA', 1, 'DEBIT', 40000000, 0, 'KAS MASUK', NULL, NULL, 1, '2026-05-23 08:03:48', '2026-05-23 08:03:48', NULL);
INSERT INTO `tjurnal_umum` VALUES (1765, 'JRM/2508/0054', '2025-08-23', 'KAS KECIL BANGKA', 1, 'KREDIT', 0, 120000, 'BAN BEKAS', NULL, NULL, 1, '2026-05-23 08:03:48', '2026-05-23 08:03:48', NULL);
INSERT INTO `tjurnal_umum` VALUES (1766, 'JRM/2508/0054', '2025-08-23', 'KAS KECIL BANGKA', 1, 'KREDIT', 0, 132000, 'BELANJA DI TOKO', NULL, NULL, 1, '2026-05-23 08:03:48', '2026-05-23 08:03:48', NULL);
INSERT INTO `tjurnal_umum` VALUES (1767, 'JRM/2508/0054', '2025-08-23', 'KAS KECIL BANGKA', 1, 'KREDIT', 0, 200000, 'BAN BEKAS', NULL, NULL, 1, '2026-05-23 08:03:48', '2026-05-23 08:03:48', NULL);
INSERT INTO `tjurnal_umum` VALUES (1768, 'JRM/2508/0054', '2025-08-23', 'KAS KECIL BANGKA', 1, 'KREDIT', 0, 204000, 'KOPI DAN GULA', NULL, NULL, 1, '2026-05-23 08:03:48', '2026-05-23 08:03:48', NULL);
INSERT INTO `tjurnal_umum` VALUES (1769, 'JRM/2508/0054', '2025-08-23', 'KAS KECIL BANGKA', 1, 'KREDIT', 0, 236000, 'BUAT MAKANAN', NULL, NULL, 1, '2026-05-23 08:03:48', '2026-05-23 08:03:48', NULL);
INSERT INTO `tjurnal_umum` VALUES (1770, 'JRM/2508/0054', '2025-08-23', 'KAS KECIL BANGKA', 1, 'KREDIT', 0, 240000, 'CALOK DAN BUAH', NULL, NULL, 1, '2026-05-23 08:03:48', '2026-05-23 08:03:48', NULL);
INSERT INTO `tjurnal_umum` VALUES (1771, 'JRM/2508/0054', '2025-08-23', 'KAS KECIL BANGKA', 1, 'KREDIT', 0, 300000, 'BBM GRANDMAX', NULL, NULL, 1, '2026-05-23 08:03:48', '2026-05-23 08:03:48', NULL);
INSERT INTO `tjurnal_umum` VALUES (1772, 'JRM/2508/0054', '2025-08-23', 'KAS KECIL BANGKA', 1, 'KREDIT', 0, 500000, 'BAYU KASBON', NULL, NULL, 1, '2026-05-23 08:03:48', '2026-05-23 08:03:48', NULL);
INSERT INTO `tjurnal_umum` VALUES (1773, 'JRM/2508/0054', '2025-08-23', 'KAS KECIL BANGKA', 1, 'KREDIT', 0, 500000, 'SUGIONO KASBON', NULL, NULL, 1, '2026-05-23 08:03:48', '2026-05-23 08:03:48', NULL);
INSERT INTO `tjurnal_umum` VALUES (1774, 'JRM/2508/0054', '2025-08-23', 'KAS KECIL BANGKA', 1, 'KREDIT', 0, 2500000, 'KASBON KHOLIK', NULL, NULL, 1, '2026-05-23 08:03:48', '2026-05-23 08:03:48', NULL);
INSERT INTO `tjurnal_umum` VALUES (1775, 'JRM/2508/0054', '2025-08-23', 'KAS KECIL BANGKA', 1, 'KREDIT', 0, 3000000, 'BIBIT SALAK', NULL, NULL, 1, '2026-05-23 08:03:48', '2026-05-23 08:03:48', NULL);
INSERT INTO `tjurnal_umum` VALUES (1776, 'JRM/2508/0054', '2025-08-23', 'KAS KECIL BANGKA', 1, 'KREDIT', 0, 3000000, 'UANG MAKAN AGUSTUS 2025', NULL, NULL, 1, '2026-05-23 08:03:48', '2026-05-23 08:03:48', NULL);
INSERT INTO `tjurnal_umum` VALUES (1777, 'JRM/2508/0054', '2025-08-23', 'KAS KECIL BANGKA', 1, 'KREDIT', 0, 10000000, 'KASBON KHOLIK', NULL, NULL, 1, '2026-05-23 08:03:48', '2026-05-23 08:03:48', NULL);
INSERT INTO `tjurnal_umum` VALUES (1778, 'JRM/2508/0054', '2025-08-23', 'KAS KECIL BANGKA', 1, 'KREDIT', 0, 21011000, 'GAJI DAN LEMBURAN 17 - 23 AGUSTUS 2025', NULL, NULL, 1, '2026-05-23 08:03:48', '2026-05-23 08:03:48', NULL);
INSERT INTO `tjurnal_umum` VALUES (1779, 'JRM/2508/0054', '2025-08-23', 'BANK BCA', 3, 'KREDIT', 0, 40000000, 'KAS MASUK', NULL, NULL, 1, '2026-05-23 08:03:48', '2026-05-23 08:03:48', NULL);
INSERT INTO `tjurnal_umum` VALUES (1780, 'JRM/2508/0054', '2025-08-23', 'BEBAN PENGURUSAN DOKUMEN/PERIJINAN', 27, 'DEBIT', 3500000, 0, 'TAGIHAN LAPORAN KPPRI', NULL, NULL, 1, '2026-05-23 08:03:48', '2026-05-23 08:03:48', NULL);
INSERT INTO `tjurnal_umum` VALUES (1781, 'JRM/2508/0054', '2025-08-23', 'KAS KECIL BANGKA', 1, 'KREDIT', 0, 3500000, 'TAGIHAN LAPORAN KPPRI', NULL, NULL, 1, '2026-05-23 08:03:48', '2026-05-23 08:03:48', NULL);
INSERT INTO `tjurnal_umum` VALUES (1782, 'JRM/2508/0055', '2025-08-24', 'BEBAN BELANJA DAPUR', 45, 'DEBIT', 114000, 0, 'TOLAK ANGIN, GULA, TEH', NULL, NULL, 1, '2026-05-23 08:03:48', '2026-05-23 08:03:48', NULL);
INSERT INTO `tjurnal_umum` VALUES (1783, 'JRM/2508/0055', '2025-08-24', 'KAS KECIL BANGKA', 1, 'KREDIT', 0, 114000, 'TOLAK ANGIN, GULA, TEH', NULL, NULL, 1, '2026-05-23 08:03:48', '2026-05-23 08:03:48', NULL);
INSERT INTO `tjurnal_umum` VALUES (1784, 'JRM/2508/0056', '2025-08-25', 'BEBAN BELANJA DAPUR', 45, 'DEBIT', 63000, 0, 'KUE, SUSU, EXTRAJOSS', NULL, NULL, 1, '2026-05-23 08:03:48', '2026-05-23 08:03:48', NULL);
INSERT INTO `tjurnal_umum` VALUES (1785, 'JRM/2508/0056', '2025-08-25', 'BEBAN BELANJA DAPUR', 45, 'DEBIT', 63000, 0, 'BELANJA DI PASAR', NULL, NULL, 1, '2026-05-23 08:03:48', '2026-05-23 08:03:48', NULL);
INSERT INTO `tjurnal_umum` VALUES (1786, 'JRM/2508/0056', '2025-08-25', 'BEBAN BELANJA DAPUR', 45, 'DEBIT', 1500000, 0, 'UPAH MASAK', NULL, NULL, 1, '2026-05-23 08:03:48', '2026-05-23 08:03:48', NULL);
INSERT INTO `tjurnal_umum` VALUES (1787, 'JRM/2508/0056', '2025-08-25', 'KAS KECIL BANGKA', 1, 'DEBIT', 10000000, 0, 'KAS MASUK', NULL, NULL, 1, '2026-05-23 08:03:48', '2026-05-23 08:03:48', NULL);
INSERT INTO `tjurnal_umum` VALUES (1788, 'JRM/2508/0056', '2025-08-25', 'KAS KECIL BANGKA', 1, 'KREDIT', 0, 63000, 'KUE, SUSU, EXTRAJOSS', NULL, NULL, 1, '2026-05-23 08:03:48', '2026-05-23 08:03:48', NULL);
INSERT INTO `tjurnal_umum` VALUES (1789, 'JRM/2508/0056', '2025-08-25', 'KAS KECIL BANGKA', 1, 'KREDIT', 0, 63000, 'BELANJA DI PASAR', NULL, NULL, 1, '2026-05-23 08:03:48', '2026-05-23 08:03:48', NULL);
INSERT INTO `tjurnal_umum` VALUES (1790, 'JRM/2508/0056', '2025-08-25', 'KAS KECIL BANGKA', 1, 'KREDIT', 0, 1500000, 'UPAH MASAK', NULL, NULL, 1, '2026-05-23 08:03:48', '2026-05-23 08:03:48', NULL);
INSERT INTO `tjurnal_umum` VALUES (1791, 'JRM/2508/0056', '2025-08-25', 'BANK BCA', 3, 'KREDIT', 0, 10000000, 'KAS MASUK', NULL, NULL, 1, '2026-05-23 08:03:48', '2026-05-23 08:03:48', NULL);
INSERT INTO `tjurnal_umum` VALUES (1792, 'JRM/2508/0056', '2025-08-25', 'BEBAN PINJAMAN KARYAWAN', 63, 'DEBIT', 2000000, 0, 'RESTI KASBON', NULL, NULL, 1, '2026-05-23 08:03:48', '2026-05-23 08:03:48', NULL);
INSERT INTO `tjurnal_umum` VALUES (1793, 'JRM/2508/0056', '2025-08-25', 'KAS KECIL BANGKA', 1, 'KREDIT', 0, 2000000, 'RESTI KASBON', NULL, NULL, 1, '2026-05-23 08:03:48', '2026-05-23 08:03:48', NULL);
INSERT INTO `tjurnal_umum` VALUES (1794, 'JRM/2508/0056', '2025-08-25', 'BEBAN BELANJA DAPUR', 45, 'DEBIT', 110000, 0, 'GULA, TEH. SUSU', NULL, NULL, 1, '2026-05-23 08:03:48', '2026-05-23 08:03:48', NULL);
INSERT INTO `tjurnal_umum` VALUES (1795, 'JRM/2508/0056', '2025-08-25', 'KAS KECIL BANGKA', 1, 'KREDIT', 0, 110000, 'GULA, TEH. SUSU', NULL, NULL, 1, '2026-05-23 08:03:48', '2026-05-23 08:03:48', NULL);
INSERT INTO `tjurnal_umum` VALUES (1796, 'JRM/2508/0057', '2025-08-27', 'BEBAN ONGKOS KIRIM', 34, 'DEBIT', 50000, 0, 'UPAH SUPIR ANTAR BARANG', NULL, NULL, 1, '2026-05-23 08:03:48', '2026-05-23 08:03:48', NULL);
INSERT INTO `tjurnal_umum` VALUES (1797, 'JRM/2508/0057', '2025-08-27', 'KAS KECIL BANGKA', 1, 'KREDIT', 0, 50000, 'UPAH SUPIR ANTAR BARANG', NULL, NULL, 1, '2026-05-23 08:03:48', '2026-05-23 08:03:48', NULL);
INSERT INTO `tjurnal_umum` VALUES (1798, 'JRM/2508/0057', '2025-08-27', 'BEBAN KENDARAAN', 26, 'DEBIT', 100000, 0, 'BUSI GRANDMAX', NULL, NULL, 1, '2026-05-23 08:03:48', '2026-05-23 08:03:48', NULL);
INSERT INTO `tjurnal_umum` VALUES (1799, 'JRM/2508/0057', '2025-08-27', 'KAS KECIL BANGKA', 1, 'KREDIT', 0, 100000, 'BUSI GRANDMAX', NULL, NULL, 1, '2026-05-23 08:03:48', '2026-05-23 08:03:48', NULL);
INSERT INTO `tjurnal_umum` VALUES (1800, 'JRM/2508/0057', '2025-08-27', 'BEBAN BELANJA DAPUR', 45, 'DEBIT', 102000, 0, 'AYAM, KECAP', NULL, NULL, 1, '2026-05-23 08:03:48', '2026-05-23 08:03:48', NULL);
INSERT INTO `tjurnal_umum` VALUES (1801, 'JRM/2508/0057', '2025-08-27', 'KAS KECIL BANGKA', 1, 'KREDIT', 0, 102000, 'AYAM, KECAP', NULL, NULL, 1, '2026-05-23 08:03:48', '2026-05-23 08:03:48', NULL);
INSERT INTO `tjurnal_umum` VALUES (1802, 'JRM/2508/0058', '2025-08-28', 'BEBAN BELANJA DAPUR', 45, 'DEBIT', 36000, 0, 'TEH, SUSU', NULL, NULL, 1, '2026-05-23 08:03:48', '2026-05-23 08:03:48', NULL);
INSERT INTO `tjurnal_umum` VALUES (1803, 'JRM/2508/0058', '2025-08-28', 'KAS KECIL BANGKA', 1, 'KREDIT', 0, 36000, 'TEH, SUSU', NULL, NULL, 1, '2026-05-23 08:03:48', '2026-05-23 08:03:48', NULL);
INSERT INTO `tjurnal_umum` VALUES (1804, 'JRM/2508/0058', '2025-08-28', 'BEBAN SUMBANGAN', 24, 'DEBIT', 2500000, 0, 'BANTUAN HUT RI SDN 16', NULL, NULL, 1, '2026-05-23 08:03:48', '2026-05-23 08:03:48', NULL);
INSERT INTO `tjurnal_umum` VALUES (1805, 'JRM/2508/0058', '2025-08-28', 'KAS KECIL BANGKA', 1, 'KREDIT', 0, 2500000, 'BANTUAN HUT RI SDN 16', NULL, NULL, 1, '2026-05-23 08:03:48', '2026-05-23 08:03:48', NULL);
INSERT INTO `tjurnal_umum` VALUES (1806, 'JRM/2508/0059', '2025-08-29', 'BANK BCA', 3, 'KREDIT', 0, 35000000, 'KAS MASUK', NULL, NULL, 1, '2026-05-23 08:03:48', '2026-05-23 08:03:48', NULL);
INSERT INTO `tjurnal_umum` VALUES (1807, 'JRM/2508/0059', '2025-08-29', 'KAS KECIL BANGKA', 1, 'DEBIT', 35000000, 0, 'KAS MASUK', NULL, NULL, 1, '2026-05-23 08:03:48', '2026-05-23 08:03:48', NULL);
INSERT INTO `tjurnal_umum` VALUES (1808, 'JRM/2508/0059', '2025-08-29', 'BEBAN GAJI UMUM', 49, 'DEBIT', 600000, 0, 'UPAH BERSIHKAN RUMAH', NULL, NULL, 1, '2026-05-23 08:03:48', '2026-05-23 08:03:48', NULL);
INSERT INTO `tjurnal_umum` VALUES (1809, 'JRM/2508/0059', '2025-08-29', 'KAS KECIL BANGKA', 1, 'KREDIT', 0, 600000, 'UPAH BERSIHKAN RUMAH', NULL, NULL, 1, '2026-05-23 08:03:48', '2026-05-23 08:03:48', NULL);
INSERT INTO `tjurnal_umum` VALUES (1810, 'JRM/2508/0059', '2025-08-29', 'BEBAN BELANJA DAPUR', 45, 'DEBIT', 22000, 0, 'MAMA LEMON', NULL, NULL, 1, '2026-05-23 08:03:48', '2026-05-23 08:03:48', NULL);
INSERT INTO `tjurnal_umum` VALUES (1811, 'JRM/2508/0059', '2025-08-29', 'KAS KECIL BANGKA', 1, 'KREDIT', 0, 22000, 'MAMA LEMON', NULL, NULL, 1, '2026-05-23 08:03:48', '2026-05-23 08:03:48', NULL);
INSERT INTO `tjurnal_umum` VALUES (1812, 'JRM/2508/0059', '2025-08-29', 'BEBAN BELANJA DAPUR', 45, 'DEBIT', 200000, 0, 'KUE BASAH', NULL, NULL, 1, '2026-05-23 08:03:48', '2026-05-23 08:03:48', NULL);
INSERT INTO `tjurnal_umum` VALUES (1813, 'JRM/2508/0059', '2025-08-29', 'KAS KECIL BANGKA', 1, 'KREDIT', 0, 200000, 'KUE BASAH', NULL, NULL, 1, '2026-05-23 08:03:48', '2026-05-23 08:03:48', NULL);
INSERT INTO `tjurnal_umum` VALUES (1814, 'JRM/2508/0061', '2025-08-31', 'BEBAN BENSIN', 37, 'DEBIT', 250000, 0, 'BBM GRANDMAX', NULL, NULL, 1, '2026-05-23 08:03:48', '2026-05-23 08:03:48', NULL);
INSERT INTO `tjurnal_umum` VALUES (1815, 'JRM/2508/0061', '2025-08-31', 'KAS KECIL BANGKA', 1, 'KREDIT', 0, 250000, 'BBM GRANDMAX', NULL, NULL, 1, '2026-05-23 08:03:48', '2026-05-23 08:03:48', NULL);
INSERT INTO `tjurnal_umum` VALUES (1816, 'JRM/2508/0060', '2025-08-30', 'KAS KECIL BANGKA', 1, 'KREDIT', 0, 218000, 'KOPI, GULA, TEH', NULL, NULL, 1, '2026-05-23 08:03:48', '2026-05-23 08:03:48', NULL);
INSERT INTO `tjurnal_umum` VALUES (1817, 'JRM/2508/0060', '2025-08-30', 'KAS KECIL BANGKA', 1, 'KREDIT', 0, 1550000, 'UANG MAKAN AGUSTUS', NULL, NULL, 1, '2026-05-23 08:03:48', '2026-05-23 08:03:48', NULL);
INSERT INTO `tjurnal_umum` VALUES (1818, 'JRM/2508/0060', '2025-08-30', 'KAS KECIL BANGKA', 1, 'KREDIT', 0, 3000000, 'KASBON ENDANG', NULL, NULL, 1, '2026-05-23 08:03:48', '2026-05-23 08:03:48', NULL);
INSERT INTO `tjurnal_umum` VALUES (1819, 'JRM/2508/0060', '2025-08-30', 'KAS KECIL BANGKA', 1, 'KREDIT', 0, 3200000, 'ONGKOS TUKANG 4 ORANG', NULL, NULL, 1, '2026-05-23 08:03:48', '2026-05-23 08:03:48', NULL);
INSERT INTO `tjurnal_umum` VALUES (1820, 'JRM/2508/0060', '2025-08-30', 'KAS KECIL BANGKA', 1, 'KREDIT', 0, 20192500, 'GAJI DAN LEMBURAN SIPIL 24 - 30 AGUSTUS', NULL, NULL, 1, '2026-05-23 08:03:48', '2026-05-23 08:03:48', NULL);
INSERT INTO `tjurnal_umum` VALUES (1821, 'JRM/2508/0060', '2025-08-30', 'BEBAN TIKET', 22, 'DEBIT', 3200000, 0, 'ONGKOS TUKANG 4 ORANG', NULL, NULL, 1, '2026-05-23 08:03:48', '2026-05-23 08:03:48', NULL);
INSERT INTO `tjurnal_umum` VALUES (1822, 'JRM/2509/0001', '2025-09-02', 'BEBAN PERLENGKAPAN', 23, 'DEBIT', 11931000, 0, 'BELANJA DI TOKO ASUI', NULL, NULL, 1, '2026-05-23 08:03:48', '2026-05-23 08:03:48', NULL);
INSERT INTO `tjurnal_umum` VALUES (1823, 'JRM/2509/0001', '2025-09-02', 'HUTANG TOKO ASUI', 14, 'KREDIT', 0, 11931000, 'BELANJA DI TOKO ASUI', NULL, NULL, 1, '2026-05-23 08:03:48', '2026-05-23 08:03:48', NULL);
INSERT INTO `tjurnal_umum` VALUES (1824, 'JRM/2509/0002', '2025-09-04', 'BEBAN PERLENGKAPAN', 23, 'DEBIT', 1790000, 0, 'BELANJA DI TOKO ASUI', NULL, NULL, 1, '2026-05-23 08:03:48', '2026-05-23 08:03:48', NULL);
INSERT INTO `tjurnal_umum` VALUES (1825, 'JRM/2509/0002', '2025-09-04', 'HUTANG TOKO ASUI', 14, 'KREDIT', 0, 1790000, 'BELANJA DI TOKO ASUI', NULL, NULL, 1, '2026-05-23 08:03:48', '2026-05-23 08:03:48', NULL);
INSERT INTO `tjurnal_umum` VALUES (1826, 'JRM/2509/0003', '2025-09-04', 'BEBAN PERLENGKAPAN', 23, 'DEBIT', 5547000, 0, 'BELANJA DI TOKO ASUI', NULL, NULL, 1, '2026-05-23 08:03:48', '2026-05-23 08:03:48', NULL);
INSERT INTO `tjurnal_umum` VALUES (1827, 'JRM/2509/0003', '2025-09-04', 'HUTANG TOKO ASUI', 14, 'KREDIT', 0, 5547000, 'BELANJA DI TOKO ASUI', NULL, NULL, 1, '2026-05-23 08:03:48', '2026-05-23 08:03:48', NULL);
INSERT INTO `tjurnal_umum` VALUES (1828, 'JRM/2509/0004', '2025-09-06', 'BEBAN PERLENGKAPAN', 23, 'DEBIT', 3750000, 0, 'BELANJA DI TOKO ASUI', NULL, NULL, 1, '2026-05-23 08:03:48', '2026-05-23 08:03:48', NULL);
INSERT INTO `tjurnal_umum` VALUES (1829, 'JRM/2509/0004', '2025-09-06', 'HUTANG TOKO ASUI', 14, 'KREDIT', 0, 3750000, 'BELANJA DI TOKO ASUI', NULL, NULL, 1, '2026-05-23 08:03:48', '2026-05-23 08:03:48', NULL);
INSERT INTO `tjurnal_umum` VALUES (1830, 'JRM/2510/0015', '2025-10-17', 'BEBAN PERLENGKAPAN', 23, 'DEBIT', 7493000, 0, 'BELANJA DI TOKO ASUI', NULL, NULL, 1, '2026-05-23 08:03:48', '2026-05-23 08:03:48', NULL);
INSERT INTO `tjurnal_umum` VALUES (1831, 'JRM/2510/0015', '2025-10-17', 'HUTANG TOKO ASUI', 14, 'KREDIT', 0, 7493000, 'BELANJA DI TOKO ASUI', NULL, NULL, 1, '2026-05-23 08:03:48', '2026-05-23 08:03:48', NULL);
INSERT INTO `tjurnal_umum` VALUES (1832, 'JRM/2510/0016', '2025-10-17', 'BEBAN PERLENGKAPAN', 23, 'DEBIT', 22675000, 0, 'BELANJA DI TOKO ASUI', NULL, NULL, 1, '2026-05-23 08:03:48', '2026-05-23 08:03:48', NULL);
INSERT INTO `tjurnal_umum` VALUES (1833, 'JRM/2510/0016', '2025-10-17', 'HUTANG TOKO ASUI', 14, 'KREDIT', 0, 22675000, 'BELANJA DI TOKO ASUI', NULL, NULL, 1, '2026-05-23 08:03:48', '2026-05-23 08:03:48', NULL);
INSERT INTO `tjurnal_umum` VALUES (1834, 'JRM/2510/0017', '2025-10-19', 'BEBAN PERLENGKAPAN', 23, 'DEBIT', 8570000, 0, 'BELANJA DI TOKO ASUI', NULL, NULL, 1, '2026-05-23 08:03:48', '2026-05-23 08:03:48', NULL);
INSERT INTO `tjurnal_umum` VALUES (1835, 'JRM/2510/0017', '2025-10-19', 'HUTANG TOKO ASUI', 14, 'KREDIT', 0, 8570000, 'BELANJA DI TOKO ASUI', NULL, NULL, 1, '2026-05-23 08:03:48', '2026-05-23 08:03:48', NULL);
INSERT INTO `tjurnal_umum` VALUES (1836, 'JRM/2510/0018', '2025-10-21', 'BEBAN PERLENGKAPAN', 23, 'DEBIT', 5769000, 0, 'BELANJA DI TOKO ASUI', NULL, NULL, 1, '2026-05-23 08:03:48', '2026-05-23 08:03:48', NULL);
INSERT INTO `tjurnal_umum` VALUES (1837, 'JRM/2510/0018', '2025-10-21', 'HUTANG TOKO ASUI', 14, 'KREDIT', 0, 5769000, 'BELANJA DI TOKO ASUI', NULL, NULL, 1, '2026-05-23 08:03:48', '2026-05-23 08:03:48', NULL);
INSERT INTO `tjurnal_umum` VALUES (1838, 'JRM/2510/0019', '2025-10-21', 'BEBAN PERLENGKAPAN', 23, 'DEBIT', 5875000, 0, 'BELANJA DI TOKO ASUI', NULL, NULL, 1, '2026-05-23 08:03:48', '2026-05-23 08:03:48', NULL);
INSERT INTO `tjurnal_umum` VALUES (1839, 'JRM/2510/0019', '2025-10-21', 'HUTANG TOKO ASUI', 14, 'KREDIT', 0, 5875000, 'BELANJA DI TOKO ASUI', NULL, NULL, 1, '2026-05-23 08:03:48', '2026-05-23 08:03:48', NULL);
INSERT INTO `tjurnal_umum` VALUES (1840, 'JRM/2510/0020', '2025-10-22', 'BEBAN PERLENGKAPAN', 23, 'DEBIT', 1319000, 0, 'BELANJA DI TOKO ASUI', NULL, NULL, 1, '2026-05-23 08:03:48', '2026-05-23 08:03:48', NULL);
INSERT INTO `tjurnal_umum` VALUES (1841, 'JRM/2510/0020', '2025-10-22', 'HUTANG TOKO ASUI', 14, 'KREDIT', 0, 1319000, 'BELANJA DI TOKO ASUI', NULL, NULL, 1, '2026-05-23 08:03:48', '2026-05-23 08:03:48', NULL);
INSERT INTO `tjurnal_umum` VALUES (1842, 'JRM/2510/0021', '2025-10-23', 'BEBAN PERLENGKAPAN', 23, 'DEBIT', 5189000, 0, 'BELANJA DI TOKO ASUI', NULL, NULL, 1, '2026-05-23 08:03:48', '2026-05-23 08:03:48', NULL);
INSERT INTO `tjurnal_umum` VALUES (1843, 'JRM/2510/0021', '2025-10-23', 'HUTANG TOKO ASUI', 14, 'KREDIT', 0, 5189000, 'BELANJA DI TOKO ASUI', NULL, NULL, 1, '2026-05-23 08:03:48', '2026-05-23 08:03:48', NULL);
INSERT INTO `tjurnal_umum` VALUES (1844, 'JRM/2510/0022', '2025-10-24', 'BEBAN PERLENGKAPAN', 23, 'DEBIT', 4392000, 0, 'BELANJA DI TOKO ASUI', NULL, NULL, 1, '2026-05-23 08:03:48', '2026-05-23 08:03:48', NULL);
INSERT INTO `tjurnal_umum` VALUES (1845, 'JRM/2510/0022', '2025-10-24', 'HUTANG TOKO ASUI', 14, 'KREDIT', 0, 4392000, 'BELANJA DI TOKO ASUI', NULL, NULL, 1, '2026-05-23 08:03:48', '2026-05-23 08:03:48', NULL);
INSERT INTO `tjurnal_umum` VALUES (1846, 'JRM/2510/0023', '2025-10-27', 'BEBAN PERLENGKAPAN', 23, 'DEBIT', 6316000, 0, 'BELANJA DI TOKO ASUI', NULL, NULL, 1, '2026-05-23 08:03:48', '2026-05-23 08:03:48', NULL);
INSERT INTO `tjurnal_umum` VALUES (1847, 'JRM/2510/0023', '2025-10-27', 'HUTANG TOKO ASUI', 14, 'KREDIT', 0, 6316000, 'BELANJA DI TOKO ASUI', NULL, NULL, 1, '2026-05-23 08:03:48', '2026-05-23 08:03:48', NULL);
INSERT INTO `tjurnal_umum` VALUES (1848, 'JRM/2510/0024', '2025-10-29', 'BEBAN PERLENGKAPAN', 23, 'DEBIT', 1700000, 0, 'BELANJA DI TOKO ASUI', NULL, NULL, 1, '2026-05-23 08:03:48', '2026-05-23 08:03:48', NULL);
INSERT INTO `tjurnal_umum` VALUES (1849, 'JRM/2510/0024', '2025-10-29', 'HUTANG TOKO ASUI', 14, 'KREDIT', 0, 1700000, 'BELANJA DI TOKO ASUI', NULL, NULL, 1, '2026-05-23 08:03:48', '2026-05-23 08:03:48', NULL);
INSERT INTO `tjurnal_umum` VALUES (1850, 'JRM/2506/0055', '2025-06-27', 'BEBAN PERLENGKAPAN', 23, 'DEBIT', 12931000, 0, 'BELANJA DI TOKO ASUI', NULL, NULL, 1, '2026-05-23 08:03:48', '2026-05-23 08:03:48', NULL);
INSERT INTO `tjurnal_umum` VALUES (1851, 'JRM/2506/0055', '2025-06-27', 'HUTANG TOKO ASUI', 14, 'KREDIT', 0, 12931000, 'BELANJA DI TOKO ASUI', NULL, NULL, 1, '2026-05-23 08:03:48', '2026-05-23 08:03:48', NULL);
INSERT INTO `tjurnal_umum` VALUES (1852, 'JRM/2508/0062', '2025-08-30', 'BEBAN PERLENGKAPAN', 23, 'DEBIT', 1250000, 0, 'BELANJA DI TOKO ASUI', NULL, NULL, 1, '2026-05-23 08:03:48', '2026-05-23 08:03:48', NULL);
INSERT INTO `tjurnal_umum` VALUES (1853, 'JRM/2508/0062', '2025-08-30', 'HUTANG TOKO ASUI', 14, 'KREDIT', 0, 1250000, 'BELANJA DI TOKO ASUI', NULL, NULL, 1, '2026-05-23 08:03:48', '2026-05-23 08:03:48', NULL);
INSERT INTO `tjurnal_umum` VALUES (1854, 'JRM/2511/0001', '2025-11-03', 'BEBAN PERLENGKAPAN', 23, 'DEBIT', 630000, 0, 'BELANJA DI TOKO ASUI', NULL, NULL, 1, '2026-05-23 08:03:48', '2026-05-23 08:03:48', NULL);
INSERT INTO `tjurnal_umum` VALUES (1855, 'JRM/2511/0001', '2025-11-03', 'HUTANG TOKO ASUI', 14, 'KREDIT', 0, 630000, 'BELANJA DI TOKO ASUI', NULL, NULL, 1, '2026-05-23 08:03:48', '2026-05-23 08:03:48', NULL);
INSERT INTO `tjurnal_umum` VALUES (1856, 'JRM/2511/0002', '2025-11-05', 'BEBAN PERLENGKAPAN', 23, 'DEBIT', 6516000, 0, 'BELANJA DI TOKO ASUI', NULL, NULL, 1, '2026-05-23 08:03:48', '2026-05-23 08:03:48', NULL);
INSERT INTO `tjurnal_umum` VALUES (1857, 'JRM/2511/0002', '2025-11-05', 'HUTANG TOKO ASUI', 14, 'KREDIT', 0, 6516000, 'BELANJA DI TOKO ASUI', NULL, NULL, 1, '2026-05-23 08:03:48', '2026-05-23 08:03:48', NULL);
INSERT INTO `tjurnal_umum` VALUES (1858, 'JRM/2511/0003', '2025-11-06', 'BEBAN PERLENGKAPAN', 23, 'DEBIT', 6535000, 0, 'BELANJA DI TOKO ASUI', NULL, NULL, 1, '2026-05-23 08:03:48', '2026-05-23 08:03:48', NULL);
INSERT INTO `tjurnal_umum` VALUES (1859, 'JRM/2511/0003', '2025-11-06', 'HUTANG TOKO ASUI', 14, 'KREDIT', 0, 6535000, 'BELANJA DI TOKO ASUI', NULL, NULL, 1, '2026-05-23 08:03:48', '2026-05-23 08:03:48', NULL);
INSERT INTO `tjurnal_umum` VALUES (1860, 'JRM/2511/0004', '2025-11-06', 'BEBAN PERLENGKAPAN', 23, 'DEBIT', 1446000, 0, 'BELANJA DI TOKO ASUI', NULL, NULL, 1, '2026-05-23 08:03:48', '2026-05-23 08:03:48', NULL);
INSERT INTO `tjurnal_umum` VALUES (1861, 'JRM/2511/0004', '2025-11-06', 'HUTANG TOKO ASUI', 14, 'KREDIT', 0, 1446000, 'BELANJA DI TOKO ASUI', NULL, NULL, 1, '2026-05-23 08:03:48', '2026-05-23 08:03:48', NULL);
INSERT INTO `tjurnal_umum` VALUES (1862, 'JRM/2511/0005', '2025-11-08', 'BEBAN PERLENGKAPAN', 23, 'DEBIT', 16314000, 0, 'BELANJA DI TOKO ASUI', NULL, NULL, 1, '2026-05-23 08:03:48', '2026-05-23 08:03:48', NULL);
INSERT INTO `tjurnal_umum` VALUES (1863, 'JRM/2511/0005', '2025-11-08', 'HUTANG TOKO ASUI', 14, 'KREDIT', 0, 16314000, 'BELANJA DI TOKO ASUI', NULL, NULL, 1, '2026-05-23 08:03:48', '2026-05-23 08:03:48', NULL);
INSERT INTO `tjurnal_umum` VALUES (1864, 'JRM/2511/0006', '2025-11-10', 'BEBAN PERLENGKAPAN', 23, 'DEBIT', 12465000, 0, 'BELANJA DI TOKO ASUI', NULL, NULL, 1, '2026-05-23 08:03:48', '2026-05-23 08:03:48', NULL);
INSERT INTO `tjurnal_umum` VALUES (1865, 'JRM/2511/0006', '2025-11-10', 'HUTANG TOKO ASUI', 14, 'KREDIT', 0, 12465000, 'BELANJA DI TOKO ASUI', NULL, NULL, 1, '2026-05-23 08:03:48', '2026-05-23 08:03:48', NULL);
INSERT INTO `tjurnal_umum` VALUES (1866, 'JRM/2511/0007', '2025-11-11', 'BEBAN PERLENGKAPAN', 23, 'DEBIT', 2129000, 0, 'BELANJA DI TOKO ASUI', NULL, NULL, 1, '2026-05-23 08:03:48', '2026-05-23 08:03:48', NULL);
INSERT INTO `tjurnal_umum` VALUES (1867, 'JRM/2511/0007', '2025-11-11', 'HUTANG TOKO ASUI', 14, 'KREDIT', 0, 2129000, 'BELANJA DI TOKO ASUI', NULL, NULL, 1, '2026-05-23 08:03:48', '2026-05-23 08:03:48', NULL);
INSERT INTO `tjurnal_umum` VALUES (1868, 'JRM/2511/0008', '2025-11-14', 'BEBAN PERLENGKAPAN', 23, 'DEBIT', 2996000, 0, 'BELANJA DI TOKO ASUI', NULL, NULL, 1, '2026-05-23 08:03:48', '2026-05-23 08:03:48', NULL);
INSERT INTO `tjurnal_umum` VALUES (1869, 'JRM/2511/0008', '2025-11-14', 'HUTANG TOKO ASUI', 14, 'KREDIT', 0, 2996000, 'BELANJA DI TOKO ASUI', NULL, NULL, 1, '2026-05-23 08:03:48', '2026-05-23 08:03:48', NULL);
INSERT INTO `tjurnal_umum` VALUES (1870, 'JRM/2511/0009', '2025-11-14', 'BEBAN PERLENGKAPAN', 23, 'DEBIT', 1868000, 0, 'BELANJA DI TOKO ASUI', NULL, NULL, 1, '2026-05-23 08:03:48', '2026-05-23 08:03:48', NULL);
INSERT INTO `tjurnal_umum` VALUES (1871, 'JRM/2511/0009', '2025-11-14', 'HUTANG TOKO ASUI', 14, 'KREDIT', 0, 1868000, 'BELANJA DI TOKO ASUI', NULL, NULL, 1, '2026-05-23 08:03:48', '2026-05-23 08:03:48', NULL);
INSERT INTO `tjurnal_umum` VALUES (1872, 'JRM/2511/0010', '2025-11-19', 'BEBAN PERLENGKAPAN', 23, 'DEBIT', 1282000, 0, 'BELANJA DI TOKO ASUI', NULL, NULL, 1, '2026-05-23 08:03:48', '2026-05-23 08:03:48', NULL);
INSERT INTO `tjurnal_umum` VALUES (1873, 'JRM/2511/0010', '2025-11-19', 'HUTANG TOKO ASUI', 14, 'KREDIT', 0, 1282000, 'BELANJA DI TOKO ASUI', NULL, NULL, 1, '2026-05-23 08:03:48', '2026-05-23 08:03:48', NULL);
INSERT INTO `tjurnal_umum` VALUES (1874, 'JRM/2511/0011', '2025-11-18', 'BEBAN PERLENGKAPAN', 23, 'DEBIT', 3887000, 0, 'BELANJA DI TOKO ASUI', NULL, NULL, 1, '2026-05-23 08:03:48', '2026-05-23 08:03:48', NULL);
INSERT INTO `tjurnal_umum` VALUES (1875, 'JRM/2511/0011', '2025-11-18', 'HUTANG TOKO ASUI', 14, 'KREDIT', 0, 3887000, 'BELANJA DI TOKO ASUI', NULL, NULL, 1, '2026-05-23 08:03:48', '2026-05-23 08:03:48', NULL);
INSERT INTO `tjurnal_umum` VALUES (1876, 'JRM/2511/0012', '2025-11-20', 'BEBAN PERLENGKAPAN', 23, 'DEBIT', 5870000, 0, 'BELANJA DI TOKO ASUI', NULL, NULL, 1, '2026-05-23 08:03:48', '2026-05-23 08:03:48', NULL);
INSERT INTO `tjurnal_umum` VALUES (1877, 'JRM/2511/0012', '2025-11-20', 'HUTANG TOKO ASUI', 14, 'KREDIT', 0, 5870000, 'BELANJA DI TOKO ASUI', NULL, NULL, 1, '2026-05-23 08:03:48', '2026-05-23 08:03:48', NULL);
INSERT INTO `tjurnal_umum` VALUES (1878, 'JRM/2511/0013', '2025-11-20', 'BEBAN PERLENGKAPAN', 23, 'DEBIT', 2878000, 0, 'BELANJA DI TOKO ASUI', NULL, NULL, 1, '2026-05-23 08:03:48', '2026-05-23 08:03:48', NULL);
INSERT INTO `tjurnal_umum` VALUES (1879, 'JRM/2511/0013', '2025-11-20', 'HUTANG TOKO ASUI', 14, 'KREDIT', 0, 2878000, 'BELANJA DI TOKO ASUI', NULL, NULL, 1, '2026-05-23 08:03:48', '2026-05-23 08:03:48', NULL);
INSERT INTO `tjurnal_umum` VALUES (1880, 'JRM/2511/0014', '2025-11-24', 'BEBAN PERLENGKAPAN', 23, 'DEBIT', 1587000, 0, 'BELANJA DI TOKO ASUI', NULL, NULL, 1, '2026-05-23 08:03:48', '2026-05-23 08:03:48', NULL);
INSERT INTO `tjurnal_umum` VALUES (1881, 'JRM/2511/0014', '2025-11-24', 'HUTANG TOKO ASUI', 14, 'KREDIT', 0, 1587000, 'BELANJA DI TOKO ASUI', NULL, NULL, 1, '2026-05-23 08:03:48', '2026-05-23 08:03:48', NULL);
INSERT INTO `tjurnal_umum` VALUES (1882, 'JRM/2511/0015', '2025-11-25', 'HUTANG TOKO ASUI', 14, 'KREDIT', 0, 2784000, 'BELANJA DI TOKO ASUI', NULL, NULL, 1, '2026-05-23 08:03:48', '2026-05-23 08:03:48', NULL);
INSERT INTO `tjurnal_umum` VALUES (1883, 'JRM/2511/0015', '2025-11-25', 'BEBAN PERLENGKAPAN', 23, 'DEBIT', 2784000, 0, 'BELANJA DI TOKO ASUI', NULL, NULL, 1, '2026-05-23 08:03:48', '2026-05-23 08:03:48', NULL);
INSERT INTO `tjurnal_umum` VALUES (1884, 'JRM/2511/0016', '2025-11-26', 'BEBAN PERLENGKAPAN', 23, 'DEBIT', 9041000, 0, 'BELANJA DI TOKO ASUI', NULL, NULL, 1, '2026-05-23 08:03:48', '2026-05-23 08:03:48', NULL);
INSERT INTO `tjurnal_umum` VALUES (1885, 'JRM/2511/0016', '2025-11-26', 'HUTANG TOKO ASUI', 14, 'KREDIT', 0, 9041000, 'BELANJA DI TOKO ASUI', NULL, NULL, 1, '2026-05-23 08:03:48', '2026-05-23 08:03:48', NULL);
INSERT INTO `tjurnal_umum` VALUES (1886, 'JRM/2511/0017', '2025-11-29', 'BEBAN PERLENGKAPAN', 23, 'DEBIT', 1672000, 0, 'BELANJA DI TOKO ASUI', NULL, NULL, 1, '2026-05-23 08:03:48', '2026-05-23 08:03:48', NULL);
INSERT INTO `tjurnal_umum` VALUES (1887, 'JRM/2511/0017', '2025-11-29', 'HUTANG TOKO ASUI', 14, 'KREDIT', 0, 1672000, 'BELANJA DI TOKO ASUI', NULL, NULL, 1, '2026-05-23 08:03:48', '2026-05-23 08:03:48', NULL);
INSERT INTO `tjurnal_umum` VALUES (1888, 'JRM/2512/0001', '2025-12-01', 'BEBAN PERLENGKAPAN', 23, 'DEBIT', 3114000, 0, 'BELANJA DI TOKO ASUI', NULL, NULL, 1, '2026-05-23 08:03:48', '2026-05-23 08:03:48', NULL);
INSERT INTO `tjurnal_umum` VALUES (1889, 'JRM/2512/0001', '2025-12-01', 'HUTANG TOKO ASUI', 14, 'KREDIT', 0, 3114000, 'BELANJA DI TOKO ASUI', NULL, NULL, 1, '2026-05-23 08:03:48', '2026-05-23 08:03:48', NULL);
INSERT INTO `tjurnal_umum` VALUES (1890, 'JRM/2512/0002', '2025-12-06', 'BEBAN PERLENGKAPAN', 23, 'DEBIT', 13832000, 0, 'BELANJA DI TOKO ASUI', NULL, NULL, 1, '2026-05-23 08:03:48', '2026-05-23 08:03:48', NULL);
INSERT INTO `tjurnal_umum` VALUES (1891, 'JRM/2512/0002', '2025-12-06', 'HUTANG TOKO ASUI', 14, 'KREDIT', 0, 13832000, 'BELANJA DI TOKO ASUI', NULL, NULL, 1, '2026-05-23 08:03:48', '2026-05-23 08:03:48', NULL);
INSERT INTO `tjurnal_umum` VALUES (1892, 'JRM/2512/0003', '2025-12-07', 'BEBAN PERLENGKAPAN', 23, 'DEBIT', 922000, 0, 'BELANJA DI TOKO ASUI', NULL, NULL, 1, '2026-05-23 08:03:48', '2026-05-23 08:03:48', NULL);
INSERT INTO `tjurnal_umum` VALUES (1893, 'JRM/2512/0003', '2025-12-07', 'HUTANG TOKO ASUI', 14, 'KREDIT', 0, 922000, 'BELANJA DI TOKO ASUI', NULL, NULL, 1, '2026-05-23 08:03:48', '2026-05-23 08:03:48', NULL);
INSERT INTO `tjurnal_umum` VALUES (1894, 'JRM/2512/0004', '2025-12-08', 'BEBAN PERLENGKAPAN', 23, 'DEBIT', 1700000, 0, 'BELANJA DI TOKO ASUI', NULL, NULL, 1, '2026-05-23 08:03:48', '2026-05-23 08:03:48', NULL);
INSERT INTO `tjurnal_umum` VALUES (1895, 'JRM/2512/0004', '2025-12-08', 'HUTANG TOKO ASUI', 14, 'KREDIT', 0, 1700000, 'BELANJA DI TOKO ASUI', NULL, NULL, 1, '2026-05-23 08:03:48', '2026-05-23 08:03:48', NULL);
INSERT INTO `tjurnal_umum` VALUES (1896, 'JRM/2512/0005', '2025-12-10', 'BEBAN PERLENGKAPAN', 23, 'DEBIT', 1310000, 0, 'BELANJA DI TOKO ASUI', NULL, NULL, 1, '2026-05-23 08:03:48', '2026-05-23 08:03:48', NULL);
INSERT INTO `tjurnal_umum` VALUES (1897, 'JRM/2512/0005', '2025-12-10', 'HUTANG TOKO ASUI', 14, 'KREDIT', 0, 1310000, 'BELANJA DI TOKO ASUI', NULL, NULL, 1, '2026-05-23 08:03:48', '2026-05-23 08:03:48', NULL);
INSERT INTO `tjurnal_umum` VALUES (1898, 'JRM/2601/0001', '2025-12-03', 'BEBAN PERLENGKAPAN', 23, 'DEBIT', 8859000, 0, 'BELANJA DI TOKO ASUI', NULL, NULL, 1, '2026-05-23 08:03:48', '2026-05-23 08:03:48', NULL);
INSERT INTO `tjurnal_umum` VALUES (1899, 'JRM/2601/0001', '2025-12-03', 'HUTANG TOKO ASUI', 14, 'KREDIT', 0, 8859000, 'BELANJA DI TOKO ASUI', NULL, NULL, 1, '2026-05-23 08:03:48', '2026-05-23 08:03:48', NULL);
INSERT INTO `tjurnal_umum` VALUES (1900, 'JRM/2512/0006', '2025-12-10', 'BEBAN PERLENGKAPAN', 23, 'DEBIT', 1554000, 0, 'BELANJA DI TOKO ASUI', NULL, NULL, 1, '2026-05-23 08:03:48', '2026-05-23 08:03:48', NULL);
INSERT INTO `tjurnal_umum` VALUES (1901, 'JRM/2512/0006', '2025-12-10', 'HUTANG TOKO ASUI', 14, 'KREDIT', 0, 1554000, 'BELANJA DI TOKO ASUI', NULL, NULL, 1, '2026-05-23 08:03:48', '2026-05-23 08:03:48', NULL);
INSERT INTO `tjurnal_umum` VALUES (1902, 'JRM/2512/0007', '2025-12-13', 'BEBAN PERLENGKAPAN', 23, 'DEBIT', 733000, 0, 'BELANJA DI TOKO ASUI', NULL, NULL, 1, '2026-05-23 08:03:48', '2026-05-23 08:03:48', NULL);
INSERT INTO `tjurnal_umum` VALUES (1903, 'JRM/2512/0007', '2025-12-13', 'HUTANG TOKO ASUI', 14, 'KREDIT', 0, 733000, 'BELANJA DI TOKO ASUI', NULL, NULL, 1, '2026-05-23 08:03:48', '2026-05-23 08:03:48', NULL);
INSERT INTO `tjurnal_umum` VALUES (1904, 'JRM/2512/0008', '2025-12-17', 'BEBAN PERLENGKAPAN', 23, 'DEBIT', 1361000, 0, 'BELANJA DI TOKO ASUI', NULL, NULL, 1, '2026-05-23 08:03:48', '2026-05-23 08:03:48', NULL);
INSERT INTO `tjurnal_umum` VALUES (1905, 'JRM/2512/0008', '2025-12-17', 'HUTANG TOKO ASUI', 14, 'KREDIT', 0, 1361000, 'BELANJA DI TOKO ASUI', NULL, NULL, 1, '2026-05-23 08:03:48', '2026-05-23 08:03:48', NULL);
INSERT INTO `tjurnal_umum` VALUES (1906, 'JRM/2512/0009', '2025-12-17', 'BEBAN PERLENGKAPAN', 23, 'DEBIT', 2342000, 0, 'HUTANG DI TOKO ASUI', NULL, NULL, 1, '2026-05-23 08:03:48', '2026-05-23 08:03:48', NULL);
INSERT INTO `tjurnal_umum` VALUES (1907, 'JRM/2512/0009', '2025-12-17', 'HUTANG TOKO ASUI', 14, 'KREDIT', 0, 2342000, 'HUTANG DI TOKO ASUI', NULL, NULL, 1, '2026-05-23 08:03:48', '2026-05-23 08:03:48', NULL);
INSERT INTO `tjurnal_umum` VALUES (1908, 'JRM/2512/0010', '2025-12-27', 'BEBAN PERLENGKAPAN', 23, 'DEBIT', 1555000, 0, 'BELANJA DI TOKO ASUI', NULL, NULL, 1, '2026-05-23 08:03:48', '2026-05-23 08:03:48', NULL);
INSERT INTO `tjurnal_umum` VALUES (1909, 'JRM/2512/0010', '2025-12-27', 'HUTANG TOKO ASUI', 14, 'KREDIT', 0, 1555000, 'BELANJA DI TOKO ASUI', NULL, NULL, 1, '2026-05-23 08:03:48', '2026-05-23 08:03:48', NULL);
INSERT INTO `tjurnal_umum` VALUES (1910, 'JRM/2512/0011', '2025-12-29', 'BEBAN PERLENGKAPAN', 23, 'DEBIT', 1314000, 0, 'BELANJA DI TOKO ASUI', NULL, NULL, 1, '2026-05-23 08:03:48', '2026-05-23 08:03:48', NULL);
INSERT INTO `tjurnal_umum` VALUES (1911, 'JRM/2512/0011', '2025-12-29', 'HUTANG TOKO ASUI', 14, 'KREDIT', 0, 1314000, 'BELANJA DI TOKO ASUI', NULL, NULL, 1, '2026-05-23 08:03:48', '2026-05-23 08:03:48', NULL);
INSERT INTO `tjurnal_umum` VALUES (1912, 'JRM/2512/0012', '2025-12-31', 'BEBAN PERLENGKAPAN', 23, 'DEBIT', 855000, 0, 'BELANJA DI TOKO ASUI', NULL, NULL, 1, '2026-05-23 08:03:48', '2026-05-23 08:03:48', NULL);
INSERT INTO `tjurnal_umum` VALUES (1913, 'JRM/2512/0012', '2025-12-31', 'HUTANG TOKO ASUI', 14, 'KREDIT', 0, 855000, 'BELANJA DI TOKO ASUI', NULL, NULL, 1, '2026-05-23 08:03:48', '2026-05-23 08:03:48', NULL);
INSERT INTO `tjurnal_umum` VALUES (1914, 'JRM/2512/0013', '2025-12-30', 'BEBAN PERLENGKAPAN', 23, 'DEBIT', 1611000, 0, 'BELANJA DI TOKO ASUI', NULL, NULL, 1, '2026-05-23 08:03:48', '2026-05-23 08:03:48', NULL);
INSERT INTO `tjurnal_umum` VALUES (1915, 'JRM/2512/0013', '2025-12-30', 'HUTANG TOKO ASUI', 14, 'KREDIT', 0, 1611000, 'BELANJA DI TOKO ASUI', NULL, NULL, 1, '2026-05-23 08:03:48', '2026-05-23 08:03:48', NULL);
INSERT INTO `tjurnal_umum` VALUES (1916, 'JRM/2601/0002', '2026-01-03', 'BEBAN PERLENGKAPAN', 23, 'DEBIT', 1863000, 0, 'BELANJA DI TOKO ASUI', NULL, NULL, 1, '2026-05-23 08:03:48', '2026-05-23 08:03:48', NULL);
INSERT INTO `tjurnal_umum` VALUES (1917, 'JRM/2601/0002', '2026-01-03', 'HUTANG TOKO ASUI', 14, 'KREDIT', 0, 1863000, 'BELANJA DI TOKO ASUI', NULL, NULL, 1, '2026-05-23 08:03:48', '2026-05-23 08:03:48', NULL);
INSERT INTO `tjurnal_umum` VALUES (1918, 'JRM/2601/0003', '2026-01-06', 'BEBAN PERLENGKAPAN', 23, 'DEBIT', 2271000, 0, 'BELANJA DI TOKO ASUI', NULL, NULL, 1, '2026-05-23 08:03:48', '2026-05-23 08:03:48', NULL);
INSERT INTO `tjurnal_umum` VALUES (1919, 'JRM/2601/0003', '2026-01-06', 'HUTANG TOKO ASUI', 14, 'KREDIT', 0, 2271000, 'BELANJA DI TOKO ASUI', NULL, NULL, 1, '2026-05-23 08:03:48', '2026-05-23 08:03:48', NULL);
INSERT INTO `tjurnal_umum` VALUES (1920, 'JRM/2601/0004', '2026-01-09', 'BEBAN PERLENGKAPAN', 23, 'DEBIT', 3155000, 0, 'BELANJA DI TOKO ASUI', NULL, NULL, 1, '2026-05-23 08:03:48', '2026-05-23 08:03:48', NULL);
INSERT INTO `tjurnal_umum` VALUES (1921, 'JRM/2601/0004', '2026-01-09', 'HUTANG TOKO ASUI', 14, 'KREDIT', 0, 3155000, 'BELANJA DI TOKO ASUI', NULL, NULL, 1, '2026-05-23 08:03:48', '2026-05-23 08:03:48', NULL);
INSERT INTO `tjurnal_umum` VALUES (1922, 'JRM/2601/0005', '2026-01-12', 'BEBAN PERLENGKAPAN', 23, 'DEBIT', 3660000, 0, 'BELANJA DI TOKO ASUI', NULL, NULL, 1, '2026-05-23 08:03:48', '2026-05-23 08:03:48', NULL);
INSERT INTO `tjurnal_umum` VALUES (1923, 'JRM/2601/0005', '2026-01-12', 'HUTANG TOKO ASUI', 14, 'KREDIT', 0, 3660000, 'BELANJA DI TOKO ASUI', NULL, NULL, 1, '2026-05-23 08:03:48', '2026-05-23 08:03:48', NULL);
INSERT INTO `tjurnal_umum` VALUES (1924, 'JRM/2601/0006', '2026-01-16', 'BEBAN PERLENGKAPAN', 23, 'DEBIT', 4139000, 0, 'BELANJA DI TOKO ASUI', NULL, NULL, 1, '2026-05-23 08:03:48', '2026-05-23 08:03:48', NULL);
INSERT INTO `tjurnal_umum` VALUES (1925, 'JRM/2601/0006', '2026-01-16', 'HUTANG TOKO ASUI', 14, 'KREDIT', 0, 4139000, 'BELANJA DI TOKO ASUI', NULL, NULL, 1, '2026-05-23 08:03:48', '2026-05-23 08:03:48', NULL);
INSERT INTO `tjurnal_umum` VALUES (1926, 'JRM/2601/0007', '2026-01-19', 'BEBAN PERLENGKAPAN', 23, 'DEBIT', 1047000, 0, 'BELANJA DI TOKO ASUI', NULL, NULL, 1, '2026-05-23 08:03:48', '2026-05-23 08:03:48', NULL);
INSERT INTO `tjurnal_umum` VALUES (1927, 'JRM/2601/0007', '2026-01-19', 'HUTANG TOKO ASUI', 14, 'KREDIT', 0, 1047000, 'BELANJA DI TOKO ASUI', NULL, NULL, 1, '2026-05-23 08:03:48', '2026-05-23 08:03:48', NULL);
INSERT INTO `tjurnal_umum` VALUES (1928, 'JRM/2601/0008', '2026-01-05', 'BEBAN PERLENGKAPAN', 23, 'DEBIT', 1270000, 0, 'BELANJA DI TOKO ASUI', NULL, NULL, 1, '2026-05-23 08:03:48', '2026-05-23 08:03:48', NULL);
INSERT INTO `tjurnal_umum` VALUES (1929, 'JRM/2601/0008', '2026-01-05', 'HUTANG TOKO ASUI', 14, 'KREDIT', 0, 1270000, 'BELANJA DI TOKO ASUI', NULL, NULL, 1, '2026-05-23 08:03:48', '2026-05-23 08:03:48', NULL);
INSERT INTO `tjurnal_umum` VALUES (1930, 'JRM/2601/0009', '2026-01-19', 'BEBAN PERLENGKAPAN', 23, 'DEBIT', 1819000, 0, 'BELANJA DI TOKO ASUI', NULL, NULL, 1, '2026-05-23 08:03:48', '2026-05-23 08:03:48', NULL);
INSERT INTO `tjurnal_umum` VALUES (1931, 'JRM/2601/0009', '2026-01-19', 'HUTANG TOKO ASUI', 14, 'KREDIT', 0, 1819000, 'BELANJA DI TOKO ASUI', NULL, NULL, 1, '2026-05-23 08:03:48', '2026-05-23 08:03:48', NULL);
INSERT INTO `tjurnal_umum` VALUES (1932, 'JRM/2601/0010', '2026-01-21', 'BEBAN PERLENGKAPAN', 23, 'DEBIT', 10696000, 0, 'BELANJA DI TOKO ASUI', NULL, NULL, 1, '2026-05-23 08:03:48', '2026-05-23 08:03:48', NULL);
INSERT INTO `tjurnal_umum` VALUES (1933, 'JRM/2601/0010', '2026-01-21', 'HUTANG TOKO ASUI', 14, 'KREDIT', 0, 10696000, 'BELANJA DI TOKO ASUI', NULL, NULL, 1, '2026-05-23 08:03:48', '2026-05-23 08:03:48', NULL);
INSERT INTO `tjurnal_umum` VALUES (1934, 'JRM/2601/0011', '2026-01-23', 'BEBAN PERLENGKAPAN', 23, 'DEBIT', 33015000, 0, 'BELANJA DI TOKO ASUI', NULL, NULL, 1, '2026-05-23 08:03:48', '2026-05-23 08:03:48', NULL);
INSERT INTO `tjurnal_umum` VALUES (1935, 'JRM/2601/0011', '2026-01-23', 'HUTANG TOKO ASUI', 14, 'KREDIT', 0, 33015000, 'BELANJA DI TOKO ASUI', NULL, NULL, 1, '2026-05-23 08:03:48', '2026-05-23 08:03:48', NULL);
INSERT INTO `tjurnal_umum` VALUES (1936, 'JRM/2601/0012', '2026-01-24', 'BEBAN PERLENGKAPAN', 23, 'DEBIT', 32051000, 0, 'BELANJA DI TOKO ASUI', NULL, NULL, 1, '2026-05-23 08:03:48', '2026-05-23 08:03:48', NULL);
INSERT INTO `tjurnal_umum` VALUES (1937, 'JRM/2601/0012', '2026-01-24', 'HUTANG TOKO ASUI', 14, 'KREDIT', 0, 32051000, 'BELANJA DI TOKO ASUI', NULL, NULL, 1, '2026-05-23 08:03:48', '2026-05-23 08:03:48', NULL);
INSERT INTO `tjurnal_umum` VALUES (1938, 'JRM/2601/0013', '2026-01-28', 'BEBAN PERLENGKAPAN', 23, 'DEBIT', 5606000, 0, 'BELANJA DI TOKO ASUI', NULL, NULL, 1, '2026-05-23 08:03:48', '2026-05-23 08:03:48', NULL);
INSERT INTO `tjurnal_umum` VALUES (1939, 'JRM/2601/0013', '2026-01-28', 'HUTANG TOKO ASUI', 14, 'KREDIT', 0, 5606000, 'BELANJA DI TOKO ASUI', NULL, NULL, 1, '2026-05-23 08:03:48', '2026-05-23 08:03:48', NULL);
INSERT INTO `tjurnal_umum` VALUES (1940, 'JRM/2601/0014', '2026-01-30', 'BEBAN PERLENGKAPAN', 23, 'DEBIT', 1141000, 0, 'BELANJA DI TOKO ASUI', NULL, NULL, 1, '2026-05-23 08:03:48', '2026-05-23 08:03:48', NULL);
INSERT INTO `tjurnal_umum` VALUES (1941, 'JRM/2601/0014', '2026-01-30', 'HUTANG TOKO ASUI', 14, 'KREDIT', 0, 1141000, 'BELANJA DI TOKO ASUI', NULL, NULL, 1, '2026-05-23 08:03:48', '2026-05-23 08:03:48', NULL);
INSERT INTO `tjurnal_umum` VALUES (1942, 'JRM/2602/0001', '2026-02-02', 'BEBAN PERLENGKAPAN', 23, 'DEBIT', 1630000, 0, 'BELANJA DI TOKO ASUI', NULL, NULL, 1, '2026-05-23 08:03:48', '2026-05-23 08:03:48', NULL);
INSERT INTO `tjurnal_umum` VALUES (1943, 'JRM/2602/0001', '2026-02-02', 'HUTANG TOKO ASUI', 14, 'KREDIT', 0, 1630000, 'BELANJA DI TOKO ASUI', NULL, NULL, 1, '2026-05-23 08:03:48', '2026-05-23 08:03:48', NULL);
INSERT INTO `tjurnal_umum` VALUES (1944, 'JRM/2602/0002', '2026-02-05', 'BEBAN PERLENGKAPAN', 23, 'DEBIT', 1668000, 0, 'BELANJA DI TOKO ASUI', NULL, NULL, 1, '2026-05-23 08:03:48', '2026-05-23 08:03:48', NULL);
INSERT INTO `tjurnal_umum` VALUES (1945, 'JRM/2602/0002', '2026-02-05', 'HUTANG TOKO ASUI', 14, 'KREDIT', 0, 1668000, 'BELANJA DI TOKO ASUI', NULL, NULL, 1, '2026-05-23 08:03:48', '2026-05-23 08:03:48', NULL);
INSERT INTO `tjurnal_umum` VALUES (1946, 'JRM/2602/0003', '2026-02-07', 'BEBAN PERLENGKAPAN', 23, 'DEBIT', 7901000, 0, 'BELANJA DI TOKO ASUI', NULL, NULL, 1, '2026-05-23 08:03:48', '2026-05-23 08:03:48', NULL);
INSERT INTO `tjurnal_umum` VALUES (1947, 'JRM/2602/0003', '2026-02-07', 'HUTANG TOKO ASUI', 14, 'KREDIT', 0, 7901000, 'BELANJA DI TOKO ASUI', NULL, NULL, 1, '2026-05-23 08:03:48', '2026-05-23 08:03:48', NULL);
INSERT INTO `tjurnal_umum` VALUES (1948, 'JRM/2602/0004', '2026-02-09', 'BEBAN PERLENGKAPAN', 23, 'DEBIT', 1703000, 0, 'BELANJA DI TOKO ASUI', NULL, NULL, 1, '2026-05-23 08:03:48', '2026-05-23 08:03:48', NULL);
INSERT INTO `tjurnal_umum` VALUES (1949, 'JRM/2602/0004', '2026-02-09', 'HUTANG TOKO ASUI', 14, 'KREDIT', 0, 1703000, 'BELANJA DI TOKO ASUI', NULL, NULL, 1, '2026-05-23 08:03:48', '2026-05-23 08:03:48', NULL);
INSERT INTO `tjurnal_umum` VALUES (1950, 'JRM/2602/0005', '2026-02-11', 'BEBAN PERLENGKAPAN', 23, 'DEBIT', 794000, 0, 'BELANJA DI TOKO ASUI', NULL, NULL, 1, '2026-05-23 08:03:48', '2026-05-23 08:03:48', NULL);
INSERT INTO `tjurnal_umum` VALUES (1951, 'JRM/2602/0005', '2026-02-11', 'HUTANG TOKO ASUI', 14, 'KREDIT', 0, 794000, 'BELANJA DI TOKO ASUI', NULL, NULL, 1, '2026-05-23 08:03:48', '2026-05-23 08:03:48', NULL);
INSERT INTO `tjurnal_umum` VALUES (1952, 'JRM/2602/0006', '2026-02-13', 'BEBAN PERLENGKAPAN', 23, 'DEBIT', 6658000, 0, 'BELANJA DI TOKO ASUI', NULL, NULL, 1, '2026-05-23 08:03:48', '2026-05-23 08:03:48', NULL);
INSERT INTO `tjurnal_umum` VALUES (1953, 'JRM/2602/0006', '2026-02-13', 'HUTANG TOKO ASUI', 14, 'KREDIT', 0, 6658000, 'BELANJA DI TOKO ASUI', NULL, NULL, 1, '2026-05-23 08:03:48', '2026-05-23 08:03:48', NULL);
INSERT INTO `tjurnal_umum` VALUES (1954, 'JRM/2602/0007', '2026-02-14', 'BEBAN PERLENGKAPAN', 23, 'DEBIT', 4973000, 0, 'BELANJA DI TOKO ASUI', NULL, NULL, 1, '2026-05-23 08:03:48', '2026-05-23 08:03:48', NULL);
INSERT INTO `tjurnal_umum` VALUES (1955, 'JRM/2602/0007', '2026-02-14', 'HUTANG TOKO ASUI', 14, 'KREDIT', 0, 4973000, 'BELANJA DI TOKO ASUI', NULL, NULL, 1, '2026-05-23 08:03:48', '2026-05-23 08:03:48', NULL);
INSERT INTO `tjurnal_umum` VALUES (1956, 'JRM/2602/0008', '2026-02-14', 'BEBAN PERLENGKAPAN', 23, 'DEBIT', 1330000, 0, 'BELANJA DI TOKO ASUI', NULL, NULL, 1, '2026-05-23 08:03:48', '2026-05-23 08:03:48', NULL);
INSERT INTO `tjurnal_umum` VALUES (1957, 'JRM/2602/0008', '2026-02-14', 'HUTANG TOKO ASUI', 14, 'KREDIT', 0, 1330000, 'BELANJA DI TOKO ASUI', NULL, NULL, 1, '2026-05-23 08:03:48', '2026-05-23 08:03:48', NULL);
INSERT INTO `tjurnal_umum` VALUES (1958, 'JRM/2602/0009', '2026-02-22', 'BEBAN PERLENGKAPAN', 23, 'DEBIT', 665000, 0, 'BELANJA DI TOKO ASUI', NULL, NULL, 1, '2026-05-23 08:03:48', '2026-05-23 08:03:48', NULL);
INSERT INTO `tjurnal_umum` VALUES (1959, 'JRM/2602/0009', '2026-02-22', 'HUTANG TOKO ASUI', 14, 'KREDIT', 0, 665000, 'BELANJA DI TOKO ASUI', NULL, NULL, 1, '2026-05-23 08:03:48', '2026-05-23 08:03:48', NULL);
INSERT INTO `tjurnal_umum` VALUES (1960, 'JRM/2602/0010', '2026-02-24', 'BEBAN PERLENGKAPAN', 23, 'DEBIT', 24076000, 0, 'BELANJA DI TOKO ASUI', NULL, NULL, 1, '2026-05-23 08:03:48', '2026-05-23 08:03:48', NULL);
INSERT INTO `tjurnal_umum` VALUES (1961, 'JRM/2602/0010', '2026-02-24', 'HUTANG TOKO ASUI', 14, 'KREDIT', 0, 24076000, 'BELANJA DI TOKO ASUI', NULL, NULL, 1, '2026-05-23 08:03:48', '2026-05-23 08:03:48', NULL);
INSERT INTO `tjurnal_umum` VALUES (1962, 'JRM/2602/0011', '2026-02-27', 'BEBAN PERLENGKAPAN', 23, 'DEBIT', 8017000, 0, 'BELANJA DI TOKO ASUI', NULL, NULL, 1, '2026-05-23 08:03:48', '2026-05-23 13:13:23', 2);
INSERT INTO `tjurnal_umum` VALUES (1963, 'JRM/2602/0011', '2026-02-27', 'HUTANG TOKO ASUI', 14, 'KREDIT', 0, 8017000, 'BELANJA DI TOKO ASUI', NULL, NULL, 1, '2026-05-23 08:03:48', '2026-05-23 08:03:48', NULL);
INSERT INTO `tjurnal_umum` VALUES (1964, 'JRM/2602/0012', '2026-02-28', 'BEBAN PERLENGKAPAN', 23, 'DEBIT', 865000, 0, 'BELANJA DI TOKO ASUI', NULL, NULL, 1, '2026-05-23 08:03:48', '2026-05-23 08:03:48', NULL);
INSERT INTO `tjurnal_umum` VALUES (1965, 'JRM/2602/0012', '2026-02-28', 'HUTANG TOKO ASUI', 14, 'KREDIT', 0, 865000, 'BELANJA DI TOKO ASUI', NULL, NULL, 1, '2026-05-23 08:03:48', '2026-05-23 08:03:48', NULL);
INSERT INTO `tjurnal_umum` VALUES (1968, 'JRM/2605/0001', '2026-05-23', 'KAS KECIL BANGKA', 1, 'DEBIT', 1000000, 0, 'asdfdasf', NULL, NULL, 2, '2026-05-23 09:54:57', '2026-05-23 13:28:24', 2);
INSERT INTO `tjurnal_umum` VALUES (1969, 'JRM/2605/0002', '2026-05-23', 'BANK BCA', 3, 'DEBIT', 50000000, 0, '-', NULL, NULL, 2, '2026-05-23 10:02:33', '2026-05-23 10:02:33', NULL);
INSERT INTO `tjurnal_umum` VALUES (1970, 'JRM/2605/0003', '2026-05-23', 'KAS KECIL BANGKA', 1, 'DEBIT', 10000, 0, '-', NULL, NULL, 2, '2026-05-23 10:15:37', '2026-05-23 12:59:00', 2);
INSERT INTO `tjurnal_umum` VALUES (1971, 'JRM/2605/0003', '2026-05-23', 'BANK BCA SAHNA', 2, 'KREDIT', 0, 20000, '-', NULL, NULL, 2, '2026-05-23 10:15:37', '2026-05-23 12:50:44', 2);
INSERT INTO `tjurnal_umum` VALUES (1972, 'JRM/202605/0001', '2026-05-25', '10101 - KAS KECIL BANGKA', NULL, 'DEBIT', 100000, 0, '-', NULL, NULL, 2, '2026-05-23 13:53:53', '2026-05-23 14:08:38', 2);
INSERT INTO `tjurnal_umum` VALUES (1973, 'JRM/202605/0001', '2026-05-14', '10111 - BANK BCA SAHNA', NULL, 'KREDIT', 0, 100000, '-', NULL, NULL, 2, '2026-05-23 13:53:53', '2026-05-23 14:08:29', 2);

-- ----------------------------
-- Table structure for tkategori
-- ----------------------------
CREATE TABLE `tkategori`  (
  `id` bigint UNSIGNED NOT NULL AUTO_INCREMENT,
  `nama` varchar(255) CHARACTER SET utf8mb4 COLLATE utf8mb4_unicode_ci NOT NULL,
  `keterangan` varchar(255) CHARACTER SET utf8mb4 COLLATE utf8mb4_unicode_ci NULL DEFAULT NULL,
  `created_at` timestamp NULL DEFAULT NULL,
  `updated_at` timestamp NULL DEFAULT NULL,
  PRIMARY KEY (`id`) USING BTREE,
  UNIQUE INDEX `tkategori_nama_unique`(`nama` ASC) USING BTREE
) ENGINE = InnoDB AUTO_INCREMENT = 9 CHARACTER SET = utf8mb4 COLLATE = utf8mb4_unicode_ci ROW_FORMAT = DYNAMIC;

-- ----------------------------
-- Records of tkategori
-- ----------------------------
INSERT INTO `tkategori` VALUES (1, 'PAKAN', 'Pakan Udang', NULL, NULL);
INSERT INTO `tkategori` VALUES (2, 'OBAT', 'Obat-obatan', NULL, NULL);
INSERT INTO `tkategori` VALUES (3, 'PROBIONIK', 'Probionik', NULL, NULL);
INSERT INTO `tkategori` VALUES (4, 'VITAMIN', 'Vitamin', NULL, NULL);
INSERT INTO `tkategori` VALUES (5, 'DISINFECTAN', 'Disinfektan', NULL, NULL);
INSERT INTO `tkategori` VALUES (6, 'BENUR', 'Benur Udang', NULL, NULL);
INSERT INTO `tkategori` VALUES (7, 'PERALATAN', 'Peralatan Tambak', NULL, NULL);
INSERT INTO `tkategori` VALUES (8, 'LABORATORIUM', 'Alat Laboratorium', NULL, NULL);

-- ----------------------------
-- Table structure for tkolam
-- ----------------------------
CREATE TABLE `tkolam`  (
  `id` bigint UNSIGNED NOT NULL AUTO_INCREMENT,
  `nama` varchar(255) CHARACTER SET utf8mb4 COLLATE utf8mb4_unicode_ci NOT NULL,
  `keterangan` text CHARACTER SET utf8mb4 COLLATE utf8mb4_unicode_ci NULL,
  `is_active` tinyint(1) NOT NULL DEFAULT 1,
  `created_at` timestamp NULL DEFAULT NULL,
  `updated_at` timestamp NULL DEFAULT NULL,
  `luas` double NULL DEFAULT NULL,
  `kedalaman` decimal(5, 2) NULL DEFAULT NULL,
  `jenis` varchar(50) CHARACTER SET utf8mb4 COLLATE utf8mb4_unicode_ci NULL DEFAULT NULL,
  PRIMARY KEY (`id`) USING BTREE,
  UNIQUE INDEX `tkolam_nama_unique`(`nama` ASC) USING BTREE
) ENGINE = InnoDB AUTO_INCREMENT = 36 CHARACTER SET = utf8mb4 COLLATE = utf8mb4_unicode_ci ROW_FORMAT = DYNAMIC;

-- ----------------------------
-- Records of tkolam
-- ----------------------------
INSERT INTO `tkolam` VALUES (1, 'A01', 'Kolam utama untuk pembesaran udang vaname dengan sistem aerasi intensif', 1, NULL, '2026-04-17 16:22:21', 1700, 1.20, 'Intensif');
INSERT INTO `tkolam` VALUES (2, 'A02', 'Kolam cadangan dengan kualitas air yang stabil', 1, NULL, '2026-04-17 16:22:21', 2025, 1.20, 'Intensif');
INSERT INTO `tkolam` VALUES (3, 'A03', NULL, 1, NULL, '2026-04-17 16:22:21', 1280, NULL, 'Intensif');
INSERT INTO `tkolam` VALUES (4, 'A04', NULL, 1, NULL, '2026-04-17 16:22:21', 1200, NULL, 'Intensif');
INSERT INTO `tkolam` VALUES (5, 'A05', NULL, 1, NULL, '2026-04-17 16:22:21', 1280, NULL, 'Intensif');
INSERT INTO `tkolam` VALUES (6, 'A06', NULL, 1, NULL, '2026-04-17 16:22:21', 1600, NULL, 'Intensif');
INSERT INTO `tkolam` VALUES (7, 'A07', NULL, 1, NULL, '2026-04-17 16:22:21', 1300, NULL, 'Intensif');
INSERT INTO `tkolam` VALUES (8, 'A08', NULL, 1, NULL, '2026-04-17 16:22:21', 2000, NULL, 'Intensif');
INSERT INTO `tkolam` VALUES (9, 'A09', NULL, 1, NULL, '2026-04-17 16:22:21', 1900, NULL, 'Intensif');
INSERT INTO `tkolam` VALUES (10, 'A10', NULL, 1, NULL, '2026-04-17 16:22:21', 1340, NULL, 'Intensif');
INSERT INTO `tkolam` VALUES (11, 'A11', NULL, 1, NULL, '2026-04-17 16:22:21', 1340, NULL, 'Intensif');
INSERT INTO `tkolam` VALUES (12, 'A12', NULL, 1, NULL, '2026-04-17 16:22:21', 1240, NULL, 'Intensif');
INSERT INTO `tkolam` VALUES (13, 'A13', NULL, 1, NULL, '2026-04-17 16:22:21', 1880, NULL, 'Intensif');
INSERT INTO `tkolam` VALUES (14, 'A14', NULL, 1, NULL, '2026-04-17 16:22:21', 1680, NULL, 'Intensif');
INSERT INTO `tkolam` VALUES (15, 'A15', NULL, 1, NULL, '2026-04-17 16:22:21', 1500, NULL, 'Intensif');
INSERT INTO `tkolam` VALUES (16, 'B01', 'Kolam pembesaran tahap awal', 1, NULL, '2026-04-17 16:22:21', 2400, 1.50, 'Semi Intensif');
INSERT INTO `tkolam` VALUES (17, 'B02', 'KOLAM BARU', 1, NULL, '2026-04-17 16:22:21', 2500, NULL, 'Semi Intensif');
INSERT INTO `tkolam` VALUES (18, 'B03', 'KOLAM BARU', 1, NULL, '2026-04-17 16:22:21', 2500, NULL, 'Semi Intensif');
INSERT INTO `tkolam` VALUES (19, 'B04', NULL, 1, NULL, '2026-04-17 16:22:21', 1670, NULL, 'Semi Intensif');
INSERT INTO `tkolam` VALUES (20, 'B05', NULL, 1, NULL, '2026-04-17 16:22:21', 2050, NULL, 'Semi Intensif');
INSERT INTO `tkolam` VALUES (21, 'B06', NULL, 1, NULL, '2026-04-17 16:22:21', 2410, NULL, 'Semi Intensif');
INSERT INTO `tkolam` VALUES (22, 'B07', NULL, 1, NULL, '2026-04-17 16:22:21', 1950, NULL, 'Semi Intensif');
INSERT INTO `tkolam` VALUES (23, 'B08', NULL, 1, NULL, '2026-04-17 16:22:21', 910, NULL, 'Semi Intensif');
INSERT INTO `tkolam` VALUES (24, 'B09', NULL, 1, NULL, '2026-04-17 16:22:21', 1820, NULL, 'Semi Intensif');
INSERT INTO `tkolam` VALUES (25, 'B10', NULL, 1, NULL, '2026-04-17 16:22:21', 1470, NULL, 'Semi Intensif');
INSERT INTO `tkolam` VALUES (26, 'B11', NULL, 1, NULL, '2026-04-17 16:22:21', 1510, NULL, 'Semi Intensif');
INSERT INTO `tkolam` VALUES (27, 'B12', NULL, 1, NULL, '2026-04-17 16:22:21', 1410, NULL, 'Semi Intensif');
INSERT INTO `tkolam` VALUES (28, 'B13', NULL, 1, NULL, '2026-04-17 16:22:21', 1280, NULL, 'Semi Intensif');
INSERT INTO `tkolam` VALUES (29, 'B14', NULL, 1, NULL, '2026-04-17 16:22:21', 2480, NULL, 'Semi Intensif');
INSERT INTO `tkolam` VALUES (30, 'B15', NULL, 1, NULL, '2026-04-17 16:22:21', 2870, NULL, 'Semi Intensif');
INSERT INTO `tkolam` VALUES (31, 'B16', NULL, 1, NULL, '2026-04-17 16:22:21', 1800, NULL, 'Semi Intensif');
INSERT INTO `tkolam` VALUES (32, 'TANDON1', 'Kolam penampung air dan sedimentasi', 1, NULL, '2026-04-17 16:22:21', 0, NULL, 'Tradisional');
INSERT INTO `tkolam` VALUES (33, 'TANDON2', 'Kolam penampung air dan sedimentasi', 1, NULL, '2026-04-17 16:22:21', 0, NULL, 'Tradisional');
INSERT INTO `tkolam` VALUES (34, 'TANDON3', NULL, 1, NULL, '2026-04-17 16:22:21', 0, NULL, 'Tradisional');
INSERT INTO `tkolam` VALUES (35, 'TANDON4', NULL, 1, NULL, '2026-04-17 16:22:21', 0, NULL, 'Tradisional');

-- ----------------------------
-- Table structure for tledger
-- ----------------------------
CREATE TABLE `tledger`  (
  `id` bigint UNSIGNED NOT NULL AUTO_INCREMENT,
  `no_perk` varchar(30) CHARACTER SET utf8mb4 COLLATE utf8mb4_0900_ai_ci NOT NULL,
  `nama` varchar(100) CHARACTER SET utf8mb4 COLLATE utf8mb4_0900_ai_ci NULL DEFAULT NULL,
  `normal` varchar(2) CHARACTER SET utf8mb4 COLLATE utf8mb4_0900_ai_ci NULL DEFAULT NULL,
  `jenis` varchar(2) CHARACTER SET utf8mb4 COLLATE utf8mb4_0900_ai_ci NULL DEFAULT NULL,
  `grup` tinyint(1) NULL DEFAULT NULL,
  `kurs` varchar(100) CHARACTER SET utf8mb4 COLLATE utf8mb4_0900_ai_ci NULL DEFAULT NULL,
  `kelompok` varchar(510) CHARACTER SET utf8mb4 COLLATE utf8mb4_0900_ai_ci NULL DEFAULT NULL,
  `is_aktif` tinyint(1) NULL DEFAULT NULL,
  `deleted_at` timestamp NULL DEFAULT NULL,
  `created_at` timestamp NULL DEFAULT NULL,
  `updated_at` timestamp NULL DEFAULT NULL,
  PRIMARY KEY (`id`) USING BTREE,
  UNIQUE INDEX `tledger_no_perk_unique`(`no_perk` ASC) USING BTREE
) ENGINE = InnoDB AUTO_INCREMENT = 65 CHARACTER SET = utf8mb4 COLLATE = utf8mb4_0900_ai_ci ROW_FORMAT = Dynamic;

-- ----------------------------
-- Records of tledger
-- ----------------------------
INSERT INTO `tledger` VALUES (1, '10101', 'KAS KECIL BANGKA', 'D', 'A', 0, 'IDR', 'AKTIVA LANCAR', 1, NULL, NULL, NULL);
INSERT INTO `tledger` VALUES (2, '10111', 'BANK BCA SAHNA', 'D', 'A', 0, 'IDR', 'AKTIVA LANCAR', 1, NULL, NULL, NULL);
INSERT INTO `tledger` VALUES (3, '10112', 'BANK BCA', 'D', 'B', 0, 'IDR', NULL, 1, NULL, NULL, NULL);
INSERT INTO `tledger` VALUES (4, '10117', 'PIUTANG KARYAWAN', 'D', 'A', 0, 'IDR', NULL, 1, NULL, NULL, NULL);
INSERT INTO `tledger` VALUES (5, '10118', 'PERSEDIAAN PAKAN', 'D', 'A', 0, 'IDR', NULL, 1, NULL, NULL, NULL);
INSERT INTO `tledger` VALUES (6, '10119', 'PERSEDIAAN SAPROTAM', 'D', 'A', 0, 'IDR', NULL, 1, NULL, NULL, NULL);
INSERT INTO `tledger` VALUES (7, '10120', 'PIUTANG', 'D', 'A', 0, 'IDR', NULL, 1, NULL, NULL, NULL);
INSERT INTO `tledger` VALUES (8, '10202', 'TANAH', 'D', 'A', 0, 'IDR', 'AKTIVA TETAP / FIXED ASSET', 1, NULL, NULL, NULL);
INSERT INTO `tledger` VALUES (9, '10301', 'KENDARAAN / MOBIL / MOTOR', 'D', 'A', 0, 'IDR', 'AKTIVA TETAP / FIXED ASSET', 1, NULL, NULL, NULL);
INSERT INTO `tledger` VALUES (10, '10302', 'KENDARAAN ALAT BERAT', 'D', 'A', 0, 'IDR', 'AKTIVA TETAP / FIXED ASSET', 1, NULL, NULL, NULL);
INSERT INTO `tledger` VALUES (11, '10401', 'MESIN & PERALATAN', 'D', 'A', 0, 'IDR', 'AKTIVA TETAP / FIXED ASSET', 1, NULL, NULL, NULL);
INSERT INTO `tledger` VALUES (12, '10402', 'PERLENGKAPAN KANTOR', 'D', 'A', 0, 'IDR', NULL, 1, NULL, NULL, NULL);
INSERT INTO `tledger` VALUES (13, '10403', 'PERLENGKAPAN VILLA', 'D', 'A', 0, 'IDR', NULL, 1, NULL, NULL, NULL);
INSERT INTO `tledger` VALUES (14, '20100', 'HUTANG TOKO ASUI', 'K', 'A', 0, 'IDR', 'HUTANG / LIABILITY', 1, NULL, NULL, NULL);
INSERT INTO `tledger` VALUES (15, '20101', 'HUTANG KE SUPPLIER', 'K', 'A', 0, 'IDR', NULL, 1, NULL, NULL, NULL);
INSERT INTO `tledger` VALUES (16, '30100', 'MODAL', 'K', 'A', 0, 'IDR', 'MODAL / EQUITY', 1, NULL, NULL, NULL);
INSERT INTO `tledger` VALUES (17, '30300', 'LABA BERJALAN', 'D', 'A', 0, 'IDR', 'MODAL / EQUITY', 1, NULL, NULL, NULL);
INSERT INTO `tledger` VALUES (18, '30400', 'IKHTISAR LABA RUGI', 'D', 'A', 0, 'IDR', NULL, 0, NULL, NULL, NULL);
INSERT INTO `tledger` VALUES (19, '60100', 'BEBAN GAJI BUDIDAYA', 'D', 'B', 0, 'IDR', 'BIAYA / EXPENSE', 1, NULL, NULL, NULL);
INSERT INTO `tledger` VALUES (20, '60101', 'BEBAN MAKAN & TRANSPORT', 'D', 'B', 0, 'IDR', 'BIAYA / EXPENSE', 1, NULL, NULL, NULL);
INSERT INTO `tledger` VALUES (21, '60102', 'BEBAN LISTRIK', 'D', 'B', 0, 'IDR', 'BIAYA / EXPENSE', 1, NULL, NULL, NULL);
INSERT INTO `tledger` VALUES (22, '60103', 'BEBAN TIKET', 'D', 'B', 0, 'IDR', 'BIAYA / EXPENSE', 1, NULL, NULL, NULL);
INSERT INTO `tledger` VALUES (23, '60104', 'BEBAN PERLENGKAPAN', 'D', 'B', 0, 'IDR', 'BIAYA / EXPENSE', 1, NULL, NULL, NULL);
INSERT INTO `tledger` VALUES (24, '60105', 'BEBAN SUMBANGAN', 'D', 'B', 0, 'IDR', 'BIAYA / EXPENSE', 1, NULL, NULL, NULL);
INSERT INTO `tledger` VALUES (25, '60106', 'BEBAN PERBAIKAN PERALATAN', 'D', 'B', 0, 'IDR', 'BIAYA / EXPENSE', 1, NULL, NULL, NULL);
INSERT INTO `tledger` VALUES (26, '60107', 'BEBAN KENDARAAN', 'D', 'B', 0, 'IDR', 'BIAYA / EXPENSE', 1, NULL, NULL, NULL);
INSERT INTO `tledger` VALUES (27, '60108', 'BEBAN PENGURUSAN DOKUMEN/PERIJINAN', 'D', 'B', 0, 'IDR', 'BIAYA / EXPENSE', 1, NULL, NULL, NULL);
INSERT INTO `tledger` VALUES (28, '60109', 'BEBAN ADM BANK', 'D', 'B', 0, 'IDR', 'BIAYA / EXPENSE', 1, NULL, NULL, NULL);
INSERT INTO `tledger` VALUES (29, '60110', 'BEBAN PAJAK BUNGA', 'D', 'B', 0, 'IDR', 'BIAYA / EXPENSE', 1, NULL, NULL, NULL);
INSERT INTO `tledger` VALUES (30, '60111', 'BEBAN ANGKUTAN', 'D', 'B', 0, 'IDR', 'BIAYA / EXPENSE', 1, NULL, NULL, NULL);
INSERT INTO `tledger` VALUES (31, '60112', 'BEBAN SOLAR ALAT BERAT', 'D', 'B', 0, 'IDR', 'BIAYA / EXPENSE', 1, NULL, NULL, NULL);
INSERT INTO `tledger` VALUES (32, '60113', 'BEBAN PERBAIKAN BANGUNAN', 'D', 'B', 0, 'IDR', 'BIAYA / EXPENSE', 1, NULL, NULL, NULL);
INSERT INTO `tledger` VALUES (33, '60114', 'BEBAN PEMELIHARAAN & PERBK KENDARAAN', 'D', 'B', 0, 'IDR', 'BIAYA / EXPENSE', 1, NULL, NULL, NULL);
INSERT INTO `tledger` VALUES (34, '60115', 'BEBAN ONGKOS KIRIM', 'D', 'B', 0, 'IDR', 'BIAYA / EXPENSE', 1, NULL, NULL, NULL);
INSERT INTO `tledger` VALUES (35, '60116', 'BEBAN SOLAR GENSET', 'D', 'B', 0, 'IDR', 'BIAYA / EXPENSE', 1, NULL, NULL, NULL);
INSERT INTO `tledger` VALUES (36, '60117', 'BEBAN TELEPON/FAX/HP', 'D', 'B', 0, 'IDR', 'BIAYA / EXPENSE', 1, NULL, NULL, NULL);
INSERT INTO `tledger` VALUES (37, '60118', 'BEBAN BENSIN', 'D', 'B', 0, 'IDR', 'BIAYA / EXPENSE', 1, NULL, NULL, NULL);
INSERT INTO `tledger` VALUES (38, '60119', 'BEBAN HOTEL', 'D', 'B', 0, 'IDR', 'BIAYA / EXPENSE', 1, NULL, NULL, NULL);
INSERT INTO `tledger` VALUES (39, '60120', 'BEBAN PEMBELIAN BIBIT', 'D', 'B', 0, 'IDR', NULL, 1, NULL, NULL, NULL);
INSERT INTO `tledger` VALUES (40, '60121', 'BEBAN PEMELIHARAAN KOLAM', 'D', 'B', 0, 'IDR', NULL, 1, NULL, NULL, NULL);
INSERT INTO `tledger` VALUES (41, '60122', 'BEBAN THR', 'D', 'B', 0, 'IDR', NULL, 1, NULL, NULL, NULL);
INSERT INTO `tledger` VALUES (42, '60123', 'BEBAN PAKAN', 'D', 'B', 0, 'IDR', NULL, 1, NULL, NULL, NULL);
INSERT INTO `tledger` VALUES (43, '60124', 'BEBAN OBAT / KIMIA UDANG', 'D', 'B', 0, 'IDR', NULL, 1, NULL, NULL, NULL);
INSERT INTO `tledger` VALUES (44, '60125', 'BEBAN PAJAK BUMI & BANGUNAN (PBB)', 'D', 'B', 0, 'IDR', NULL, 1, NULL, NULL, NULL);
INSERT INTO `tledger` VALUES (45, '60126', 'BEBAN BELANJA DAPUR', 'D', 'B', 0, 'IDR', NULL, 1, NULL, NULL, NULL);
INSERT INTO `tledger` VALUES (46, '60127', 'BEBAN SEWA KANTOR', 'D', 'B', 0, 'IDR', NULL, 1, NULL, NULL, NULL);
INSERT INTO `tledger` VALUES (47, '60128', 'BEBAN SAPROTAM', 'D', 'B', 0, 'IDR', NULL, 1, NULL, NULL, NULL);
INSERT INTO `tledger` VALUES (48, '60129', 'BEBAN BONUS / KOMISI', 'D', 'B', 0, 'IDR', NULL, 1, NULL, NULL, NULL);
INSERT INTO `tledger` VALUES (49, '60130', 'BEBAN GAJI UMUM', 'D', 'B', 0, 'IDR', NULL, 1, NULL, NULL, NULL);
INSERT INTO `tledger` VALUES (50, '60131', 'BEBAN LAB.', 'D', 'B', 0, 'IDR', NULL, 1, NULL, NULL, NULL);
INSERT INTO `tledger` VALUES (51, '60132', 'BEBAN PERJALANAN DINAS', 'D', 'B', 0, 'IDR', NULL, 1, NULL, NULL, NULL);
INSERT INTO `tledger` VALUES (52, '60133', 'BEBAN BENUR', 'D', 'B', 0, 'IDR', NULL, 1, NULL, NULL, NULL);
INSERT INTO `tledger` VALUES (53, '60134', 'BEBAN INTERNET', 'D', 'B', 0, 'IDR', NULL, 1, NULL, NULL, NULL);
INSERT INTO `tledger` VALUES (54, '70100', 'PENDAPATAN BUNGA BANK', 'K', 'P', 0, 'IDR', 'PENDAPATAN', 1, NULL, NULL, NULL);
INSERT INTO `tledger` VALUES (55, '70101', 'PENJUALAN UDANG', 'K', 'P', 0, 'IDR', NULL, 1, NULL, NULL, NULL);
INSERT INTO `tledger` VALUES (56, '70102', 'PENDAPATAN LAIN LAIN', 'K', 'P', 0, 'IDR', NULL, 1, NULL, NULL, NULL);
INSERT INTO `tledger` VALUES (57, '70103', 'BEBAN PENGOBATAN KARYAWAN', 'D', 'B', 0, 'IDR', NULL, 1, NULL, NULL, NULL);
INSERT INTO `tledger` VALUES (58, '70104', 'BIAYA BUDIDAYA', 'D', 'B', 0, 'IDR', NULL, 1, NULL, NULL, NULL);
INSERT INTO `tledger` VALUES (59, '70105', 'BIAYA SEMBAHYANG', 'D', 'B', 0, 'IDR', NULL, 1, NULL, NULL, NULL);
INSERT INTO `tledger` VALUES (60, '70106', 'BIAYA BUNGKUS/PACKING', 'D', 'B', 0, 'IDR', NULL, 1, NULL, NULL, NULL);
INSERT INTO `tledger` VALUES (61, '70108', 'BIAYA ENTERTAINT', 'D', 'B', 0, 'IDR', NULL, 1, NULL, NULL, NULL);
INSERT INTO `tledger` VALUES (62, '70109', 'PENDAPATAN DISKON', 'K', 'P', 0, 'IDR', NULL, 1, NULL, NULL, NULL);
INSERT INTO `tledger` VALUES (63, '70110', 'BEBAN PINJAMAN KARYAWAN', 'D', 'B', 0, 'IDR', NULL, 1, NULL, NULL, NULL);
INSERT INTO `tledger` VALUES (64, '99999', 'AKUN KOREKSI', 'D', 'A', 0, 'IDR', NULL, 0, NULL, NULL, NULL);

-- ----------------------------
-- Table structure for tlokasi
-- ----------------------------
CREATE TABLE `tlokasi`  (
  `id` bigint UNSIGNED NOT NULL AUTO_INCREMENT,
  `nama` varchar(255) CHARACTER SET utf8mb4 COLLATE utf8mb4_unicode_ci NOT NULL,
  `keterangan` varchar(255) CHARACTER SET utf8mb4 COLLATE utf8mb4_unicode_ci NULL DEFAULT NULL,
  `created_at` timestamp NULL DEFAULT NULL,
  `updated_at` timestamp NULL DEFAULT NULL,
  PRIMARY KEY (`id`) USING BTREE,
  UNIQUE INDEX `tlokasi_nama_unique`(`nama` ASC) USING BTREE
) ENGINE = InnoDB AUTO_INCREMENT = 8 CHARACTER SET = utf8mb4 COLLATE = utf8mb4_unicode_ci ROW_FORMAT = DYNAMIC;

-- ----------------------------
-- Records of tlokasi
-- ----------------------------
INSERT INTO `tlokasi` VALUES (1, 'GUDANG PAKAN', 'Gudang penyimpanan pakan', NULL, NULL);
INSERT INTO `tlokasi` VALUES (2, 'GUDANG OBAT', 'Gudang penyimpanan obat', NULL, NULL);
INSERT INTO `tlokasi` VALUES (3, 'GUDANG UMUM', 'Lokasi utama penyimpanan barang', NULL, '2026-04-21 05:47:09');
INSERT INTO `tlokasi` VALUES (4, 'KOLAM', 'Area kolam', NULL, NULL);
INSERT INTO `tlokasi` VALUES (5, 'Gudang A', 'Gudang A', '2026-04-21 05:47:09', '2026-04-21 05:47:09');
INSERT INTO `tlokasi` VALUES (6, 'Gudang B', 'Gudang B', '2026-04-21 05:47:09', '2026-04-21 05:47:09');
INSERT INTO `tlokasi` VALUES (7, 'Gudang C', 'Gudang C', '2026-04-21 05:47:09', '2026-04-21 05:47:09');

-- ----------------------------
-- Table structure for tlpb
-- ----------------------------
CREATE TABLE `tlpb`  (
  `id` bigint UNSIGNED NOT NULL AUTO_INCREMENT,
  `no_lpb` varchar(255) CHARACTER SET utf8mb4 COLLATE utf8mb4_unicode_ci NOT NULL,
  `tanggal` date NOT NULL,
  `no_po` varchar(255) CHARACTER SET utf8mb4 COLLATE utf8mb4_unicode_ci NULL DEFAULT NULL,
  `kode_supplier` varchar(255) CHARACTER SET utf8mb4 COLLATE utf8mb4_unicode_ci NOT NULL,
  `keterangan` text CHARACTER SET utf8mb4 COLLATE utf8mb4_unicode_ci NULL,
  `jumlah` double NULL DEFAULT NULL,
  `status` enum('draft','received','verified') CHARACTER SET utf8mb4 COLLATE utf8mb4_unicode_ci NOT NULL DEFAULT 'draft',
  `created_by` bigint UNSIGNED NULL DEFAULT NULL,
  `created_at` timestamp NULL DEFAULT NULL,
  `updated_at` timestamp NULL DEFAULT NULL,
  PRIMARY KEY (`id`) USING BTREE,
  UNIQUE INDEX `tlpb_no_lpb_unique`(`no_lpb` ASC) USING BTREE,
  INDEX `tlpb_created_by_foreign`(`created_by` ASC) USING BTREE,
  INDEX `tlpb_tanggal_index`(`tanggal` ASC) USING BTREE,
  INDEX `tlpb_no_po_index`(`no_po` ASC) USING BTREE,
  INDEX `tlpb_kode_supplier_index`(`kode_supplier` ASC) USING BTREE,
  CONSTRAINT `tlpb_created_by_foreign` FOREIGN KEY (`created_by`) REFERENCES `users` (`id`) ON DELETE SET NULL ON UPDATE RESTRICT,
  CONSTRAINT `tlpb_kode_supplier_foreign` FOREIGN KEY (`kode_supplier`) REFERENCES `tsupplier` (`kode`) ON DELETE RESTRICT ON UPDATE RESTRICT,
  CONSTRAINT `tlpb_no_po_foreign` FOREIGN KEY (`no_po`) REFERENCES `tpo` (`no_po`) ON DELETE RESTRICT ON UPDATE RESTRICT
) ENGINE = InnoDB AUTO_INCREMENT = 11 CHARACTER SET = utf8mb4 COLLATE = utf8mb4_unicode_ci ROW_FORMAT = DYNAMIC;

-- ----------------------------
-- Records of tlpb
-- ----------------------------
INSERT INTO `tlpb` VALUES (1, 'LPB/2604/0001', '2026-03-29', NULL, 'SUP002', 'Penerimaan barang dari supplier', 18950000, 'verified', 1, '2026-04-13 03:17:41', '2026-04-13 03:17:41');
INSERT INTO `tlpb` VALUES (2, 'LPB/2604/0002', '2026-04-04', NULL, 'SUP002', 'Penerimaan barang dari supplier', 11725000, 'verified', 1, '2026-04-13 03:17:41', '2026-04-13 03:17:41');
INSERT INTO `tlpb` VALUES (3, 'LPB/2604/0003', '2026-04-13', NULL, 'SUP002', 'Penerimaan barang dari supplier', 28365000, 'verified', 1, '2026-04-13 03:17:41', '2026-04-13 03:17:41');
INSERT INTO `tlpb` VALUES (4, 'LPB/2604/0004', '2026-04-04', NULL, 'SUP001', 'Penerimaan barang dari supplier', 24585000, 'verified', 1, '2026-04-13 03:17:41', '2026-04-13 03:17:41');
INSERT INTO `tlpb` VALUES (5, 'LPB/2604/0005', '2026-03-27', NULL, 'SUP001', 'Penerimaan barang dari supplier', 38650000, 'verified', 1, '2026-04-13 03:17:41', '2026-04-13 03:17:41');
INSERT INTO `tlpb` VALUES (6, 'LPB/2604/0006', '2026-02-17', NULL, 'SUP002', 'Penerimaan barang dari supplier', 3890000, 'verified', 1, '2026-04-13 03:17:41', '2026-04-13 03:17:41');
INSERT INTO `tlpb` VALUES (7, 'LPB/2604/0007', '2026-03-26', NULL, 'SUP002', 'Penerimaan barang dari supplier', 23745000, 'verified', 1, '2026-04-13 03:17:41', '2026-04-13 03:17:41');
INSERT INTO `tlpb` VALUES (8, 'LPB/2604/0008', '2026-03-12', NULL, 'SUP001', 'Penerimaan barang dari supplier', 19775000, 'verified', 1, '2026-04-13 03:17:41', '2026-04-13 03:17:41');
INSERT INTO `tlpb` VALUES (9, 'LPB/2604/0009', '2026-03-23', NULL, 'SUP002', 'Penerimaan barang dari supplier', 13150000, 'verified', 1, '2026-04-13 03:17:41', '2026-04-13 03:17:41');
INSERT INTO `tlpb` VALUES (10, 'LPB/2604/0010', '2026-02-20', NULL, 'SUP002', 'Penerimaan barang dari supplier', 6825000, 'verified', 1, '2026-04-13 03:17:41', '2026-04-13 03:17:41');

-- ----------------------------
-- Table structure for tmati
-- ----------------------------
CREATE TABLE `tmati`  (
  `id` bigint UNSIGNED NOT NULL AUTO_INCREMENT,
  `no_bukti` varchar(50) CHARACTER SET utf8mb4 COLLATE utf8mb4_unicode_ci NULL DEFAULT NULL,
  `lokasi_id` bigint UNSIGNED NOT NULL,
  `tanggal` date NOT NULL,
  `jumlah` int NOT NULL COMMENT 'Number of dead shrimp',
  `qty_merah` int NOT NULL DEFAULT 0,
  `qty_putih` int NOT NULL DEFAULT 0,
  `total_qty` int NOT NULL DEFAULT 0,
  `keterangan` text CHARACTER SET utf8mb4 COLLATE utf8mb4_unicode_ci NULL,
  `created_by` bigint UNSIGNED NULL DEFAULT NULL,
  `created_at` timestamp NULL DEFAULT NULL,
  `updated_at` timestamp NULL DEFAULT NULL,
  PRIMARY KEY (`id`) USING BTREE,
  UNIQUE INDEX `tmati_no_bukti_lokasi_unique`(`no_bukti` ASC, `lokasi_id` ASC) USING BTREE,
  INDEX `tmati_created_by_foreign`(`created_by` ASC) USING BTREE,
  INDEX `tmati_kolam_tanggal_index`(`lokasi_id` ASC, `tanggal` ASC) USING BTREE,
  INDEX `tmati_kolam_index`(`lokasi_id` ASC) USING BTREE,
  INDEX `tmati_tanggal_index`(`tanggal` ASC) USING BTREE,
  CONSTRAINT `tmati_created_by_foreign` FOREIGN KEY (`created_by`) REFERENCES `users` (`id`) ON DELETE SET NULL ON UPDATE RESTRICT
) ENGINE = InnoDB AUTO_INCREMENT = 76 CHARACTER SET = utf8mb4 COLLATE = utf8mb4_unicode_ci ROW_FORMAT = DYNAMIC;

-- ----------------------------
-- Records of tmati
-- ----------------------------
INSERT INTO `tmati` VALUES (73, 'LKA260503001', 1, '2026-05-02', 20, 10, 10, 20, NULL, 2, '2026-05-03 13:34:02', '2026-05-03 13:34:02');
INSERT INTO `tmati` VALUES (74, 'LKA260503001', 2, '2026-05-02', 40, 20, 20, 40, NULL, 2, '2026-05-03 13:34:02', '2026-05-03 13:34:02');
INSERT INTO `tmati` VALUES (75, 'LKA260503001', 3, '2026-05-02', 20, 10, 10, 20, NULL, 2, '2026-05-03 13:34:02', '2026-05-03 13:34:02');

-- ----------------------------
-- Table structure for tpanen
-- ----------------------------
CREATE TABLE `tpanen`  (
  `id` bigint UNSIGNED NOT NULL AUTO_INCREMENT,
  `no_bukti` varchar(50) CHARACTER SET utf8mb4 COLLATE utf8mb4_unicode_ci NOT NULL,
  `ukuran` decimal(10, 2) NOT NULL,
  `harga` decimal(15, 2) NOT NULL,
  `created_at` timestamp NULL DEFAULT NULL,
  `updated_at` timestamp NULL DEFAULT NULL,
  PRIMARY KEY (`id`) USING BTREE,
  INDEX `tpanen_no_bukti_index`(`no_bukti` ASC) USING BTREE,
  INDEX `tpanen_no_bukti_ukuran_index`(`no_bukti` ASC, `ukuran` ASC) USING BTREE
) ENGINE = InnoDB CHARACTER SET = utf8mb4 COLLATE = utf8mb4_unicode_ci ROW_FORMAT = Dynamic;

-- ----------------------------
-- Records of tpanen
-- ----------------------------

-- ----------------------------
-- Table structure for tpemakaian_barang
-- ----------------------------
CREATE TABLE `tpemakaian_barang`  (
  `kolam_id` bigint UNSIGNED NOT NULL,
  `tts_id` varchar(4) CHARACTER SET utf8mb4 COLLATE utf8mb4_unicode_ci NULL DEFAULT NULL,
  `dari_id` bigint UNSIGNED NULL DEFAULT NULL,
  `tujuan_id` bigint UNSIGNED NULL DEFAULT NULL,
  `id` bigint UNSIGNED NOT NULL AUTO_INCREMENT,
  `no_bukti` varchar(255) CHARACTER SET utf8mb4 COLLATE utf8mb4_unicode_ci NULL DEFAULT NULL,
  `tanggal` date NOT NULL,
  `waktu_pemberian` time NOT NULL,
  `barang_id` bigint UNSIGNED NOT NULL,
  `jumlah` decimal(10, 2) NOT NULL,
  `satuan_id` bigint UNSIGNED NOT NULL,
  `keterangan` text CHARACTER SET utf8mb4 COLLATE utf8mb4_unicode_ci NULL,
  `stok_sebelumnya` decimal(10, 2) NULL DEFAULT NULL,
  `stok_sisa` decimal(10, 2) NULL DEFAULT NULL,
  `created_by` bigint UNSIGNED NULL DEFAULT NULL,
  `created_at` timestamp NULL DEFAULT NULL,
  `updated_at` timestamp NULL DEFAULT NULL,
  `deleted_at` timestamp NULL DEFAULT NULL,
  PRIMARY KEY (`id`) USING BTREE,
  UNIQUE INDEX `tpemakaian_barang_no_bukti_unique`(`no_bukti` ASC) USING BTREE,
  INDEX `tpakan_created_by_foreign`(`created_by` ASC) USING BTREE,
  INDEX `tpakan_kolam_tanggal_index`(`tanggal` ASC) USING BTREE,
  INDEX `tpakan_tanggal_index`(`tanggal` ASC) USING BTREE,
  INDEX `tpemakaian_barang_barang_id_foreign`(`barang_id` ASC) USING BTREE,
  INDEX `tpemakaian_barang_satuan_id_foreign`(`satuan_id` ASC) USING BTREE,
  INDEX `tpemakaian_barang_kolam_id_foreign`(`kolam_id` ASC) USING BTREE,
  INDEX `tpemakaian_barang_dari_id_foreign`(`dari_id` ASC) USING BTREE,
  INDEX `tpemakaian_barang_tujuan_id_foreign`(`tujuan_id` ASC) USING BTREE,
  CONSTRAINT `tpakan_created_by_foreign` FOREIGN KEY (`created_by`) REFERENCES `users` (`id`) ON DELETE SET NULL ON UPDATE RESTRICT,
  CONSTRAINT `tpemakaian_barang_barang_id_foreign` FOREIGN KEY (`barang_id`) REFERENCES `tbarang` (`id`) ON DELETE RESTRICT ON UPDATE RESTRICT,
  CONSTRAINT `tpemakaian_barang_dari_id_foreign` FOREIGN KEY (`dari_id`) REFERENCES `tlokasi` (`id`) ON DELETE SET NULL ON UPDATE RESTRICT,
  CONSTRAINT `tpemakaian_barang_kolam_id_foreign` FOREIGN KEY (`kolam_id`) REFERENCES `tkolam` (`id`) ON DELETE RESTRICT ON UPDATE RESTRICT,
  CONSTRAINT `tpemakaian_barang_satuan_id_foreign` FOREIGN KEY (`satuan_id`) REFERENCES `tsatuan` (`id`) ON DELETE RESTRICT ON UPDATE RESTRICT,
  CONSTRAINT `tpemakaian_barang_tujuan_id_foreign` FOREIGN KEY (`tujuan_id`) REFERENCES `tlokasi` (`id`) ON DELETE SET NULL ON UPDATE RESTRICT
) ENGINE = InnoDB AUTO_INCREMENT = 124 CHARACTER SET = utf8mb4 COLLATE = utf8mb4_unicode_ci ROW_FORMAT = DYNAMIC;

-- ----------------------------
-- Records of tpemakaian_barang
-- ----------------------------
INSERT INTO `tpemakaian_barang` VALUES (2, '02', 3, 3, 49, NULL, '2026-04-21', '17:19:00', 26, 10.00, 1, NULL, 100.00, 90.00, 2, '2026-04-21 17:20:16', '2026-04-23 06:00:40', '2026-04-23 06:00:40');
INSERT INTO `tpemakaian_barang` VALUES (6, '08', 3, NULL, 50, NULL, '2026-04-23', '04:17:00', 4, 10.00, 6, 'Pagi', 900.00, 890.00, 2, '2026-04-23 04:18:35', '2026-04-23 06:00:40', '2026-04-23 06:00:40');
INSERT INTO `tpemakaian_barang` VALUES (6, '08', 3, NULL, 51, NULL, '2026-04-23', '04:18:00', 2, 10.00, 1, 'Siang', 1200.00, 1190.00, 2, '2026-04-23 04:18:35', '2026-04-23 06:00:40', '2026-04-23 06:00:40');
INSERT INTO `tpemakaian_barang` VALUES (3, '08', 3, NULL, 52, NULL, '2026-04-23', '04:36:00', 30, 10.00, 6, 'Pagi', 49990.00, 49980.00, 2, '2026-04-23 04:36:46', '2026-04-23 06:00:40', '2026-04-23 06:00:40');
INSERT INTO `tpemakaian_barang` VALUES (6, '01', 3, NULL, 53, NULL, '2026-04-23', '04:46:00', 26, 10.00, 1, 'Pagi', 70.00, 60.00, 2, '2026-04-23 04:46:53', '2026-04-23 06:00:40', '2026-04-23 06:00:40');
INSERT INTO `tpemakaian_barang` VALUES (12, '01', 3, NULL, 54, NULL, '2026-04-23', '04:46:00', 34, 1.00, 1, 'Siang', 5.00, 4.00, 2, '2026-04-23 04:46:53', '2026-04-23 06:00:40', '2026-04-23 06:00:40');
INSERT INTO `tpemakaian_barang` VALUES (6, '01', 3, NULL, 55, NULL, '2026-04-23', '04:53:00', 26, 0.10, 1, 'Pagi', 60.00, 60.00, 2, '2026-04-23 04:54:28', '2026-04-23 06:00:40', '2026-04-23 06:00:40');
INSERT INTO `tpemakaian_barang` VALUES (1, '02', 3, NULL, 56, NULL, '2026-04-24', '04:11:00', 26, -10.00, 1, 'Pagi', 100.00, 110.00, 2, '2026-04-24 04:11:47', '2026-04-24 04:11:47', NULL);
INSERT INTO `tpemakaian_barang` VALUES (5, '03', 3, 5, 57, 'PK260502001', '2026-05-02', '07:17:00', 26, 10.00, 1, 'pagi', 110.00, 100.00, 2, '2026-05-02 07:18:10', '2026-05-02 07:18:10', NULL);
INSERT INTO `tpemakaian_barang` VALUES (5, '03', 3, 5, 58, 'PK260502002', '2026-05-02', '07:17:00', 28, 10.00, 1, 'Sianng', 60.00, 50.00, 2, '2026-05-02 07:18:10', '2026-05-02 07:18:10', NULL);
INSERT INTO `tpemakaian_barang` VALUES (6, '03', 3, 4, 59, 'PK260502003', '2026-05-02', '07:22:00', 26, 10.00, 5, 'pagi', 100.00, 90.00, 2, '2026-05-02 07:22:49', '2026-05-02 07:22:49', NULL);
INSERT INTO `tpemakaian_barang` VALUES (6, '01', 6, NULL, 60, 'PK260502004', '2026-05-02', '07:23:00', 26, 10.00, 1, 'pagi', 90.00, 80.00, 2, '2026-05-02 07:23:34', '2026-05-02 07:23:34', NULL);
INSERT INTO `tpemakaian_barang` VALUES (22, '01', 3, NULL, 62, 'PK260502005', '2026-05-02', '07:23:00', 26, 10.00, 1, 'pagi', 70.00, 60.00, 2, '2026-05-02 07:24:09', '2026-05-02 07:24:09', NULL);
INSERT INTO `tpemakaian_barang` VALUES (1, NULL, NULL, NULL, 64, 'PK2026020701', '2026-02-07', '08:00:00', 36, 100.00, 1, 'Pakan pagi', NULL, NULL, 1, '2026-05-23 21:17:28', '2026-05-23 21:17:28', NULL);
INSERT INTO `tpemakaian_barang` VALUES (1, NULL, NULL, NULL, 65, 'PK2026022202', '2026-02-22', '08:00:00', 36, 150.00, 1, 'Pakan pagi', NULL, NULL, 1, '2026-05-23 21:17:28', '2026-05-23 21:17:28', NULL);
INSERT INTO `tpemakaian_barang` VALUES (1, NULL, NULL, NULL, 66, 'PK2026030903', '2026-03-09', '08:00:00', 36, 200.00, 1, 'Pakan pagi', NULL, NULL, 1, '2026-05-23 21:17:28', '2026-05-23 21:17:28', NULL);
INSERT INTO `tpemakaian_barang` VALUES (1, NULL, NULL, NULL, 67, 'PK2026032404', '2026-03-24', '08:00:00', 37, 250.00, 1, 'Pakan pagi', NULL, NULL, 1, '2026-05-23 21:17:28', '2026-05-23 21:17:28', NULL);
INSERT INTO `tpemakaian_barang` VALUES (1, NULL, NULL, NULL, 68, 'PK2026040805', '2026-04-08', '08:00:00', 37, 200.00, 1, 'Pakan pagi', NULL, NULL, 1, '2026-05-23 21:17:28', '2026-05-23 21:17:28', NULL);
INSERT INTO `tpemakaian_barang` VALUES (1, NULL, NULL, NULL, 69, 'PK2026042306', '2026-04-23', '08:00:00', 38, 150.00, 1, 'Pakan pagi', NULL, NULL, 1, '2026-05-23 21:17:28', '2026-05-23 21:17:28', NULL);
INSERT INTO `tpemakaian_barang` VALUES (2, NULL, NULL, NULL, 70, 'PK2026021701', '2026-02-17', '08:00:00', 36, 100.00, 1, 'Pakan pagi', NULL, NULL, 1, '2026-05-23 21:17:28', '2026-05-23 21:17:28', NULL);
INSERT INTO `tpemakaian_barang` VALUES (2, NULL, NULL, NULL, 71, 'PK2026030402', '2026-03-04', '08:00:00', 36, 150.00, 1, 'Pakan pagi', NULL, NULL, 1, '2026-05-23 21:17:28', '2026-05-23 21:17:28', NULL);
INSERT INTO `tpemakaian_barang` VALUES (2, NULL, NULL, NULL, 72, 'PK2026031903', '2026-03-19', '08:00:00', 36, 200.00, 1, 'Pakan pagi', NULL, NULL, 1, '2026-05-23 21:17:28', '2026-05-23 21:17:28', NULL);
INSERT INTO `tpemakaian_barang` VALUES (2, NULL, NULL, NULL, 73, 'PK2026040304', '2026-04-03', '08:00:00', 37, 250.00, 1, 'Pakan pagi', NULL, NULL, 1, '2026-05-23 21:17:28', '2026-05-23 21:17:28', NULL);
INSERT INTO `tpemakaian_barang` VALUES (2, NULL, NULL, NULL, 74, 'PK2026041805', '2026-04-18', '08:00:00', 37, 200.00, 1, 'Pakan pagi', NULL, NULL, 1, '2026-05-23 21:17:28', '2026-05-23 21:17:28', NULL);
INSERT INTO `tpemakaian_barang` VALUES (2, NULL, NULL, NULL, 75, 'PK2026050306', '2026-05-03', '08:00:00', 38, 150.00, 1, 'Pakan pagi', NULL, NULL, 1, '2026-05-23 21:17:28', '2026-05-23 21:17:28', NULL);
INSERT INTO `tpemakaian_barang` VALUES (3, NULL, NULL, NULL, 76, 'PK2026022701', '2026-02-27', '08:00:00', 36, 100.00, 1, 'Pakan pagi', NULL, NULL, 1, '2026-05-23 21:17:28', '2026-05-23 21:17:28', NULL);
INSERT INTO `tpemakaian_barang` VALUES (3, NULL, NULL, NULL, 77, 'PK2026031402', '2026-03-14', '08:00:00', 36, 150.00, 1, 'Pakan pagi', NULL, NULL, 1, '2026-05-23 21:17:28', '2026-05-23 21:17:28', NULL);
INSERT INTO `tpemakaian_barang` VALUES (3, NULL, NULL, NULL, 78, 'PK2026032903', '2026-03-29', '08:00:00', 36, 200.00, 1, 'Pakan pagi', NULL, NULL, 1, '2026-05-23 21:17:28', '2026-05-23 21:17:28', NULL);
INSERT INTO `tpemakaian_barang` VALUES (3, NULL, NULL, NULL, 79, 'PK2026041304', '2026-04-13', '08:00:00', 37, 250.00, 1, 'Pakan pagi', NULL, NULL, 1, '2026-05-23 21:17:28', '2026-05-23 21:17:28', NULL);
INSERT INTO `tpemakaian_barang` VALUES (3, NULL, NULL, NULL, 80, 'PK2026042805', '2026-04-28', '08:00:00', 37, 200.00, 1, 'Pakan pagi', NULL, NULL, 1, '2026-05-23 21:17:28', '2026-05-23 21:17:28', NULL);
INSERT INTO `tpemakaian_barang` VALUES (3, NULL, NULL, NULL, 81, 'PK2026051306', '2026-05-13', '08:00:00', 38, 150.00, 1, 'Pakan pagi', NULL, NULL, 1, '2026-05-23 21:17:28', '2026-05-23 21:17:28', NULL);
INSERT INTO `tpemakaian_barang` VALUES (4, NULL, NULL, NULL, 82, 'PK2026030901', '2026-03-09', '08:00:00', 36, 100.00, 1, 'Pakan pagi', NULL, NULL, 1, '2026-05-23 21:17:29', '2026-05-23 21:17:29', NULL);
INSERT INTO `tpemakaian_barang` VALUES (4, NULL, NULL, NULL, 83, 'PK2026032402', '2026-03-24', '08:00:00', 36, 150.00, 1, 'Pakan pagi', NULL, NULL, 1, '2026-05-23 21:17:29', '2026-05-23 21:17:29', NULL);
INSERT INTO `tpemakaian_barang` VALUES (4, NULL, NULL, NULL, 84, 'PK2026040803', '2026-04-08', '08:00:00', 36, 200.00, 1, 'Pakan pagi', NULL, NULL, 1, '2026-05-23 21:17:29', '2026-05-23 21:17:29', NULL);
INSERT INTO `tpemakaian_barang` VALUES (4, NULL, NULL, NULL, 85, 'PK2026042304', '2026-04-23', '08:00:00', 37, 250.00, 1, 'Pakan pagi', NULL, NULL, 1, '2026-05-23 21:17:29', '2026-05-23 21:17:29', NULL);
INSERT INTO `tpemakaian_barang` VALUES (4, NULL, NULL, NULL, 86, 'PK2026050805', '2026-05-08', '08:00:00', 37, 200.00, 1, 'Pakan pagi', NULL, NULL, 1, '2026-05-23 21:17:29', '2026-05-23 21:17:29', NULL);
INSERT INTO `tpemakaian_barang` VALUES (4, NULL, NULL, NULL, 87, 'PK2026052306', '2026-05-23', '08:00:00', 38, 150.00, 1, 'Pakan pagi', NULL, NULL, 1, '2026-05-23 21:17:29', '2026-05-23 21:17:29', NULL);
INSERT INTO `tpemakaian_barang` VALUES (5, NULL, NULL, NULL, 88, 'PK2026031901', '2026-03-19', '08:00:00', 36, 100.00, 1, 'Pakan pagi', NULL, NULL, 1, '2026-05-23 21:17:29', '2026-05-23 21:17:29', NULL);
INSERT INTO `tpemakaian_barang` VALUES (5, NULL, NULL, NULL, 89, 'PK2026040302', '2026-04-03', '08:00:00', 36, 150.00, 1, 'Pakan pagi', NULL, NULL, 1, '2026-05-23 21:17:29', '2026-05-23 21:17:29', NULL);
INSERT INTO `tpemakaian_barang` VALUES (5, NULL, NULL, NULL, 90, 'PK2026041803', '2026-04-18', '08:00:00', 36, 200.00, 1, 'Pakan pagi', NULL, NULL, 1, '2026-05-23 21:17:29', '2026-05-23 21:17:29', NULL);
INSERT INTO `tpemakaian_barang` VALUES (5, NULL, NULL, NULL, 91, 'PK2026050304', '2026-05-03', '08:00:00', 37, 250.00, 1, 'Pakan pagi', NULL, NULL, 1, '2026-05-23 21:17:29', '2026-05-23 21:17:29', NULL);
INSERT INTO `tpemakaian_barang` VALUES (5, NULL, NULL, NULL, 92, 'PK2026051805', '2026-05-18', '08:00:00', 37, 200.00, 1, 'Pakan pagi', NULL, NULL, 1, '2026-05-23 21:17:29', '2026-05-23 21:17:29', NULL);
INSERT INTO `tpemakaian_barang` VALUES (5, NULL, NULL, NULL, 93, 'PK2026060206', '2026-06-02', '08:00:00', 38, 150.00, 1, 'Pakan pagi', NULL, NULL, 1, '2026-05-23 21:17:29', '2026-05-23 21:17:29', NULL);
INSERT INTO `tpemakaian_barang` VALUES (6, NULL, NULL, NULL, 94, 'PK2026032901', '2026-03-29', '08:00:00', 36, 100.00, 1, 'Pakan pagi', NULL, NULL, 1, '2026-05-23 21:17:29', '2026-05-23 21:17:29', NULL);
INSERT INTO `tpemakaian_barang` VALUES (6, NULL, NULL, NULL, 95, 'PK2026041302', '2026-04-13', '08:00:00', 36, 150.00, 1, 'Pakan pagi', NULL, NULL, 1, '2026-05-23 21:17:29', '2026-05-23 21:17:29', NULL);
INSERT INTO `tpemakaian_barang` VALUES (6, NULL, NULL, NULL, 96, 'PK2026042803', '2026-04-28', '08:00:00', 36, 200.00, 1, 'Pakan pagi', NULL, NULL, 1, '2026-05-23 21:17:29', '2026-05-23 21:17:29', NULL);
INSERT INTO `tpemakaian_barang` VALUES (6, NULL, NULL, NULL, 97, 'PK2026051304', '2026-05-13', '08:00:00', 37, 250.00, 1, 'Pakan pagi', NULL, NULL, 1, '2026-05-23 21:17:29', '2026-05-23 21:17:29', NULL);
INSERT INTO `tpemakaian_barang` VALUES (6, NULL, NULL, NULL, 98, 'PK2026052805', '2026-05-28', '08:00:00', 37, 200.00, 1, 'Pakan pagi', NULL, NULL, 1, '2026-05-23 21:17:29', '2026-05-23 21:17:29', NULL);
INSERT INTO `tpemakaian_barang` VALUES (6, NULL, NULL, NULL, 99, 'PK2026061206', '2026-06-12', '08:00:00', 38, 150.00, 1, 'Pakan pagi', NULL, NULL, 1, '2026-05-23 21:17:29', '2026-05-23 21:17:29', NULL);
INSERT INTO `tpemakaian_barang` VALUES (7, NULL, NULL, NULL, 100, 'PK2026040801', '2026-04-08', '08:00:00', 36, 100.00, 1, 'Pakan pagi', NULL, NULL, 1, '2026-05-23 21:17:29', '2026-05-23 21:17:29', NULL);
INSERT INTO `tpemakaian_barang` VALUES (7, NULL, NULL, NULL, 101, 'PK2026042302', '2026-04-23', '08:00:00', 36, 150.00, 1, 'Pakan pagi', NULL, NULL, 1, '2026-05-23 21:17:29', '2026-05-23 21:17:29', NULL);
INSERT INTO `tpemakaian_barang` VALUES (7, NULL, NULL, NULL, 102, 'PK2026050803', '2026-05-08', '08:00:00', 36, 200.00, 1, 'Pakan pagi', NULL, NULL, 1, '2026-05-23 21:17:29', '2026-05-23 21:17:29', NULL);
INSERT INTO `tpemakaian_barang` VALUES (7, NULL, NULL, NULL, 103, 'PK2026052304', '2026-05-23', '08:00:00', 37, 250.00, 1, 'Pakan pagi', NULL, NULL, 1, '2026-05-23 21:17:29', '2026-05-23 21:17:29', NULL);
INSERT INTO `tpemakaian_barang` VALUES (7, NULL, NULL, NULL, 104, 'PK2026060705', '2026-06-07', '08:00:00', 37, 200.00, 1, 'Pakan pagi', NULL, NULL, 1, '2026-05-23 21:17:29', '2026-05-23 21:17:29', NULL);
INSERT INTO `tpemakaian_barang` VALUES (7, NULL, NULL, NULL, 105, 'PK2026062206', '2026-06-22', '08:00:00', 38, 150.00, 1, 'Pakan pagi', NULL, NULL, 1, '2026-05-23 21:17:29', '2026-05-23 21:17:29', NULL);
INSERT INTO `tpemakaian_barang` VALUES (8, NULL, NULL, NULL, 106, 'PK2026041801', '2026-04-18', '08:00:00', 36, 100.00, 1, 'Pakan pagi', NULL, NULL, 1, '2026-05-23 21:17:29', '2026-05-23 21:17:29', NULL);
INSERT INTO `tpemakaian_barang` VALUES (8, NULL, NULL, NULL, 107, 'PK2026050302', '2026-05-03', '08:00:00', 36, 150.00, 1, 'Pakan pagi', NULL, NULL, 1, '2026-05-23 21:17:29', '2026-05-23 21:17:29', NULL);
INSERT INTO `tpemakaian_barang` VALUES (8, NULL, NULL, NULL, 108, 'PK2026051803', '2026-05-18', '08:00:00', 36, 200.00, 1, 'Pakan pagi', NULL, NULL, 1, '2026-05-23 21:17:29', '2026-05-23 21:17:29', NULL);
INSERT INTO `tpemakaian_barang` VALUES (8, NULL, NULL, NULL, 109, 'PK2026060204', '2026-06-02', '08:00:00', 37, 250.00, 1, 'Pakan pagi', NULL, NULL, 1, '2026-05-23 21:17:29', '2026-05-23 21:17:29', NULL);
INSERT INTO `tpemakaian_barang` VALUES (8, NULL, NULL, NULL, 110, 'PK2026061705', '2026-06-17', '08:00:00', 37, 200.00, 1, 'Pakan pagi', NULL, NULL, 1, '2026-05-23 21:17:29', '2026-05-23 21:17:29', NULL);
INSERT INTO `tpemakaian_barang` VALUES (8, NULL, NULL, NULL, 111, 'PK2026070206', '2026-07-02', '08:00:00', 38, 150.00, 1, 'Pakan pagi', NULL, NULL, 1, '2026-05-23 21:17:29', '2026-05-23 21:17:29', NULL);
INSERT INTO `tpemakaian_barang` VALUES (9, NULL, NULL, NULL, 112, 'PK2026042801', '2026-04-28', '08:00:00', 36, 100.00, 1, 'Pakan pagi', NULL, NULL, 1, '2026-05-23 21:17:29', '2026-05-23 21:17:29', NULL);
INSERT INTO `tpemakaian_barang` VALUES (9, NULL, NULL, NULL, 113, 'PK2026051302', '2026-05-13', '08:00:00', 36, 150.00, 1, 'Pakan pagi', NULL, NULL, 1, '2026-05-23 21:17:29', '2026-05-23 21:17:29', NULL);
INSERT INTO `tpemakaian_barang` VALUES (9, NULL, NULL, NULL, 114, 'PK2026052803', '2026-05-28', '08:00:00', 36, 200.00, 1, 'Pakan pagi', NULL, NULL, 1, '2026-05-23 21:17:29', '2026-05-23 21:17:29', NULL);
INSERT INTO `tpemakaian_barang` VALUES (9, NULL, NULL, NULL, 115, 'PK2026061204', '2026-06-12', '08:00:00', 37, 250.00, 1, 'Pakan pagi', NULL, NULL, 1, '2026-05-23 21:17:29', '2026-05-23 21:17:29', NULL);
INSERT INTO `tpemakaian_barang` VALUES (9, NULL, NULL, NULL, 116, 'PK2026062705', '2026-06-27', '08:00:00', 37, 200.00, 1, 'Pakan pagi', NULL, NULL, 1, '2026-05-23 21:17:29', '2026-05-23 21:17:29', NULL);
INSERT INTO `tpemakaian_barang` VALUES (9, NULL, NULL, NULL, 117, 'PK2026071206', '2026-07-12', '08:00:00', 38, 150.00, 1, 'Pakan pagi', NULL, NULL, 1, '2026-05-23 21:17:29', '2026-05-23 21:17:29', NULL);
INSERT INTO `tpemakaian_barang` VALUES (10, NULL, NULL, NULL, 118, 'PK2026050801', '2026-05-08', '08:00:00', 36, 100.00, 1, 'Pakan pagi', NULL, NULL, 1, '2026-05-23 21:17:29', '2026-05-23 21:17:29', NULL);
INSERT INTO `tpemakaian_barang` VALUES (10, NULL, NULL, NULL, 119, 'PK2026052302', '2026-05-23', '08:00:00', 36, 150.00, 1, 'Pakan pagi', NULL, NULL, 1, '2026-05-23 21:17:29', '2026-05-23 21:17:29', NULL);
INSERT INTO `tpemakaian_barang` VALUES (10, NULL, NULL, NULL, 120, 'PK2026060703', '2026-06-07', '08:00:00', 36, 200.00, 1, 'Pakan pagi', NULL, NULL, 1, '2026-05-23 21:17:29', '2026-05-23 21:17:29', NULL);
INSERT INTO `tpemakaian_barang` VALUES (10, NULL, NULL, NULL, 121, 'PK2026062204', '2026-06-22', '08:00:00', 37, 250.00, 1, 'Pakan pagi', NULL, NULL, 1, '2026-05-23 21:17:29', '2026-05-23 21:17:29', NULL);
INSERT INTO `tpemakaian_barang` VALUES (10, NULL, NULL, NULL, 122, 'PK2026070705', '2026-07-07', '08:00:00', 37, 200.00, 1, 'Pakan pagi', NULL, NULL, 1, '2026-05-23 21:17:29', '2026-05-23 21:17:29', NULL);
INSERT INTO `tpemakaian_barang` VALUES (10, NULL, NULL, NULL, 123, 'PK2026072206', '2026-07-22', '08:00:00', 38, 150.00, 1, 'Pakan pagi', NULL, NULL, 1, '2026-05-23 21:17:29', '2026-05-23 21:17:29', NULL);

-- ----------------------------
-- Table structure for tpembelian
-- ----------------------------
CREATE TABLE `tpembelian`  (
  `id` bigint UNSIGNED NOT NULL AUTO_INCREMENT,
  `no_bukti` varchar(255) CHARACTER SET utf8mb4 COLLATE utf8mb4_unicode_ci NULL DEFAULT NULL,
  `tanggal_pembelian` date NULL DEFAULT NULL,
  `lokasi_id` bigint UNSIGNED NULL DEFAULT NULL,
  `supplier_id` bigint UNSIGNED NULL DEFAULT NULL,
  `barang_id` bigint UNSIGNED NULL DEFAULT NULL,
  `stok_sebelumnya` decimal(10, 2) NOT NULL DEFAULT 0.00,
  `qty_setelah_pembelian` decimal(10, 2) NOT NULL DEFAULT 0.00,
  `qty` int NULL DEFAULT NULL,
  `harga_satuan` double NULL DEFAULT NULL,
  `total` double NULL DEFAULT NULL,
  `keterangan` text CHARACTER SET utf8mb4 COLLATE utf8mb4_unicode_ci NULL,
  `grand_total_qty` double NOT NULL DEFAULT 0,
  `grand_total_harga` double NOT NULL DEFAULT 0,
  `created_by` bigint UNSIGNED NULL DEFAULT NULL,
  `created_at` timestamp NULL DEFAULT NULL,
  `updated_at` timestamp NULL DEFAULT NULL,
  `deleted_at` timestamp NULL DEFAULT NULL,
  PRIMARY KEY (`id`) USING BTREE,
  UNIQUE INDEX `tpembelian_no_bukti_lokasi_unique`(`no_bukti` ASC, `lokasi_id` ASC) USING BTREE,
  INDEX `tpembelian_no_bukti_index`(`no_bukti` ASC) USING BTREE,
  INDEX `tpembelian_tanggal_pembelian_index`(`tanggal_pembelian` ASC) USING BTREE,
  INDEX `tpembelian_supplier_id_index`(`supplier_id` ASC) USING BTREE,
  INDEX `tpembelian_created_by_foreign`(`created_by` ASC) USING BTREE,
  INDEX `tpembelian_lokasi_id_index`(`lokasi_id` ASC) USING BTREE,
  INDEX `tpembelian_barang_id_foreign`(`barang_id` ASC) USING BTREE,
  CONSTRAINT `tpembelian_barang_id_foreign` FOREIGN KEY (`barang_id`) REFERENCES `tbarang` (`id`) ON DELETE SET NULL ON UPDATE RESTRICT,
  CONSTRAINT `tpembelian_created_by_foreign` FOREIGN KEY (`created_by`) REFERENCES `users` (`id`) ON DELETE SET NULL ON UPDATE RESTRICT,
  CONSTRAINT `tpembelian_lokasi_id_foreign` FOREIGN KEY (`lokasi_id`) REFERENCES `tlokasi` (`id`) ON DELETE SET NULL ON UPDATE RESTRICT,
  CONSTRAINT `tpembelian_supplier_id_foreign` FOREIGN KEY (`supplier_id`) REFERENCES `tsupplier` (`id`) ON DELETE SET NULL ON UPDATE RESTRICT
) ENGINE = InnoDB AUTO_INCREMENT = 6 CHARACTER SET = utf8mb4 COLLATE = utf8mb4_unicode_ci ROW_FORMAT = Dynamic;

-- ----------------------------
-- Records of tpembelian
-- ----------------------------
INSERT INTO `tpembelian` VALUES (1, 'LPB260506001', '2026-05-06', 1, 2, 1, 2510.00, 2520.00, 10, 100000, 1000000, NULL, 20, 1200000, 2, '2026-05-06 19:48:40', '2026-05-06 19:48:40', NULL);
INSERT INTO `tpembelian` VALUES (2, 'LPB260506001', '2026-05-06', 2, 2, 2, 1220.00, 1230.00, 10, 20000, 200000, NULL, 20, 1200000, 2, '2026-05-06 19:48:40', '2026-05-06 19:48:40', NULL);
INSERT INTO `tpembelian` VALUES (3, 'LPB260506002', '2026-05-06', 5, 3, 1, 2520.00, 2620.00, 100, 1000, 100000, NULL, 300, 1200000, 2, '2026-05-06 19:49:44', '2026-05-06 19:49:44', NULL);
INSERT INTO `tpembelian` VALUES (4, 'LPB260506002', '2026-05-06', 6, 3, 7, 750.00, 850.00, 100, 1000, 100000, NULL, 300, 1200000, 2, '2026-05-06 19:49:44', '2026-05-06 19:49:44', NULL);
INSERT INTO `tpembelian` VALUES (5, 'LPB260506002', '2026-05-06', 7, 3, 7, 850.00, 950.00, 100, 10000, 1000000, NULL, 300, 1200000, 2, '2026-05-06 19:49:44', '2026-05-06 19:49:44', NULL);

-- ----------------------------
-- Table structure for tperusahaan
-- ----------------------------
CREATE TABLE `tperusahaan`  (
  `id` bigint UNSIGNED NOT NULL AUTO_INCREMENT,
  `nama` varchar(255) CHARACTER SET utf8mb4 COLLATE utf8mb4_unicode_ci NOT NULL,
  `alamat` text CHARACTER SET utf8mb4 COLLATE utf8mb4_unicode_ci NULL,
  `telepon` varchar(255) CHARACTER SET utf8mb4 COLLATE utf8mb4_unicode_ci NULL DEFAULT NULL,
  `email` varchar(255) CHARACTER SET utf8mb4 COLLATE utf8mb4_unicode_ci NULL DEFAULT NULL,
  `npwp` varchar(255) CHARACTER SET utf8mb4 COLLATE utf8mb4_unicode_ci NULL DEFAULT NULL,
  `logo` varchar(255) CHARACTER SET utf8mb4 COLLATE utf8mb4_unicode_ci NULL DEFAULT NULL,
  `created_at` timestamp NULL DEFAULT NULL,
  `updated_at` timestamp NULL DEFAULT NULL,
  PRIMARY KEY (`id`) USING BTREE
) ENGINE = InnoDB AUTO_INCREMENT = 2 CHARACTER SET = utf8mb4 COLLATE = utf8mb4_unicode_ci ROW_FORMAT = DYNAMIC;

-- ----------------------------
-- Records of tperusahaan
-- ----------------------------
INSERT INTO `tperusahaan` VALUES (1, 'PT TAMBAK MAJU', 'Jl. Tambak No. 1', '021-12345678', 'info@tambakmaju.com', NULL, NULL, NULL, NULL);

-- ----------------------------
-- Table structure for tpiutang
-- ----------------------------
CREATE TABLE `tpiutang`  (
  `id` bigint UNSIGNED NOT NULL AUTO_INCREMENT,
  `no_bukti` varchar(255) CHARACTER SET utf8mb4 COLLATE utf8mb4_unicode_ci NOT NULL,
  `tanggal` date NOT NULL,
  `customer_id` bigint UNSIGNED NOT NULL,
  `ledger_id` bigint UNSIGNED NULL DEFAULT NULL,
  `keterangan` text CHARACTER SET utf8mb4 COLLATE utf8mb4_unicode_ci NULL,
  `alasan_hapus` text CHARACTER SET utf8mb4 COLLATE utf8mb4_unicode_ci NULL,
  `created_at` timestamp NULL DEFAULT NULL,
  `updated_at` timestamp NULL DEFAULT NULL,
  `deleted_at` timestamp NULL DEFAULT NULL,
  `deleted_by` bigint UNSIGNED NULL DEFAULT NULL,
  PRIMARY KEY (`id`) USING BTREE,
  UNIQUE INDEX `tpiutang_no_bukti_unique`(`no_bukti` ASC) USING BTREE,
  INDEX `tpiutang_customer_id_foreign`(`customer_id` ASC) USING BTREE,
  INDEX `tpiutang_ledger_id_foreign`(`ledger_id` ASC) USING BTREE,
  CONSTRAINT `tpiutang_customer_id_foreign` FOREIGN KEY (`customer_id`) REFERENCES `tcustomer` (`id`) ON DELETE RESTRICT ON UPDATE RESTRICT,
  CONSTRAINT `tpiutang_ledger_id_foreign` FOREIGN KEY (`ledger_id`) REFERENCES `tledger` (`id`) ON DELETE SET NULL ON UPDATE RESTRICT
) ENGINE = InnoDB AUTO_INCREMENT = 167 CHARACTER SET = utf8mb4 COLLATE = utf8mb4_unicode_ci ROW_FORMAT = Dynamic;

-- ----------------------------
-- Records of tpiutang
-- ----------------------------
INSERT INTO `tpiutang` VALUES (163, 'PIU/2605/0001', '2026-05-16', 2, 7, '-', NULL, '2026-05-16 18:26:00', '2026-05-16 18:26:00', NULL, NULL);
INSERT INTO `tpiutang` VALUES (164, 'PIU/2605/0002', '2026-05-16', 2, 7, '-', NULL, '2026-05-16 18:26:29', '2026-05-16 18:26:29', NULL, NULL);
INSERT INTO `tpiutang` VALUES (165, 'PIU/2605/0003', '2026-05-16', 2, 7, '-', NULL, '2026-05-16 18:26:53', '2026-05-16 18:26:53', NULL, NULL);
INSERT INTO `tpiutang` VALUES (166, 'PIU/2605/0004', '2026-05-23', 2, 7, '-', NULL, '2026-05-23 21:40:31', '2026-05-23 21:40:31', NULL, NULL);

-- ----------------------------
-- Table structure for tpo
-- ----------------------------
CREATE TABLE `tpo`  (
  `id` bigint UNSIGNED NOT NULL AUTO_INCREMENT,
  `no_po` varchar(255) CHARACTER SET utf8mb4 COLLATE utf8mb4_unicode_ci NOT NULL,
  `tanggal` date NOT NULL,
  `kode_supplier` varchar(255) CHARACTER SET utf8mb4 COLLATE utf8mb4_unicode_ci NOT NULL,
  `term` int NOT NULL DEFAULT 0 COMMENT 'Payment term (days)',
  `keterangan` text CHARACTER SET utf8mb4 COLLATE utf8mb4_unicode_ci NULL,
  `total` decimal(15, 2) NOT NULL DEFAULT 0.00,
  `status` enum('draft','approved','partial','complete','cancelled') CHARACTER SET utf8mb4 COLLATE utf8mb4_unicode_ci NOT NULL DEFAULT 'draft',
  `created_by` bigint UNSIGNED NULL DEFAULT NULL,
  `created_at` timestamp NULL DEFAULT NULL,
  `updated_at` timestamp NULL DEFAULT NULL,
  PRIMARY KEY (`id`) USING BTREE,
  UNIQUE INDEX `tpo_no_po_unique`(`no_po` ASC) USING BTREE,
  INDEX `tpo_created_by_foreign`(`created_by` ASC) USING BTREE,
  INDEX `tpo_tanggal_index`(`tanggal` ASC) USING BTREE,
  INDEX `tpo_kode_supplier_index`(`kode_supplier` ASC) USING BTREE,
  CONSTRAINT `tpo_created_by_foreign` FOREIGN KEY (`created_by`) REFERENCES `users` (`id`) ON DELETE SET NULL ON UPDATE RESTRICT,
  CONSTRAINT `tpo_kode_supplier_foreign` FOREIGN KEY (`kode_supplier`) REFERENCES `tsupplier` (`kode`) ON DELETE RESTRICT ON UPDATE RESTRICT
) ENGINE = InnoDB CHARACTER SET = utf8mb4 COLLATE = utf8mb4_unicode_ci ROW_FORMAT = DYNAMIC;

-- ----------------------------
-- Records of tpo
-- ----------------------------

-- ----------------------------
-- Table structure for tsampling
-- ----------------------------
CREATE TABLE `tsampling`  (
  `id` bigint UNSIGNED NOT NULL AUTO_INCREMENT,
  `no_bukti` varchar(20) CHARACTER SET utf8mb4 COLLATE utf8mb4_unicode_ci NULL DEFAULT NULL COMMENT 'Nomor Bukti Sampling',
  `kolam` varchar(255) CHARACTER SET utf8mb4 COLLATE utf8mb4_unicode_ci NOT NULL,
  `tanggal` date NOT NULL,
  `doc` int NULL DEFAULT NULL COMMENT 'Days: Tgl Sampling - Tgl Tebar Benur',
  `total_berat` double NULL DEFAULT NULL,
  `qty_sampling` double NULL DEFAULT NULL,
  `mbw` double NULL DEFAULT NULL,
  `adg` double NULL DEFAULT NULL,
  `umur` int NULL DEFAULT NULL COMMENT 'Days since stocking',
  `qty_sample` int NULL DEFAULT NULL COMMENT 'Number of samples',
  `keterangan` text CHARACTER SET utf8mb4 COLLATE utf8mb4_unicode_ci NULL,
  `created_by` bigint UNSIGNED NULL DEFAULT NULL,
  `created_at` timestamp NULL DEFAULT NULL,
  `updated_at` timestamp NULL DEFAULT NULL,
  PRIMARY KEY (`id`) USING BTREE,
  UNIQUE INDEX `tsampling_no_bukti_kolam_unique`(`no_bukti` ASC, `kolam` ASC) USING BTREE,
  INDEX `tsampling_created_by_foreign`(`created_by` ASC) USING BTREE,
  INDEX `tsampling_kolam_index`(`kolam` ASC) USING BTREE,
  INDEX `tsampling_tanggal_index`(`tanggal` ASC) USING BTREE,
  CONSTRAINT `tsampling_created_by_foreign` FOREIGN KEY (`created_by`) REFERENCES `users` (`id`) ON DELETE SET NULL ON UPDATE RESTRICT,
  CONSTRAINT `tsampling_kolam_foreign` FOREIGN KEY (`kolam`) REFERENCES `tkolam` (`nama`) ON DELETE RESTRICT ON UPDATE RESTRICT
) ENGINE = InnoDB AUTO_INCREMENT = 58 CHARACTER SET = utf8mb4 COLLATE = utf8mb4_unicode_ci ROW_FORMAT = DYNAMIC;

-- ----------------------------
-- Records of tsampling
-- ----------------------------
INSERT INTO `tsampling` VALUES (22, 'SAM260503001', 'A03', '2026-05-03', 2, 10, 10, 1, NULL, NULL, NULL, 'test', 2, '2026-05-03 15:15:31', '2026-05-03 15:15:31');
INSERT INTO `tsampling` VALUES (23, 'SAM260503001', 'A06', '2026-05-03', 2, 10, 10, 1, NULL, NULL, NULL, 'test', 2, '2026-05-03 15:15:31', '2026-05-03 15:15:31');
INSERT INTO `tsampling` VALUES (24, 'SAM260503002', 'A03', '2026-05-03', 2, 10, 10, 1, NULL, NULL, NULL, NULL, 2, '2026-05-03 15:24:40', '2026-05-03 15:24:40');
INSERT INTO `tsampling` VALUES (25, 'SAM260503002', 'A06', '2026-05-03', 2, 10, 10, 1, NULL, NULL, NULL, NULL, 2, '2026-05-03 15:24:40', '2026-05-03 15:24:40');
INSERT INTO `tsampling` VALUES (26, 'SAM260503003', 'A02', '2026-05-03', 1, 10, 10, 1, NULL, NULL, NULL, NULL, 2, '2026-05-03 15:37:04', '2026-05-03 15:37:04');
INSERT INTO `tsampling` VALUES (27, 'SAM260503004', 'A02', '2026-05-03', 1, 10.2, 1.5, 6.8, NULL, NULL, NULL, NULL, 2, '2026-05-03 15:58:33', '2026-05-03 15:58:33');
INSERT INTO `tsampling` VALUES (28, 'SP20260222001', 'A01', '2026-02-22', -30, 500, 100, 5.2, 0.17, NULL, NULL, 'Sampling ke-1', 1, '2026-05-23 21:17:28', '2026-05-23 21:17:28');
INSERT INTO `tsampling` VALUES (29, 'SP20260324001', 'A01', '2026-03-24', -60, 500, 100, 12.8, 0.25, NULL, NULL, 'Sampling ke-2', 1, '2026-05-23 21:17:28', '2026-05-23 21:17:28');
INSERT INTO `tsampling` VALUES (30, 'SP20260423001', 'A01', '2026-04-23', -90, 500, 100, 18.5, 0.19, NULL, NULL, 'Sampling ke-3', 1, '2026-05-23 21:17:28', '2026-05-23 21:17:28');
INSERT INTO `tsampling` VALUES (31, 'SP20260304002', 'A02', '2026-03-04', -30, 500, 100, 5.2, 0.17, NULL, NULL, 'Sampling ke-1', 1, '2026-05-23 21:17:28', '2026-05-23 21:17:28');
INSERT INTO `tsampling` VALUES (32, 'SP20260403002', 'A02', '2026-04-03', -60, 500, 100, 12.8, 0.25, NULL, NULL, 'Sampling ke-2', 1, '2026-05-23 21:17:28', '2026-05-23 21:17:28');
INSERT INTO `tsampling` VALUES (33, 'SP20260503002', 'A02', '2026-05-03', -90, 500, 100, 18.5, 0.19, NULL, NULL, 'Sampling ke-3', 1, '2026-05-23 21:17:28', '2026-05-23 21:17:28');
INSERT INTO `tsampling` VALUES (34, 'SP20260314003', 'A03', '2026-03-14', -30, 500, 100, 5.2, 0.17, NULL, NULL, 'Sampling ke-1', 1, '2026-05-23 21:17:28', '2026-05-23 21:17:28');
INSERT INTO `tsampling` VALUES (35, 'SP20260413003', 'A03', '2026-04-13', -60, 500, 100, 12.8, 0.25, NULL, NULL, 'Sampling ke-2', 1, '2026-05-23 21:17:28', '2026-05-23 21:17:28');
INSERT INTO `tsampling` VALUES (36, 'SP20260513003', 'A03', '2026-05-13', -90, 500, 100, 18.5, 0.19, NULL, NULL, 'Sampling ke-3', 1, '2026-05-23 21:17:28', '2026-05-23 21:17:28');
INSERT INTO `tsampling` VALUES (37, 'SP20260324004', 'A04', '2026-03-24', -30, 500, 100, 5.2, 0.17, NULL, NULL, 'Sampling ke-1', 1, '2026-05-23 21:17:28', '2026-05-23 21:17:28');
INSERT INTO `tsampling` VALUES (38, 'SP20260423004', 'A04', '2026-04-23', -60, 500, 100, 12.8, 0.25, NULL, NULL, 'Sampling ke-2', 1, '2026-05-23 21:17:28', '2026-05-23 21:17:28');
INSERT INTO `tsampling` VALUES (39, 'SP20260523004', 'A04', '2026-05-23', -90, 500, 100, 18.5, 0.19, NULL, NULL, 'Sampling ke-3', 1, '2026-05-23 21:17:28', '2026-05-23 21:17:28');
INSERT INTO `tsampling` VALUES (40, 'SP20260403005', 'A05', '2026-04-03', -30, 500, 100, 5.2, 0.17, NULL, NULL, 'Sampling ke-1', 1, '2026-05-23 21:17:29', '2026-05-23 21:17:29');
INSERT INTO `tsampling` VALUES (41, 'SP20260503005', 'A05', '2026-05-03', -60, 500, 100, 12.8, 0.25, NULL, NULL, 'Sampling ke-2', 1, '2026-05-23 21:17:29', '2026-05-23 21:17:29');
INSERT INTO `tsampling` VALUES (42, 'SP20260602005', 'A05', '2026-06-02', -90, 500, 100, 18.5, 0.19, NULL, NULL, 'Sampling ke-3', 1, '2026-05-23 21:17:29', '2026-05-23 21:17:29');
INSERT INTO `tsampling` VALUES (43, 'SP20260413006', 'A06', '2026-04-13', -30, 500, 100, 5.2, 0.17, NULL, NULL, 'Sampling ke-1', 1, '2026-05-23 21:17:29', '2026-05-23 21:17:29');
INSERT INTO `tsampling` VALUES (44, 'SP20260513006', 'A06', '2026-05-13', -60, 500, 100, 12.8, 0.25, NULL, NULL, 'Sampling ke-2', 1, '2026-05-23 21:17:29', '2026-05-23 21:17:29');
INSERT INTO `tsampling` VALUES (45, 'SP20260612006', 'A06', '2026-06-12', -90, 500, 100, 18.5, 0.19, NULL, NULL, 'Sampling ke-3', 1, '2026-05-23 21:17:29', '2026-05-23 21:17:29');
INSERT INTO `tsampling` VALUES (46, 'SP20260423007', 'A07', '2026-04-23', -30, 500, 100, 5.2, 0.17, NULL, NULL, 'Sampling ke-1', 1, '2026-05-23 21:17:29', '2026-05-23 21:17:29');
INSERT INTO `tsampling` VALUES (47, 'SP20260523007', 'A07', '2026-05-23', -60, 500, 100, 12.8, 0.25, NULL, NULL, 'Sampling ke-2', 1, '2026-05-23 21:17:29', '2026-05-23 21:17:29');
INSERT INTO `tsampling` VALUES (48, 'SP20260622007', 'A07', '2026-06-22', -90, 500, 100, 18.5, 0.19, NULL, NULL, 'Sampling ke-3', 1, '2026-05-23 21:17:29', '2026-05-23 21:17:29');
INSERT INTO `tsampling` VALUES (49, 'SP20260503008', 'A08', '2026-05-03', -30, 500, 100, 5.2, 0.17, NULL, NULL, 'Sampling ke-1', 1, '2026-05-23 21:17:29', '2026-05-23 21:17:29');
INSERT INTO `tsampling` VALUES (50, 'SP20260602008', 'A08', '2026-06-02', -60, 500, 100, 12.8, 0.25, NULL, NULL, 'Sampling ke-2', 1, '2026-05-23 21:17:29', '2026-05-23 21:17:29');
INSERT INTO `tsampling` VALUES (51, 'SP20260702008', 'A08', '2026-07-02', -90, 500, 100, 18.5, 0.19, NULL, NULL, 'Sampling ke-3', 1, '2026-05-23 21:17:29', '2026-05-23 21:17:29');
INSERT INTO `tsampling` VALUES (52, 'SP20260513009', 'A09', '2026-05-13', -30, 500, 100, 5.2, 0.17, NULL, NULL, 'Sampling ke-1', 1, '2026-05-23 21:17:29', '2026-05-23 21:17:29');
INSERT INTO `tsampling` VALUES (53, 'SP20260612009', 'A09', '2026-06-12', -60, 500, 100, 12.8, 0.25, NULL, NULL, 'Sampling ke-2', 1, '2026-05-23 21:17:29', '2026-05-23 21:17:29');
INSERT INTO `tsampling` VALUES (54, 'SP20260712009', 'A09', '2026-07-12', -90, 500, 100, 18.5, 0.19, NULL, NULL, 'Sampling ke-3', 1, '2026-05-23 21:17:29', '2026-05-23 21:17:29');
INSERT INTO `tsampling` VALUES (55, 'SP20260523010', 'A10', '2026-05-23', -30, 500, 100, 5.2, 0.17, NULL, NULL, 'Sampling ke-1', 1, '2026-05-23 21:17:29', '2026-05-23 21:17:29');
INSERT INTO `tsampling` VALUES (56, 'SP20260622010', 'A10', '2026-06-22', -60, 500, 100, 12.8, 0.25, NULL, NULL, 'Sampling ke-2', 1, '2026-05-23 21:17:29', '2026-05-23 21:17:29');
INSERT INTO `tsampling` VALUES (57, 'SP20260722010', 'A10', '2026-07-22', -90, 500, 100, 18.5, 0.19, NULL, NULL, 'Sampling ke-3', 1, '2026-05-23 21:17:29', '2026-05-23 21:17:29');

-- ----------------------------
-- Table structure for tsatuan
-- ----------------------------
CREATE TABLE `tsatuan`  (
  `id` bigint UNSIGNED NOT NULL AUTO_INCREMENT,
  `nama` varchar(255) CHARACTER SET utf8mb4 COLLATE utf8mb4_unicode_ci NOT NULL,
  `keterangan` varchar(255) CHARACTER SET utf8mb4 COLLATE utf8mb4_unicode_ci NULL DEFAULT NULL,
  `created_at` timestamp NULL DEFAULT NULL,
  `updated_at` timestamp NULL DEFAULT NULL,
  PRIMARY KEY (`id`) USING BTREE,
  UNIQUE INDEX `tsatuan_nama_unique`(`nama` ASC) USING BTREE
) ENGINE = InnoDB AUTO_INCREMENT = 12 CHARACTER SET = utf8mb4 COLLATE = utf8mb4_unicode_ci ROW_FORMAT = DYNAMIC;

-- ----------------------------
-- Records of tsatuan
-- ----------------------------
INSERT INTO `tsatuan` VALUES (1, 'KG', 'Kilogram', NULL, NULL);
INSERT INTO `tsatuan` VALUES (2, 'GR', 'Gram', NULL, NULL);
INSERT INTO `tsatuan` VALUES (3, 'M2', 'Meter Persegi', NULL, NULL);
INSERT INTO `tsatuan` VALUES (4, 'M3', 'Meter Kubik', NULL, NULL);
INSERT INTO `tsatuan` VALUES (5, 'PCS', 'Pieces', NULL, NULL);
INSERT INTO `tsatuan` VALUES (6, 'BOX', 'Box', NULL, NULL);
INSERT INTO `tsatuan` VALUES (7, 'KARUNG', 'Karung', NULL, NULL);
INSERT INTO `tsatuan` VALUES (8, 'TON', 'Ton', NULL, NULL);
INSERT INTO `tsatuan` VALUES (9, 'LITER', 'Liter', NULL, NULL);
INSERT INTO `tsatuan` VALUES (10, 'UNIT', 'Unit', NULL, NULL);
INSERT INTO `tsatuan` VALUES (11, 'EKOR', 'Ekor', '2026-05-23 20:56:49', '2026-05-23 20:56:49');

-- ----------------------------
-- Table structure for tsupplier
-- ----------------------------
CREATE TABLE `tsupplier`  (
  `id` bigint UNSIGNED NOT NULL AUTO_INCREMENT,
  `kode` varchar(255) CHARACTER SET utf8mb4 COLLATE utf8mb4_unicode_ci NOT NULL,
  `nama` varchar(255) CHARACTER SET utf8mb4 COLLATE utf8mb4_unicode_ci NOT NULL,
  `alamat` text CHARACTER SET utf8mb4 COLLATE utf8mb4_unicode_ci NULL,
  `telepon` varchar(255) CHARACTER SET utf8mb4 COLLATE utf8mb4_unicode_ci NULL DEFAULT NULL,
  `email` varchar(255) CHARACTER SET utf8mb4 COLLATE utf8mb4_unicode_ci NULL DEFAULT NULL,
  `kontak_person` varchar(255) CHARACTER SET utf8mb4 COLLATE utf8mb4_unicode_ci NULL DEFAULT NULL,
  `npwp` varchar(255) CHARACTER SET utf8mb4 COLLATE utf8mb4_unicode_ci NULL DEFAULT NULL,
  `nama_bank` varchar(255) CHARACTER SET utf8mb4 COLLATE utf8mb4_unicode_ci NULL DEFAULT NULL,
  `nomor_rekening` varchar(255) CHARACTER SET utf8mb4 COLLATE utf8mb4_unicode_ci NULL DEFAULT NULL,
  `atas_nama` varchar(255) CHARACTER SET utf8mb4 COLLATE utf8mb4_unicode_ci NULL DEFAULT NULL,
  `limit_hutang` decimal(15, 2) NOT NULL DEFAULT 0.00,
  `tenor` int NOT NULL DEFAULT 0 COMMENT 'hari',
  `is_active` tinyint(1) NOT NULL DEFAULT 1,
  `created_at` timestamp NULL DEFAULT NULL,
  `updated_at` timestamp NULL DEFAULT NULL,
  `deleted_at` timestamp NULL DEFAULT NULL,
  PRIMARY KEY (`id`) USING BTREE,
  UNIQUE INDEX `tsupplier_kode_unique`(`kode` ASC) USING BTREE
) ENGINE = InnoDB AUTO_INCREMENT = 12 CHARACTER SET = utf8mb4 COLLATE = utf8mb4_unicode_ci ROW_FORMAT = DYNAMIC;

-- ----------------------------
-- Records of tsupplier
-- ----------------------------
INSERT INTO `tsupplier` VALUES (1, 'SUP001', 'CV Pakan Udang Jaya', 'Jl. Pakan No. 1', '08123456789', NULL, 'Budi', NULL, 'Mandiri', '9876543210', 'CV Pakan Udang Jaya', 50000000.00, 30, 1, NULL, '2026-05-12 17:43:59', NULL);
INSERT INTO `tsupplier` VALUES (2, 'SUP002', 'PT Benur Berkah', 'Jl. Benur No. 2', '08198765432', NULL, 'Ahmad', NULL, 'Mandiri', '9876543210', 'PT Benur Berkah', 30000000.00, 14, 1, NULL, '2026-05-12 17:43:59', NULL);
INSERT INTO `tsupplier` VALUES (3, 'S00001', 'PT. INDOMAKMUR', 'Jl. Raya Bangka No. 123', '081234567890', 'info@indomakmur.co.id', 'Budi Santoso', '01.234.567.8-901.000', 'Mandiri', '9876543210', 'PT. INDOMAKMUR', 50000000.00, 30, 1, '2026-04-13 03:17:41', '2026-05-12 17:43:59', NULL);
INSERT INTO `tsupplier` VALUES (4, 'G00001', 'PT. GUNAWAN', 'Jl. Industri No. 45', '081234567891', 'sales@gunawan.com', 'H. Gunawan', '01.234.567.8-902.000', 'Mandiri', '9876543210', 'PT. GUNAWAN', 75000000.00, 45, 1, '2026-04-13 03:17:41', '2026-05-12 17:43:59', NULL);
INSERT INTO `tsupplier` VALUES (5, 'L00001', 'CV. LAMPUNG', 'Jl. Lampung No. 789', '081234567892', 'order@lampungcv.com', 'Sari', '01.234.567.8-903.000', 'Mandiri', '9876543210', 'CV. LAMPUNG', 30000000.00, 14, 1, '2026-04-13 03:17:41', '2026-05-12 17:43:59', NULL);
INSERT INTO `tsupplier` VALUES (6, 'P00001', 'PT. BABEL', 'Jl. Pangkalbalam No. 12', '081234567893', 'info@babel.co.id', 'Agus', '01.234.567.8-904.000', 'Mandiri', '9876543210', 'PT. BABEL', 100000000.00, 60, 1, '2026-04-13 03:17:41', '2026-05-12 17:43:59', NULL);
INSERT INTO `tsupplier` VALUES (7, 'P00002', 'UD. PRIMA', 'Jl. Prima No. 345', '081234567894', 'udprima@email.com', 'Dedi', '01.234.567.8-905.000', 'Mandiri', '9876543210', 'UD. PRIMA', 25000000.00, 30, 1, '2026-04-13 03:17:41', '2026-05-12 17:43:59', NULL);
INSERT INTO `tsupplier` VALUES (8, 'T00001', 'TOKO ASUI', 'Pasar Tradisional Blok A No. 5', '081234567895', NULL, 'Ibu Asui', NULL, 'Mandiri', '9876543210', 'TOKO ASUI', 10000000.00, 7, 1, '2026-04-13 03:17:41', '2026-05-12 17:43:59', NULL);
INSERT INTO `tsupplier` VALUES (9, 'T00002', 'TOKO TANI MAKMUR', 'Jl. Tani No. 56', '081234567896', 'tokotani@email.com', 'Pak Tani', NULL, 'Mandiri', '9876543210', 'TOKO TANI MAKMUR', 15000000.00, 14, 1, '2026-04-13 03:17:41', '2026-05-12 17:43:59', NULL);

-- ----------------------------
-- Table structure for ttebar
-- ----------------------------
CREATE TABLE `ttebar`  (
  `id` bigint UNSIGNED NOT NULL AUTO_INCREMENT,
  `no_bukti` varchar(255) CHARACTER SET utf8mb4 COLLATE utf8mb4_unicode_ci NOT NULL,
  `tanggal_tebar` date NOT NULL,
  `kolam_id` bigint UNSIGNED NOT NULL,
  `sumber_benih` varchar(255) CHARACTER SET utf8mb4 COLLATE utf8mb4_unicode_ci NULL DEFAULT NULL,
  `supplier_id` bigint UNSIGNED NULL DEFAULT NULL,
  `jml_bibit` int NOT NULL,
  `volume` double NULL DEFAULT NULL,
  `satuan_id` int NULL DEFAULT NULL,
  `total` double NULL DEFAULT NULL,
  `avg_berat` double NULL DEFAULT NULL,
  `harga_satuan` double NULL DEFAULT NULL,
  `keterangan` text CHARACTER SET utf8mb4 COLLATE utf8mb4_unicode_ci NULL,
  `grand_total_benih` double NOT NULL DEFAULT 0,
  `grand_total_harga` double NOT NULL DEFAULT 0,
  `created_by` bigint UNSIGNED NULL DEFAULT NULL,
  `created_at` timestamp NULL DEFAULT NULL,
  `updated_at` timestamp NULL DEFAULT NULL,
  `deleted_at` timestamp NULL DEFAULT NULL,
  PRIMARY KEY (`id`) USING BTREE,
  INDEX `ttebar_created_by_foreign`(`created_by` ASC) USING BTREE,
  INDEX `ttebar_tanggal_tebar_index`(`tanggal_tebar` ASC) USING BTREE,
  INDEX `ttebar_kolam_id_index`(`kolam_id` ASC) USING BTREE,
  INDEX `ttebar_supplier_id_index`(`supplier_id` ASC) USING BTREE,
  INDEX `ttebar_satuan_id_index`(`satuan_id` ASC) USING BTREE,
  CONSTRAINT `ttebar_ibfk_1` FOREIGN KEY (`created_by`) REFERENCES `users` (`id`) ON DELETE SET NULL ON UPDATE RESTRICT,
  CONSTRAINT `ttebar_ibfk_2` FOREIGN KEY (`kolam_id`) REFERENCES `tkolam` (`id`) ON DELETE CASCADE ON UPDATE RESTRICT,
  CONSTRAINT `ttebar_ibfk_3` FOREIGN KEY (`supplier_id`) REFERENCES `tsupplier` (`id`) ON DELETE SET NULL ON UPDATE RESTRICT
) ENGINE = InnoDB AUTO_INCREMENT = 45 CHARACTER SET = utf8mb4 COLLATE = utf8mb4_unicode_ci ROW_FORMAT = Dynamic;

-- ----------------------------
-- Records of ttebar
-- ----------------------------
INSERT INTO `ttebar` VALUES (30, 'BB260502003', '2026-05-02', 3, NULL, 3, 10, NULL, NULL, 2000000, NULL, 200000, 'test', 0, 0, 2, '2026-05-02 10:49:25', '2026-05-14 21:28:06', '2026-05-14 21:28:06');
INSERT INTO `ttebar` VALUES (31, 'BB260502003', '2026-05-02', 6, NULL, 3, 20, NULL, NULL, 599980, NULL, 29999, 'test', 0, 0, 2, '2026-05-02 10:49:25', '2026-05-14 21:28:06', '2026-05-14 21:28:06');
INSERT INTO `ttebar` VALUES (32, 'BB260503001', '2026-05-03', 2, NULL, 2, 10, NULL, NULL, 100000, NULL, 10000, NULL, 10, 100000, 2, '2026-05-03 15:36:32', '2026-05-03 15:36:32', NULL);
INSERT INTO `ttebar` VALUES (33, 'BB260514001', '2026-05-14', 1, NULL, 3, 1000, NULL, NULL, 20000000, NULL, 20000, '-', 3000, 30000000, 2, '2026-05-14 21:28:54', '2026-05-14 21:28:54', NULL);
INSERT INTO `ttebar` VALUES (34, 'BB260514001', '2026-05-14', 2, NULL, 3, 2000, NULL, NULL, 10000000, NULL, 5000, '-', 3000, 30000000, 2, '2026-05-14 21:28:54', '2026-05-14 21:28:54', NULL);
INSERT INTO `ttebar` VALUES (35, 'BB260523001', '2026-01-23', 1, NULL, 1, 50000, 500, 11, 50000, 0.01, 50, 'Tebar awal siklus 1', 500, 2500000, 1, '2026-05-23 21:17:28', '2026-05-23 21:17:28', NULL);
INSERT INTO `ttebar` VALUES (36, 'BB260523002', '2026-02-02', 2, NULL, 1, 50000, 500, 11, 50000, 0.01, 50, 'Tebar awal siklus 2', 500, 2500000, 1, '2026-05-23 21:17:28', '2026-05-23 21:17:28', NULL);
INSERT INTO `ttebar` VALUES (37, 'BB260523003', '2026-02-12', 3, NULL, 1, 50000, 500, 11, 50000, 0.01, 50, 'Tebar awal siklus 3', 500, 2500000, 1, '2026-05-23 21:17:28', '2026-05-23 21:17:28', NULL);
INSERT INTO `ttebar` VALUES (38, 'BB260523004', '2026-02-22', 4, NULL, 1, 50000, 500, 11, 50000, 0.01, 50, 'Tebar awal siklus 4', 500, 2500000, 1, '2026-05-23 21:17:28', '2026-05-23 21:17:28', NULL);
INSERT INTO `ttebar` VALUES (39, 'BB260523005', '2026-03-04', 5, NULL, 1, 50000, 500, 11, 50000, 0.01, 50, 'Tebar awal siklus 5', 500, 2500000, 1, '2026-05-23 21:17:29', '2026-05-23 21:17:29', NULL);
INSERT INTO `ttebar` VALUES (40, 'BB260523006', '2026-03-14', 6, NULL, 1, 50000, 500, 11, 50000, 0.01, 50, 'Tebar awal siklus 6', 500, 2500000, 1, '2026-05-23 21:17:29', '2026-05-23 21:17:29', NULL);
INSERT INTO `ttebar` VALUES (41, 'BB260523007', '2026-03-24', 7, NULL, 1, 50000, 500, 11, 50000, 0.01, 50, 'Tebar awal siklus 7', 500, 2500000, 1, '2026-05-23 21:17:29', '2026-05-23 21:17:29', NULL);
INSERT INTO `ttebar` VALUES (42, 'BB260523008', '2026-04-03', 8, NULL, 1, 50000, 500, 11, 50000, 0.01, 50, 'Tebar awal siklus 8', 500, 2500000, 1, '2026-05-23 21:17:29', '2026-05-23 21:17:29', NULL);
INSERT INTO `ttebar` VALUES (43, 'BB260523009', '2026-04-13', 9, NULL, 1, 50000, 500, 11, 50000, 0.01, 50, 'Tebar awal siklus 9', 500, 2500000, 1, '2026-05-23 21:17:29', '2026-05-23 21:17:29', NULL);
INSERT INTO `ttebar` VALUES (44, 'BB260523010', '2026-04-23', 10, NULL, 1, 50000, 500, 11, 50000, 0.01, 50, 'Tebar awal siklus 10', 500, 2500000, 1, '2026-05-23 21:17:29', '2026-05-23 21:17:29', NULL);

-- ----------------------------
-- Table structure for ttebar2
-- ----------------------------
CREATE TABLE `ttebar2`  (
  `id` bigint UNSIGNED NOT NULL AUTO_INCREMENT,
  `no_bukti` varchar(255) CHARACTER SET utf8mb4 COLLATE utf8mb4_unicode_ci NOT NULL,
  `tanggal_tebar` date NOT NULL,
  `kolam_id` bigint UNSIGNED NOT NULL,
  `sumber_benih` varchar(255) CHARACTER SET utf8mb4 COLLATE utf8mb4_unicode_ci NOT NULL,
  `supplier_id` bigint UNSIGNED NULL DEFAULT NULL,
  `jml_bibit` int NOT NULL,
  `volume` decimal(10, 2) NULL DEFAULT NULL,
  `satuan_id` bigint UNSIGNED NULL DEFAULT NULL,
  `total` decimal(15, 2) NULL DEFAULT NULL,
  `avg_berat` decimal(5, 2) NULL DEFAULT NULL,
  `harga_satuan` decimal(12, 2) NULL DEFAULT NULL,
  `keterangan` text CHARACTER SET utf8mb4 COLLATE utf8mb4_unicode_ci NULL,
  `created_by` bigint UNSIGNED NULL DEFAULT NULL,
  `created_at` timestamp NULL DEFAULT NULL,
  `updated_at` timestamp NULL DEFAULT NULL,
  `deleted_at` timestamp NULL DEFAULT NULL,
  PRIMARY KEY (`id`) USING BTREE,
  UNIQUE INDEX `ttebar_no_bukti_unique`(`no_bukti` ASC) USING BTREE,
  INDEX `ttebar_created_by_foreign`(`created_by` ASC) USING BTREE,
  INDEX `ttebar_tanggal_tebar_index`(`tanggal_tebar` ASC) USING BTREE,
  INDEX `ttebar_kolam_id_index`(`kolam_id` ASC) USING BTREE,
  INDEX `ttebar_supplier_id_index`(`supplier_id` ASC) USING BTREE,
  INDEX `ttebar_satuan_id_index`(`satuan_id` ASC) USING BTREE,
  CONSTRAINT `ttebar_created_by_foreign` FOREIGN KEY (`created_by`) REFERENCES `users` (`id`) ON DELETE SET NULL ON UPDATE RESTRICT,
  CONSTRAINT `ttebar_kolam_id_foreign` FOREIGN KEY (`kolam_id`) REFERENCES `tkolam` (`id`) ON DELETE CASCADE ON UPDATE RESTRICT,
  CONSTRAINT `ttebar_satuan_id_foreign` FOREIGN KEY (`satuan_id`) REFERENCES `tsatuan` (`id`) ON DELETE SET NULL ON UPDATE RESTRICT,
  CONSTRAINT `ttebar_supplier_id_foreign` FOREIGN KEY (`supplier_id`) REFERENCES `tsupplier` (`id`) ON DELETE SET NULL ON UPDATE RESTRICT
) ENGINE = InnoDB AUTO_INCREMENT = 9 CHARACTER SET = utf8mb4 COLLATE = utf8mb4_unicode_ci ROW_FORMAT = DYNAMIC;

-- ----------------------------
-- Records of ttebar2
-- ----------------------------
INSERT INTO `ttebar2` VALUES (4, 'BB260424002', '2026-04-24', 1, 'Test SQL', NULL, 1000, NULL, NULL, NULL, NULL, NULL, NULL, 1, '2026-04-24 04:35:01', '2026-04-24 04:35:01', NULL);
INSERT INTO `ttebar2` VALUES (5, 'BB260424003', '2026-04-24', 1, 'Test Benih A', NULL, 1000, NULL, NULL, NULL, NULL, NULL, NULL, 1, '2026-04-24 04:36:22', '2026-04-24 04:36:22', NULL);
INSERT INTO `ttebar2` VALUES (6, 'BB260424004', '2026-04-24', 1, 'Test Benih B', NULL, 2000, NULL, NULL, NULL, NULL, NULL, NULL, 1, '2026-04-24 04:36:22', '2026-04-24 04:36:22', NULL);
INSERT INTO `ttebar2` VALUES (7, 'BB260425001', '2026-04-25', 1, 'Test Benih C', NULL, 1500, NULL, NULL, NULL, NULL, NULL, NULL, 1, '2026-04-24 04:36:22', '2026-04-24 04:36:22', NULL);

-- ----------------------------
-- Table structure for tts
-- ----------------------------
CREATE TABLE `tts`  (
  `KD_TS` varchar(4) CHARACTER SET utf8mb4 COLLATE utf8mb4_unicode_ci NOT NULL,
  `NAMA` varchar(100) CHARACTER SET utf8mb4 COLLATE utf8mb4_unicode_ci NULL DEFAULT NULL,
  `TIPE` varchar(510) CHARACTER SET utf8mb4 COLLATE utf8mb4_unicode_ci NULL DEFAULT NULL COMMENT 'M=Masuk, K=Keluar, P=Pemakaian, etc',
  PRIMARY KEY (`KD_TS`) USING BTREE
) ENGINE = InnoDB CHARACTER SET = utf8mb4 COLLATE = utf8mb4_unicode_ci ROW_FORMAT = DYNAMIC;

-- ----------------------------
-- Records of tts
-- ----------------------------
INSERT INTO `tts` VALUES ('01', 'BONUS SUPPLIER', 'M');
INSERT INTO `tts` VALUES ('02', 'KOREKSI STOK OPNAME', 'MK');
INSERT INTO `tts` VALUES ('03', 'MUTASI GUDANG', 'P');
INSERT INTO `tts` VALUES ('04', 'PEMAKAIAN SENDIRI', 'K');
INSERT INTO `tts` VALUES ('05', 'PEMUSNAHAN BARANG', 'K');
INSERT INTO `tts` VALUES ('06', 'KOREKSI', 'MK');
INSERT INTO `tts` VALUES ('07', 'KIRIMAN GUDANG', 'M');
INSERT INTO `tts` VALUES ('08', 'PAKAN', 'K');

-- ----------------------------
-- Table structure for ttstok
-- ----------------------------
CREATE TABLE `ttstok`  (
  `id` bigint UNSIGNED NOT NULL AUTO_INCREMENT,
  `no_bukti` varchar(255) CHARACTER SET utf8mb4 COLLATE utf8mb4_unicode_ci NOT NULL,
  `tanggal` date NOT NULL,
  `jenis` varchar(255) CHARACTER SET utf8mb4 COLLATE utf8mb4_unicode_ci NOT NULL COMMENT 'PEMAKAIAN SENDIRI, TRANSFER, PENYESUAIAN',
  `tipe` enum('MASUK','KELUAR') CHARACTER SET utf8mb4 COLLATE utf8mb4_unicode_ci NOT NULL DEFAULT 'KELUAR',
  `dari` varchar(255) CHARACTER SET utf8mb4 COLLATE utf8mb4_unicode_ci NOT NULL COMMENT 'Source location/warehouse',
  `tujuan` varchar(255) CHARACTER SET utf8mb4 COLLATE utf8mb4_unicode_ci NULL DEFAULT NULL COMMENT 'Destination location/pond',
  `kode_barang` varchar(255) CHARACTER SET utf8mb4 COLLATE utf8mb4_unicode_ci NOT NULL,
  `kolam` varchar(255) CHARACTER SET utf8mb4 COLLATE utf8mb4_unicode_ci NULL DEFAULT NULL,
  `qty` decimal(10, 2) NOT NULL,
  `satuan` varchar(255) CHARACTER SET utf8mb4 COLLATE utf8mb4_unicode_ci NOT NULL DEFAULT 'KG',
  `keterangan` text CHARACTER SET utf8mb4 COLLATE utf8mb4_unicode_ci NULL,
  `created_by` bigint UNSIGNED NULL DEFAULT NULL,
  `created_at` timestamp NULL DEFAULT NULL,
  `updated_at` timestamp NULL DEFAULT NULL,
  PRIMARY KEY (`id`) USING BTREE,
  UNIQUE INDEX `ttstok_no_bukti_unique`(`no_bukti` ASC) USING BTREE,
  INDEX `ttstok_created_by_foreign`(`created_by` ASC) USING BTREE,
  INDEX `ttstok_dari_foreign`(`dari` ASC) USING BTREE,
  INDEX `ttstok_tujuan_foreign`(`tujuan` ASC) USING BTREE,
  INDEX `ttstok_tanggal_index`(`tanggal` ASC) USING BTREE,
  INDEX `ttstok_kode_barang_index`(`kode_barang` ASC) USING BTREE,
  INDEX `ttstok_kolam_index`(`kolam` ASC) USING BTREE,
  CONSTRAINT `ttstok_created_by_foreign` FOREIGN KEY (`created_by`) REFERENCES `users` (`id`) ON DELETE SET NULL ON UPDATE RESTRICT,
  CONSTRAINT `ttstok_dari_foreign` FOREIGN KEY (`dari`) REFERENCES `tlokasi` (`nama`) ON DELETE RESTRICT ON UPDATE RESTRICT,
  CONSTRAINT `ttstok_kode_barang_foreign` FOREIGN KEY (`kode_barang`) REFERENCES `tbarang` (`kode`) ON DELETE RESTRICT ON UPDATE RESTRICT,
  CONSTRAINT `ttstok_kolam_foreign` FOREIGN KEY (`kolam`) REFERENCES `tkolam` (`nama`) ON DELETE RESTRICT ON UPDATE RESTRICT,
  CONSTRAINT `ttstok_tujuan_foreign` FOREIGN KEY (`tujuan`) REFERENCES `tlokasi` (`nama`) ON DELETE RESTRICT ON UPDATE RESTRICT
) ENGINE = InnoDB CHARACTER SET = utf8mb4 COLLATE = utf8mb4_unicode_ci ROW_FORMAT = DYNAMIC;

-- ----------------------------
-- Records of ttstok
-- ----------------------------

-- ----------------------------
-- Table structure for user_permissions
-- ----------------------------
CREATE TABLE `user_permissions`  (
  `id` bigint UNSIGNED NOT NULL AUTO_INCREMENT,
  `user_id` bigint UNSIGNED NOT NULL,
  `permission_id` bigint UNSIGNED NOT NULL,
  `created_at` timestamp NULL DEFAULT NULL,
  `updated_at` timestamp NULL DEFAULT NULL,
  PRIMARY KEY (`id`) USING BTREE,
  UNIQUE INDEX `user_permissions_user_id_permission_id_unique`(`user_id` ASC, `permission_id` ASC) USING BTREE,
  INDEX `user_permissions_permission_id_foreign`(`permission_id` ASC) USING BTREE,
  CONSTRAINT `user_permissions_permission_id_foreign` FOREIGN KEY (`permission_id`) REFERENCES `permissions` (`id`) ON DELETE CASCADE ON UPDATE RESTRICT,
  CONSTRAINT `user_permissions_user_id_foreign` FOREIGN KEY (`user_id`) REFERENCES `users` (`id`) ON DELETE CASCADE ON UPDATE RESTRICT
) ENGINE = InnoDB CHARACTER SET = utf8mb4 COLLATE = utf8mb4_unicode_ci ROW_FORMAT = DYNAMIC;

-- ----------------------------
-- Records of user_permissions
-- ----------------------------

-- ----------------------------
-- Table structure for user_roles
-- ----------------------------
CREATE TABLE `user_roles`  (
  `id` bigint UNSIGNED NOT NULL AUTO_INCREMENT,
  `user_id` bigint UNSIGNED NOT NULL,
  `role_id` bigint UNSIGNED NOT NULL,
  `created_at` timestamp NULL DEFAULT NULL,
  `updated_at` timestamp NULL DEFAULT NULL,
  PRIMARY KEY (`id`) USING BTREE,
  UNIQUE INDEX `user_roles_user_id_role_id_unique`(`user_id` ASC, `role_id` ASC) USING BTREE,
  INDEX `user_roles_role_id_foreign`(`role_id` ASC) USING BTREE,
  CONSTRAINT `user_roles_role_id_foreign` FOREIGN KEY (`role_id`) REFERENCES `roles` (`id`) ON DELETE CASCADE ON UPDATE RESTRICT,
  CONSTRAINT `user_roles_user_id_foreign` FOREIGN KEY (`user_id`) REFERENCES `users` (`id`) ON DELETE CASCADE ON UPDATE RESTRICT
) ENGINE = InnoDB AUTO_INCREMENT = 7 CHARACTER SET = utf8mb4 COLLATE = utf8mb4_unicode_ci ROW_FORMAT = DYNAMIC;

-- ----------------------------
-- Records of user_roles
-- ----------------------------
INSERT INTO `user_roles` VALUES (1, 1, 1, '2026-04-13 03:17:40', '2026-04-13 03:17:40');
INSERT INTO `user_roles` VALUES (2, 2, 2, '2026-04-13 03:17:40', '2026-04-13 03:17:40');
INSERT INTO `user_roles` VALUES (3, 3, 3, '2026-04-13 03:17:40', '2026-04-13 03:17:40');
INSERT INTO `user_roles` VALUES (4, 4, 4, '2026-04-13 03:17:40', '2026-04-13 03:17:40');
INSERT INTO `user_roles` VALUES (5, 5, 5, '2026-04-13 03:17:40', '2026-04-13 03:17:40');
INSERT INTO `user_roles` VALUES (6, 6, 6, '2026-04-13 03:17:40', '2026-04-13 03:17:40');

-- ----------------------------
-- Table structure for users
-- ----------------------------
CREATE TABLE `users`  (
  `id` bigint UNSIGNED NOT NULL AUTO_INCREMENT,
  `name` varchar(255) CHARACTER SET utf8mb4 COLLATE utf8mb4_unicode_ci NOT NULL,
  `email` varchar(255) CHARACTER SET utf8mb4 COLLATE utf8mb4_unicode_ci NULL DEFAULT NULL,
  `username` varchar(255) CHARACTER SET utf8mb4 COLLATE utf8mb4_unicode_ci NOT NULL,
  `password` varchar(255) CHARACTER SET utf8mb4 COLLATE utf8mb4_unicode_ci NOT NULL,
  `divisi` varchar(255) CHARACTER SET utf8mb4 COLLATE utf8mb4_unicode_ci NULL DEFAULT NULL,
  `role_id` bigint UNSIGNED NULL DEFAULT NULL,
  `phone` varchar(20) CHARACTER SET utf8mb4 COLLATE utf8mb4_unicode_ci NULL DEFAULT NULL,
  `semua` tinyint(1) NOT NULL DEFAULT 0 COMMENT 'Access all permissions',
  `is_active` tinyint(1) NOT NULL DEFAULT 1,
  `last_login_at` timestamp NULL DEFAULT NULL,
  `email_verified_at` timestamp NULL DEFAULT NULL,
  `remember_token` varchar(100) CHARACTER SET utf8mb4 COLLATE utf8mb4_unicode_ci NULL DEFAULT NULL,
  `created_at` timestamp NULL DEFAULT NULL,
  `updated_at` timestamp NULL DEFAULT NULL,
  `deleted_at` timestamp NULL DEFAULT NULL,
  PRIMARY KEY (`id`) USING BTREE,
  UNIQUE INDEX `users_username_unique`(`username` ASC) USING BTREE,
  UNIQUE INDEX `users_email_unique`(`email` ASC) USING BTREE,
  INDEX `users_role_id_foreign`(`role_id` ASC) USING BTREE,
  CONSTRAINT `users_role_id_foreign` FOREIGN KEY (`role_id`) REFERENCES `roles` (`id`) ON DELETE SET NULL ON UPDATE RESTRICT
) ENGINE = InnoDB AUTO_INCREMENT = 7 CHARACTER SET = utf8mb4 COLLATE = utf8mb4_unicode_ci ROW_FORMAT = DYNAMIC;

-- ----------------------------
-- Records of users
-- ----------------------------
INSERT INTO `users` VALUES (1, 'Super Admin', NULL, 'superadmin', '$2y$12$3Dg48gIh/vdQsPQpORUKUeKGUhGkBE9e0jNLegXs13KYO7bnFlJ5e', 'IT', NULL, NULL, 1, 1, '2026-04-20 16:17:00', NULL, NULL, '2026-04-13 03:17:40', '2026-04-20 16:17:00', NULL);
INSERT INTO `users` VALUES (2, 'Admin', NULL, 'admin', '$2y$12$cjwgqzbHLgjVcAY9zZdil.80WoMUmwWBe5Qav8kAGG7P/PeITQ4Xq', 'Manajemen', NULL, NULL, 1, 1, '2026-05-23 21:17:54', NULL, NULL, '2026-04-13 03:17:40', '2026-05-23 21:17:54', NULL);
INSERT INTO `users` VALUES (3, 'Kepala Produksi', NULL, 'kp', '$2y$12$5QlXTzjNp1YCVhzd.IYDAOZP5UufxyWTM0vw8ndWZWIA0ViJegAHK', 'Produksi', NULL, NULL, 0, 1, NULL, NULL, NULL, '2026-04-13 03:17:40', '2026-04-13 03:17:40', NULL);
INSERT INTO `users` VALUES (4, 'Supervisor', NULL, 'spv', '$2y$12$goMHYFKdJ6ph7qjWpYBkWeGsr/IfGWFyFbczfZrqjrZv14Y2XTZJC', 'Produksi', NULL, NULL, 0, 1, NULL, NULL, NULL, '2026-04-13 03:17:40', '2026-04-13 03:17:40', NULL);
INSERT INTO `users` VALUES (5, 'Operator', NULL, 'operator', '$2y$12$DmzdCGrZoM2VUa66QVjw1uHMblL477vMofN6mTB0lV7ccdSP4Wgqi', 'Produksi', NULL, NULL, 0, 1, NULL, NULL, NULL, '2026-04-13 03:17:40', '2026-04-13 03:17:40', NULL);
INSERT INTO `users` VALUES (6, 'Staff Keuangan', NULL, 'keuangan', '$2y$12$jjvmgj.bu2Lk4u81LzmJJ.DsoxPtj2n07hqGLnF4lYA5sVo01RXlW', 'Keuangan', NULL, NULL, 0, 1, NULL, NULL, NULL, '2026-04-13 03:17:40', '2026-04-13 03:17:40', NULL);

